{"id":2172,"date":"2024-04-29T12:23:41","date_gmt":"2024-04-29T10:23:41","guid":{"rendered":"https:\/\/www.gruene-mkk.de\/?post_type=sunflower_event&#038;p=2172"},"modified":"2025-02-21T15:24:15","modified_gmt":"2025-02-21T14:24:15","slug":"politischer-aschermittwoch-3","status":"publish","type":"sunflower_event","link":"https:\/\/www.gruene-mkk.de\/uk\/termine\/politischer-aschermittwoch-3\/","title":{"rendered":"Politischer Aschermittwoch"},"content":{"rendered":"\n<p>Auch in diesem Jahr laden wir euch herzlich zu unserem <strong>Politischen Aschermittwoch<\/strong> ein! Gemeinsam wollen wir bei guter Gesellschaft und der traditionellen <strong>Gr\u00fcne So\u00dfe<\/strong> (vegan\/ vegetarisch) den Abend genie\u00dfen und nat\u00fcrlich auch \u00fcber politische Themen sprechen.<\/p>\n\n\n\n<p><strong>Wann?<\/strong> Mittwoch, 5. M\u00e4rz 2025 \/\/ Beginn: 19:00 Uhr<br><strong>Wo?<\/strong> Caf\u00e9 Kowalski, Bad Orb<br><\/p>\n\n\n\n<p>Damit wir besser planen k\u00f6nnen, bitten wir euch um eine <strong>Anmeldung \u00fcber folgendes Formular:<\/strong> <a href=\"https:\/\/www.gruene-mkk.de\/politischer-aschermittwoch-2\/\">https:\/\/www.gruene-mkk.de\/politischer-aschermittwoch-2\/<\/a><\/p>\n\n\n\n<p>Wir freuen uns auf einen geselligen Abend mit euch! <\/p>\n\n\n\n<p><\/p>\n","protected":false},"excerpt":{"rendered":"<p>Auch in diesem Jahr laden wir euch herzlich zu unserem Politischen Aschermittwoch ein! Gemeinsam wollen wir bei guter Gesellschaft und der traditionellen Gr\u00fcne So\u00dfe (vegan\/ vegetarisch) den Abend genie\u00dfen und [&hellip;]<\/p>\n","protected":false},"author":2,"featured_media":0,"comment_status":"closed","ping_status":"closed","template":"","sunflower_event_tag":[],"class_list":["post-2172","sunflower_event","type-sunflower_event","status-publish","hentry"],"_links":{"self":[{"href":"https:\/\/www.gruene-mkk.de\/uk\/wp-json\/wp\/v2\/sunflower_event\/2172","targetHints":{"allow":["GET"]}}],"collection":[{"href":"https:\/\/www.gruene-mkk.de\/uk\/wp-json\/wp\/v2\/sunflower_event"}],"about":[{"href":"https:\/\/www.gruene-mkk.de\/uk\/wp-json\/wp\/v2\/types\/sunflower_event"}],"author":[{"embeddable":true,"href":"https:\/\/www.gruene-mkk.de\/uk\/wp-json\/wp\/v2\/users\/2"}],"replies":[{"embeddable":true,"href":"https:\/\/www.gruene-mkk.de\/uk\/wp-json\/wp\/v2\/comments?post=2172"}],"wp:attachment":[{"href":"https:\/\/www.gruene-mkk.de\/uk\/wp-json\/wp\/v2\/media?parent=2172"}],"wp:term":[{"taxonomy":"sunflower_event_tag","embeddable":true,"href":"https:\/\/www.gruene-mkk.de\/uk\/wp-json\/wp\/v2\/sunflower_event_tag?post=2172"}],"curies":[{"name":"wp","href":"https:\/\/api.w.org\/{rel}","templated":true}]}}

<p>Auch in diesem Jahr laden wir euch herzlich zu unserem <strong>Politischen Aschermittwoch</strong> ein! Gemeinsam wollen wir bei guter Gesellschaft und der traditionellen <strong>Grüne Soße</strong> (vegan/ vegetarisch) den Abend genießen und natürlich auch über politische Themen sprechen.</p>



<p><strong>Wann?</strong> Mittwoch, 5. März 2025 // Beginn: 19:00 Uhr<br><strong>Wo?</strong> Café Kowalski, Bad Orb<br></p>



<p>Damit wir besser planen können, bitten wir euch um eine <strong>Anmeldung über folgendes Formular:</strong> <a href="https://www.gruene-mkk.de/politischer-aschermittwoch-2/">https://www.gruene-mkk.de/politischer-aschermittwoch-2/</a></p>



<p>Wir freuen uns auf einen geselligen Abend mit euch! </p>



<p></p>

<p>Auch in diesem Jahr laden wir euch herzlich zu unserem Politischen Aschermittwoch ein! Gemeinsam wollen wir bei guter Gesellschaft und der traditionellen Grüne Soße (vegan/ vegetarisch) den Abend genießen und [&hellip;]</p>
