{"id":1095,"date":"2022-06-13T12:31:04","date_gmt":"2022-06-13T10:31:04","guid":{"rendered":"https:\/\/www.gruene-mkk.de\/?post_type=sunflower_event&#038;p=1095"},"modified":"2022-08-02T16:26:55","modified_gmt":"2022-08-02T14:26:55","slug":"treffen-gruene-ue60","status":"publish","type":"sunflower_event","link":"https:\/\/www.gruene-mkk.de\/tr\/termine\/treffen-gruene-ue60\/","title":{"rendered":"Treffen Gr\u00fcne \u00dc60"},"content":{"rendered":"\n<p>Die Gr\u00fcnen \u00dc60 treffen sich, um gemeinsam \u00fcber das Wahlprogramm zur Landtagswahl 2023 und Mobilit\u00e4t im Alter zu sprechen.<\/p>\n\n\n\n<p>Das Treffen finden ab 10 Uhr (bis max. 13 Uhr) im Caf\u00e9 zum Hexenturm in Gelnhausen statt. <\/p>\n\n\n\n<p>Teilnehmer:innen haben die M\u00f6glichkeit auf eigene Kosten dort zu fr\u00fchst\u00fccken.<\/p>\n\n\n\n<p>Wenn m\u00f6glich bitte bis 25. Oktober per Mail an<a href=\"#\" data-unscramble=\"ed.kkm-eneurg@vk\"> kv@gruene-mkk.de<\/a> anmelden<\/p>\n\n\n\n<p>Wir freuen und \u00fcber eure zahlreiche Teilnahme!<\/p>\n","protected":false},"excerpt":{"rendered":"<p>Die Gr\u00fcnen \u00dc60 treffen sich, um gemeinsam \u00fcber das Wahlprogramm zur Landtagswahl 2023 und Mobilit\u00e4t im Alter zu sprechen. Das Treffen finden ab 10 Uhr (bis max. 13 Uhr) im [&hellip;]<\/p>\n","protected":false},"author":2,"featured_media":0,"comment_status":"open","ping_status":"closed","template":"","sunflower_event_tag":[],"class_list":["post-1095","sunflower_event","type-sunflower_event","status-publish","hentry"],"_links":{"self":[{"href":"https:\/\/www.gruene-mkk.de\/tr\/wp-json\/wp\/v2\/sunflower_event\/1095","targetHints":{"allow":["GET"]}}],"collection":[{"href":"https:\/\/www.gruene-mkk.de\/tr\/wp-json\/wp\/v2\/sunflower_event"}],"about":[{"href":"https:\/\/www.gruene-mkk.de\/tr\/wp-json\/wp\/v2\/types\/sunflower_event"}],"author":[{"embeddable":true,"href":"https:\/\/www.gruene-mkk.de\/tr\/wp-json\/wp\/v2\/users\/2"}],"replies":[{"embeddable":true,"href":"https:\/\/www.gruene-mkk.de\/tr\/wp-json\/wp\/v2\/comments?post=1095"}],"wp:attachment":[{"href":"https:\/\/www.gruene-mkk.de\/tr\/wp-json\/wp\/v2\/media?parent=1095"}],"wp:term":[{"taxonomy":"sunflower_event_tag","embeddable":true,"href":"https:\/\/www.gruene-mkk.de\/tr\/wp-json\/wp\/v2\/sunflower_event_tag?post=1095"}],"curies":[{"name":"wp","href":"https:\/\/api.w.org\/{rel}","templated":true}]}}

Treffen Grüne Ü60

<p>Die Grünen Ü60 treffen sich, um gemeinsam über das Wahlprogramm zur Landtagswahl 2023 und Mobilität im Alter zu sprechen.</p>



<p>Das Treffen finden ab 10 Uhr (bis max. 13 Uhr) im Café zum Hexenturm in Gelnhausen statt. </p>



<p>Teilnehmer:innen haben die Möglichkeit auf eigene Kosten dort zu frühstücken.</p>



<p>Wenn möglich bitte bis 25. Oktober per Mail an<a href="#" data-unscramble="ed.kkm-eneurg@vk"> kv@gruene-mkk.de</a> anmelden</p>



<p>Wir freuen und über eure zahlreiche Teilnahme!</p>

<p>Die Grünen Ü60 treffen sich, um gemeinsam über das Wahlprogramm zur Landtagswahl 2023 und Mobilität im Alter zu sprechen. Das Treffen finden ab 10 Uhr (bis max. 13 Uhr) im [&hellip;]</p>
