{"id":468,"date":"2021-11-25T13:12:54","date_gmt":"2021-11-25T12:12:54","guid":{"rendered":"https:\/\/www.alles-bleibt-anders.org\/?page_id=468"},"modified":"2021-11-25T13:12:54","modified_gmt":"2021-11-25T12:12:54","slug":"bundestagswahl-2021","status":"publish","type":"page","link":"https:\/\/www.gruene-mkk.de\/tr\/wahlen\/bundestagswahl-2021\/","title":{"rendered":"2021 Federal Se\u00e7imleri"},"content":{"rendered":"<div class=\"wp-block-cover\" style=\"min-height:519px;aspect-ratio:unset;\"><img loading=\"lazy\" decoding=\"async\" width=\"1200\" height=\"630\" class=\"wp-block-cover__image-background wp-image-365\" alt=\"\" src=\"http:\/\/www.alles-bleibt-anders.org\/wp-content\/uploads\/2021\/11\/bereit-weil-ih-facebook-sharepic.png\" data-object-fit=\"cover\" srcset=\"https:\/\/www.gruene-mkk.de\/wp-content\/uploads\/2021\/11\/bereit-weil-ih-facebook-sharepic.png 1200w, https:\/\/www.gruene-mkk.de\/wp-content\/uploads\/2021\/11\/bereit-weil-ih-facebook-sharepic-400x210.png 400w, https:\/\/www.gruene-mkk.de\/wp-content\/uploads\/2021\/11\/bereit-weil-ih-facebook-sharepic-800x420.png 800w, https:\/\/www.gruene-mkk.de\/wp-content\/uploads\/2021\/11\/bereit-weil-ih-facebook-sharepic-768x403.png 768w\" sizes=\"auto, (max-width: 1200px) 100vw, 1200px\" \/><div class=\"wp-block-cover__inner-container is-layout-flow wp-block-cover-is-layout-flow\">\n<p class=\"has-text-align-center has-large-font-size\"><\/p>\n<\/div><\/div>\n\n\n\n<p><\/p>\n\n\n\n<h2 class=\"wp-block-heading\">Bundestag i\u00e7in adaylar\u0131m\u0131z<\/h2>\n\n\n\n<p><\/p>\n\n\n\n<div class=\"wp-block-columns is-layout-flex wp-container-core-columns-is-layout-9d6595d7 wp-block-columns-is-layout-flex\">\n<div class=\"wp-block-column is-layout-flow wp-block-column-is-layout-flow\">\n<figure class=\"wp-block-image size-large is-resized is-style-default\"><img loading=\"lazy\" decoding=\"async\" src=\"http:\/\/www.alles-bleibt-anders.org\/wp-content\/uploads\/2021\/11\/Kiesel_DHPF__P2B2832-2-800x1000.jpg\" alt=\"Knut \u00e7ak\u0131l ta\u015flar\u0131\" class=\"wp-image-533\" width=\"406\" height=\"508\" srcset=\"https:\/\/www.gruene-mkk.de\/wp-content\/uploads\/2021\/11\/Kiesel_DHPF__P2B2832-2-800x1000.jpg 800w, https:\/\/www.gruene-mkk.de\/wp-content\/uploads\/2021\/11\/Kiesel_DHPF__P2B2832-2-400x500.jpg 400w, https:\/\/www.gruene-mkk.de\/wp-content\/uploads\/2021\/11\/Kiesel_DHPF__P2B2832-2-768x960.jpg 768w, https:\/\/www.gruene-mkk.de\/wp-content\/uploads\/2021\/11\/Kiesel_DHPF__P2B2832-2-1229x1536.jpg 1229w, https:\/\/www.gruene-mkk.de\/wp-content\/uploads\/2021\/11\/Kiesel_DHPF__P2B2832-2-1639x2048.jpg 1639w, https:\/\/www.gruene-mkk.de\/wp-content\/uploads\/2021\/11\/Kiesel_DHPF__P2B2832-2-scaled.jpg 2048w\" sizes=\"auto, (max-width: 406px) 100vw, 406px\" \/><\/figure>\n<\/div>\n\n\n\n<div class=\"wp-block-column is-layout-flow wp-block-column-is-layout-flow\">\n<h3 class=\"wp-block-heading\">Knut \u00e7ak\u0131l ta\u015flar\u0131<\/h3>\n\n\n\n<h4 class=\"wp-block-heading\">Se\u00e7im b\u00f6lgesi aday\u0131 175 Main-Kinzig  \u2047  Wetterau II  \u2047  \u0130sko\u00e7lar<\/h4>\n\n\n\n<p><em>Pandemi s\u0131ras\u0131nda ya\u015fl\u0131lar\u0131 korumak i\u00e7in geri ad\u0131m att\u0131k. Yeni bir kriz istemiyorum ama ne yaz\u0131k ki mevcut s\u0131cakl\u0131k geli\u015fmeleriyle bunu ya\u015fayaca\u011f\u0131z. Bu nedenle, i\u00e7i bo\u015f hedefler yerine etkili \u00f6nlemlerle ya\u015fanabilir bir gezegen i\u00e7in birlikte sava\u015fal\u0131m. \u00c7ocuklar\u0131m\u0131 \u00e7orak bir arazi de\u011fil, geli\u015fen bir d\u00fcnya b\u0131rakmak istiyorum.<\/em><\/p>\n\n\n\n<div class=\"wp-block-sunflower-meta-data\"><a href=\"\/tr\/@knut.kiesel.2\/\" target=\"_blank\" rel=\"noopener\"><i class=\"fab fa-facebook-f\"><\/i><\/a><\/div>\n\n\n\n<div class=\"wp-block-sunflower-meta-data\"><a href=\"https:\/\/www.knutkiesel.de\/\" target=\"_blank\" rel=\"noopener\"><i class=\"fas fa-globe\"><\/i><\/a><\/div>\n<\/div>\n<\/div>\n\n\n\n<p>     <\/p>\n\n\n\n<div class=\"wp-block-columns is-layout-flex wp-container-core-columns-is-layout-9d6595d7 wp-block-columns-is-layout-flex\">\n<div class=\"wp-block-column is-layout-flow wp-block-column-is-layout-flow\">\n<figure class=\"wp-block-image size-large is-style-default\"><img loading=\"lazy\" decoding=\"async\" width=\"800\" height=\"1200\" src=\"http:\/\/www.alles-bleibt-anders.org\/wp-content\/uploads\/2021\/11\/KPP_2138-Edit-edit-800x1200.jpg\" alt=\"Marcus Bocklet\" class=\"wp-image-539\" srcset=\"https:\/\/www.gruene-mkk.de\/wp-content\/uploads\/2021\/11\/KPP_2138-Edit-edit-800x1200.jpg 800w, https:\/\/www.gruene-mkk.de\/wp-content\/uploads\/2021\/11\/KPP_2138-Edit-edit-400x600.jpg 400w, https:\/\/www.gruene-mkk.de\/wp-content\/uploads\/2021\/11\/KPP_2138-Edit-edit-768x1152.jpg 768w, https:\/\/www.gruene-mkk.de\/wp-content\/uploads\/2021\/11\/KPP_2138-Edit-edit-1024x1536.jpg 1024w, https:\/\/www.gruene-mkk.de\/wp-content\/uploads\/2021\/11\/KPP_2138-Edit-edit-1365x2048.jpg 1365w, https:\/\/www.gruene-mkk.de\/wp-content\/uploads\/2021\/11\/KPP_2138-Edit-edit-scaled.jpg 1707w\" sizes=\"auto, (max-width: 800px) 100vw, 800px\" \/><\/figure>\n<\/div>\n\n\n\n<div class=\"wp-block-column is-layout-flow wp-block-column-is-layout-flow\">\n<p><\/p>\n\n\n\n<h3 class=\"wp-block-heading\">Marcus Bocklet<\/h3>\n\n\n\n<h4 class=\"wp-block-heading\">Se\u00e7im i\u00e7in aday 180 Hanau<\/h4>\n\n\n\n<p><em>Ben Marcus Bocklet, Landtag \u00dcyesi ve Hanau se\u00e7im b\u00f6lgesinde Federal Meclis aday\u0131y\u0131m. Benim i\u00e7in iyi politika sadece ekolojik de\u011fil, ayn\u0131 zamanda sosyal ve adildir. Bu, \u00e7evre koruman\u0131n yan\u0131 s\u0131ra  \u2047 green ideas \u2047  ile siyah say\u0131lar yazmay\u0131 da i\u00e7erir. Gelecekte iyi ya\u015famak istiyorsak, \u015fimdi sosyal-ekolojik bir d\u00f6n\u00fc\u015f\u00fcme ihtiyac\u0131m\u0131z oldu\u011funa inan\u0131yorum!<\/em>&nbsp;<\/p>\n\n\n\n<p><em>Bunun i\u00e7in soruyorum: her iki oy YE\u015e\u0130L. \u2047<\/em><\/p>\n\n\n\n<div class=\"wp-block-sunflower-meta-data\"><a href=\"http:\/\/www.marcusbocklet.de\" target=\"_blank\" rel=\"noopener\"><i class=\"fas fa-globe\"><\/i><\/a><\/div>\n\n\n\n<div class=\"wp-block-sunflower-meta-data\"><a href=\"https:\/\/www.facebook.com\/MarcusBockletMdLhttps:\/\/www.facebook.com\/MarcusBockletMdL\" target=\"_blank\" rel=\"noopener\"><i class=\"fab fa-facebook-f\"><\/i><\/a><\/div>\n\n\n\n<div class=\"wp-block-sunflower-meta-data\"><a href=\"https:\/\/www.instagram.com\/m.bocklet\/\" target=\"_blank\" rel=\"noopener\"><i class=\"fab fa-instagram\"><\/i><\/a><\/div>\n<\/div>\n<\/div>\n\n\n\n<p>           <\/p>\n\n\n\n<figure class=\"wp-block-image size-large\"><img decoding=\"async\" src=\"http:\/\/www.alles-bleibt-anders.org\/wp-content\/uploads\/2021\/11\/hier-geht-zum-facebook-sharepic-800x420.png\" alt=\"\" class=\"wp-image-542\"\/><\/figure>","protected":false},"excerpt":{"rendered":"<p>Federal Meclis Knut Kiesel Se\u00e7men Aday\u0131 adaylar\u0131m\u0131z 175 Main-Kinzig  \u2047  Wetterau II  \u2047  Schotten  \u2047 Pandemi s\u0131ras\u0131nda ya\u015fl\u0131lar\u0131 korumak i\u00e7in geri d\u00f6nd\u00fck. Ben [...]<\/p>","protected":false},"author":2,"featured_media":0,"parent":355,"menu_order":0,"comment_status":"closed","ping_status":"closed","template":"","meta":{"footnotes":""},"class_list":["post-468","page","type-page","status-publish","hentry"],"_links":{"self":[{"href":"https:\/\/www.gruene-mkk.de\/tr\/wp-json\/wp\/v2\/pages\/468","targetHints":{"allow":["GET"]}}],"collection":[{"href":"https:\/\/www.gruene-mkk.de\/tr\/wp-json\/wp\/v2\/pages"}],"about":[{"href":"https:\/\/www.gruene-mkk.de\/tr\/wp-json\/wp\/v2\/types\/page"}],"author":[{"embeddable":true,"href":"https:\/\/www.gruene-mkk.de\/tr\/wp-json\/wp\/v2\/users\/2"}],"replies":[{"embeddable":true,"href":"https:\/\/www.gruene-mkk.de\/tr\/wp-json\/wp\/v2\/comments?post=468"}],"version-history":[{"count":14,"href":"https:\/\/www.gruene-mkk.de\/tr\/wp-json\/wp\/v2\/pages\/468\/revisions"}],"predecessor-version":[{"id":545,"href":"https:\/\/www.gruene-mkk.de\/tr\/wp-json\/wp\/v2\/pages\/468\/revisions\/545"}],"up":[{"embeddable":true,"href":"https:\/\/www.gruene-mkk.de\/tr\/wp-json\/wp\/v2\/pages\/355"}],"wp:attachment":[{"href":"https:\/\/www.gruene-mkk.de\/tr\/wp-json\/wp\/v2\/media?parent=468"}],"curies":[{"name":"wp","href":"https:\/\/api.w.org\/{rel}","templated":true}]}}

2021 Federal Seçimleri

<div class="wp-block-cover" style="min-height:519px;aspect-ratio:unset;"><img loading="lazy" decoding="async" width="1200" height="630" class="wp-block-cover__image-background wp-image-365" alt="" src="http://www.alles-bleibt-anders.org/wp-content/uploads/2021/11/bereit-weil-ih-facebook-sharepic.png" data-object-fit="cover" srcset="https://www.gruene-mkk.de/wp-content/uploads/2021/11/bereit-weil-ih-facebook-sharepic.png 1200w, https://www.gruene-mkk.de/wp-content/uploads/2021/11/bereit-weil-ih-facebook-sharepic-400x210.png 400w, https://www.gruene-mkk.de/wp-content/uploads/2021/11/bereit-weil-ih-facebook-sharepic-800x420.png 800w, https://www.gruene-mkk.de/wp-content/uploads/2021/11/bereit-weil-ih-facebook-sharepic-768x403.png 768w" sizes="auto, (max-width: 1200px) 100vw, 1200px" /><div class="wp-block-cover__inner-container is-layout-flow wp-block-cover-is-layout-flow">
<p class="has-text-align-center has-large-font-size"></p>
</div></div>



<p></p>



<h2 class="wp-block-heading">Bundestag için adaylarımız</h2>



<p></p>



<div class="wp-block-columns is-layout-flex wp-container-core-columns-is-layout-9d6595d7 wp-block-columns-is-layout-flex">
<div class="wp-block-column is-layout-flow wp-block-column-is-layout-flow">
<figure class="wp-block-image size-large is-resized is-style-default"><img loading="lazy" decoding="async" src="http://www.alles-bleibt-anders.org/wp-content/uploads/2021/11/Kiesel_DHPF__P2B2832-2-800x1000.jpg" alt="Knut çakıl taşları" class="wp-image-533" width="406" height="508" srcset="https://www.gruene-mkk.de/wp-content/uploads/2021/11/Kiesel_DHPF__P2B2832-2-800x1000.jpg 800w, https://www.gruene-mkk.de/wp-content/uploads/2021/11/Kiesel_DHPF__P2B2832-2-400x500.jpg 400w, https://www.gruene-mkk.de/wp-content/uploads/2021/11/Kiesel_DHPF__P2B2832-2-768x960.jpg 768w, https://www.gruene-mkk.de/wp-content/uploads/2021/11/Kiesel_DHPF__P2B2832-2-1229x1536.jpg 1229w, https://www.gruene-mkk.de/wp-content/uploads/2021/11/Kiesel_DHPF__P2B2832-2-1639x2048.jpg 1639w, https://www.gruene-mkk.de/wp-content/uploads/2021/11/Kiesel_DHPF__P2B2832-2-scaled.jpg 2048w" sizes="auto, (max-width: 406px) 100vw, 406px" /></figure>
</div>



<div class="wp-block-column is-layout-flow wp-block-column-is-layout-flow">
<h3 class="wp-block-heading">Knut çakıl taşları</h3>



<h4 class="wp-block-heading">Seçim bölgesi adayı 175 Main-Kinzig  ⁇  Wetterau II  ⁇  İskoçlar</h4>



<p><em>Pandemi sırasında yaşlıları korumak için geri adım attık. Yeni bir kriz istemiyorum ama ne yazık ki mevcut sıcaklık gelişmeleriyle bunu yaşayacağız. Bu nedenle, içi boş hedefler yerine etkili önlemlerle yaşanabilir bir gezegen için birlikte savaşalım. Çocuklarımı çorak bir arazi değil, gelişen bir dünya bırakmak istiyorum.</em></p>



<div class="wp-block-sunflower-meta-data"><a href="/tr/@knut.kiesel.2/" target="_blank" rel="noopener"><i class="fab fa-facebook-f"></i></a></div>



<div class="wp-block-sunflower-meta-data"><a href="https://www.knutkiesel.de/" target="_blank" rel="noopener"><i class="fas fa-globe"></i></a></div>
</div>
</div>



<p>     </p>



<div class="wp-block-columns is-layout-flex wp-container-core-columns-is-layout-9d6595d7 wp-block-columns-is-layout-flex">
<div class="wp-block-column is-layout-flow wp-block-column-is-layout-flow">
<figure class="wp-block-image size-large is-style-default"><img loading="lazy" decoding="async" width="800" height="1200" src="http://www.alles-bleibt-anders.org/wp-content/uploads/2021/11/KPP_2138-Edit-edit-800x1200.jpg" alt="Marcus Bocklet" class="wp-image-539" srcset="https://www.gruene-mkk.de/wp-content/uploads/2021/11/KPP_2138-Edit-edit-800x1200.jpg 800w, https://www.gruene-mkk.de/wp-content/uploads/2021/11/KPP_2138-Edit-edit-400x600.jpg 400w, https://www.gruene-mkk.de/wp-content/uploads/2021/11/KPP_2138-Edit-edit-768x1152.jpg 768w, https://www.gruene-mkk.de/wp-content/uploads/2021/11/KPP_2138-Edit-edit-1024x1536.jpg 1024w, https://www.gruene-mkk.de/wp-content/uploads/2021/11/KPP_2138-Edit-edit-1365x2048.jpg 1365w, https://www.gruene-mkk.de/wp-content/uploads/2021/11/KPP_2138-Edit-edit-scaled.jpg 1707w" sizes="auto, (max-width: 800px) 100vw, 800px" /></figure>
</div>



<div class="wp-block-column is-layout-flow wp-block-column-is-layout-flow">
<p></p>



<h3 class="wp-block-heading">Marcus Bocklet</h3>



<h4 class="wp-block-heading">Seçim için aday 180 Hanau</h4>



<p><em>Ben Marcus Bocklet, Landtag Üyesi ve Hanau seçim bölgesinde Federal Meclis adayıyım. Benim için iyi politika sadece ekolojik değil, aynı zamanda sosyal ve adildir. Bu, çevre korumanın yanı sıra  ⁇ green ideas ⁇  ile siyah sayılar yazmayı da içerir. Gelecekte iyi yaşamak istiyorsak, şimdi sosyal-ekolojik bir dönüşüme ihtiyacımız olduğuna inanıyorum!</em>&nbsp;</p>



<p><em>Bunun için soruyorum: her iki oy YEŞİL. ⁇</em></p>



<div class="wp-block-sunflower-meta-data"><a href="http://www.marcusbocklet.de" target="_blank" rel="noopener"><i class="fas fa-globe"></i></a></div>



<div class="wp-block-sunflower-meta-data"><a href="https://www.facebook.com/MarcusBockletMdLhttps://www.facebook.com/MarcusBockletMdL" target="_blank" rel="noopener"><i class="fab fa-facebook-f"></i></a></div>



<div class="wp-block-sunflower-meta-data"><a href="https://www.instagram.com/m.bocklet/" target="_blank" rel="noopener"><i class="fab fa-instagram"></i></a></div>
</div>
</div>



<p>           </p>



<figure class="wp-block-image size-large"><img decoding="async" src="http://www.alles-bleibt-anders.org/wp-content/uploads/2021/11/hier-geht-zum-facebook-sharepic-800x420.png" alt="" class="wp-image-542"/></figure>

<p>Federal Meclis Knut Kiesel Seçmen Adayı adaylarımız 175 Main-Kinzig  ⁇  Wetterau II  ⁇  Schotten  ⁇ Pandemi sırasında yaşlıları korumak için geri döndük. Ben [...]</p>
