{"id":3060,"date":"2025-12-10T18:46:41","date_gmt":"2025-12-10T17:46:41","guid":{"rendered":"https:\/\/www.gruene-mkk.de\/?page_id=3060"},"modified":"2026-01-30T14:39:32","modified_gmt":"2026-01-30T13:39:32","slug":"kommunalwahl-2026","status":"publish","type":"page","link":"https:\/\/www.gruene-mkk.de\/tr\/wahlen\/kommunalwahl-2026\/","title":{"rendered":"Yerel Se\u00e7imler 2026"},"content":{"rendered":"<div style=\"height:37px\" aria-hidden=\"true\" class=\"wp-block-spacer\"><\/div>\n\n\n\n<p class=\"has-x-large-font-size\"><strong><mark style=\"background-color:#ffffff\" class=\"has-inline-color has-hellgruen-color\">Yerel se\u00e7imler 2026 - Birlikte gidiyor!<\/mark><\/strong><\/p>\n\n\n\n<div class=\"wp-block-columns alignwide is-layout-flex wp-container-core-columns-is-layout-9d6595d7 wp-block-columns-is-layout-flex\">\n<div class=\"wp-block-column is-layout-flow wp-block-column-is-layout-flow\" style=\"flex-basis:100%\">\n<div class=\"wp-block-group is-layout-grid wp-container-core-group-is-layout-9649a0d9 wp-block-group-is-layout-grid\">\n<div class=\"wp-block-cover wp-container-content-e29552f7\"><img loading=\"lazy\" decoding=\"async\" width=\"800\" height=\"1000\" class=\"wp-block-cover__image-background wp-image-3084\" alt=\"\" src=\"https:\/\/www.gruene-mkk.de\/wp-content\/uploads\/2025\/12\/Gruppenfoto_KOW26_Gruene-MKK-800x1000.jpg\" data-object-fit=\"cover\" srcset=\"https:\/\/www.gruene-mkk.de\/wp-content\/uploads\/2025\/12\/Gruppenfoto_KOW26_Gruene-MKK-800x1000.jpg 800w, https:\/\/www.gruene-mkk.de\/wp-content\/uploads\/2025\/12\/Gruppenfoto_KOW26_Gruene-MKK-400x500.jpg 400w, https:\/\/www.gruene-mkk.de\/wp-content\/uploads\/2025\/12\/Gruppenfoto_KOW26_Gruene-MKK-768x960.jpg 768w, https:\/\/www.gruene-mkk.de\/wp-content\/uploads\/2025\/12\/Gruppenfoto_KOW26_Gruene-MKK-1229x1536.jpg 1229w, https:\/\/www.gruene-mkk.de\/wp-content\/uploads\/2025\/12\/Gruppenfoto_KOW26_Gruene-MKK.jpg 1600w\" sizes=\"auto, (max-width: 800px) 100vw, 800px\" \/><span aria-hidden=\"true\" class=\"wp-block-cover__background has-background-dim\"><\/span><div class=\"wp-block-cover__inner-container is-layout-flow wp-block-cover-is-layout-flow\">\n<p><\/p>\n\n\n\n<p><\/p>\n\n\n\n<p><\/p>\n\n\n\n<p><\/p>\n\n\n\n<p><\/p>\n\n\n\n<p><\/p>\n\n\n\n<p><\/p>\n\n\n\n<p><\/p>\n\n\n\n<p><\/p>\n\n\n\n<p><\/p>\n\n\n\n<p class=\"has-text-align-center\"><strong><a href=\"https:\/\/www.gruene-mkk.de\/tr\/unsere-kandidierende\/\" data-type=\"page\" data-id=\"3097\"><mark style=\"background-color:#e6007e\" class=\"has-inline-color has-weiss-color\">Bizim adaylar\u0131m\u0131z.<\/mark><\/a><\/strong><\/p>\n\n\n\n<p><\/p>\n<\/div><\/div>\n\n\n\n<div class=\"wp-block-cover wp-container-content-e29552f7\"><img loading=\"lazy\" decoding=\"async\" width=\"800\" height=\"1132\" class=\"wp-block-cover__image-background wp-image-3090 size-large\" alt=\"\" src=\"https:\/\/www.gruene-mkk.de\/wp-content\/uploads\/2025\/12\/Kopie-von-Kopie-von-SoMe-LV-Vorlagen-fuer-KVen-A41-800x1132.jpg\" data-object-fit=\"cover\" srcset=\"https:\/\/www.gruene-mkk.de\/wp-content\/uploads\/2025\/12\/Kopie-von-Kopie-von-SoMe-LV-Vorlagen-fuer-KVen-A41-800x1132.jpg 800w, https:\/\/www.gruene-mkk.de\/wp-content\/uploads\/2025\/12\/Kopie-von-Kopie-von-SoMe-LV-Vorlagen-fuer-KVen-A41-400x566.jpg 400w, https:\/\/www.gruene-mkk.de\/wp-content\/uploads\/2025\/12\/Kopie-von-Kopie-von-SoMe-LV-Vorlagen-fuer-KVen-A41-768x1086.jpg 768w, https:\/\/www.gruene-mkk.de\/wp-content\/uploads\/2025\/12\/Kopie-von-Kopie-von-SoMe-LV-Vorlagen-fuer-KVen-A41-1086x1536.jpg 1086w, https:\/\/www.gruene-mkk.de\/wp-content\/uploads\/2025\/12\/Kopie-von-Kopie-von-SoMe-LV-Vorlagen-fuer-KVen-A41.jpg 1414w\" sizes=\"auto, (max-width: 800px) 100vw, 800px\" \/><span aria-hidden=\"true\" class=\"wp-block-cover__background has-background-dim\" style=\"background-color:#5e9362\"><\/span><div class=\"wp-block-cover__inner-container is-layout-flow wp-block-cover-is-layout-flow\">\n<p><\/p>\n\n\n\n<p><\/p>\n\n\n\n<p><\/p>\n\n\n\n<p><\/p>\n\n\n\n<p><\/p>\n\n\n\n<p><\/p>\n\n\n\n<p><\/p>\n\n\n\n<p><\/p>\n\n\n\n<p class=\"has-text-align-center\"><strong><a href=\"https:\/\/www.gruene-mkk.de\/tr\/unser-wahlprogramm\/\" data-type=\"page\" data-id=\"3093\"><mark style=\"background-color:#e6007e\" class=\"has-inline-color has-weiss-color\">Se\u00e7im program\u0131m\u0131z.<\/mark><\/a><\/strong><\/p>\n<\/div><\/div>\n<\/div>\n<\/div>\n<\/div>\n\n\n\n<div style=\"height:100px\" aria-hidden=\"true\" class=\"wp-block-spacer\"><\/div>\n\n\n\n<p><a href=\"https:\/\/www.gruene-mkk.de\/tr\/transparenzbekanntmachung\/\" data-type=\"page\" data-id=\"3013\">\u015eeffafl\u0131k bildirimi<\/a><\/p>\n\n\n\n<div style=\"height:100px\" aria-hidden=\"true\" class=\"wp-block-spacer\"><\/div>","protected":false},"excerpt":{"rendered":"<p>Yerel se\u00e7imler 2026 - Birlikte gidiyor! \u015eeffafl\u0131k bildirimi<\/p>","protected":false},"author":2,"featured_media":0,"parent":355,"menu_order":0,"comment_status":"closed","ping_status":"closed","template":"","meta":{"footnotes":""},"class_list":["post-3060","page","type-page","status-publish","hentry"],"_links":{"self":[{"href":"https:\/\/www.gruene-mkk.de\/tr\/wp-json\/wp\/v2\/pages\/3060","targetHints":{"allow":["GET"]}}],"collection":[{"href":"https:\/\/www.gruene-mkk.de\/tr\/wp-json\/wp\/v2\/pages"}],"about":[{"href":"https:\/\/www.gruene-mkk.de\/tr\/wp-json\/wp\/v2\/types\/page"}],"author":[{"embeddable":true,"href":"https:\/\/www.gruene-mkk.de\/tr\/wp-json\/wp\/v2\/users\/2"}],"replies":[{"embeddable":true,"href":"https:\/\/www.gruene-mkk.de\/tr\/wp-json\/wp\/v2\/comments?post=3060"}],"version-history":[{"count":25,"href":"https:\/\/www.gruene-mkk.de\/tr\/wp-json\/wp\/v2\/pages\/3060\/revisions"}],"predecessor-version":[{"id":3185,"href":"https:\/\/www.gruene-mkk.de\/tr\/wp-json\/wp\/v2\/pages\/3060\/revisions\/3185"}],"up":[{"embeddable":true,"href":"https:\/\/www.gruene-mkk.de\/tr\/wp-json\/wp\/v2\/pages\/355"}],"wp:attachment":[{"href":"https:\/\/www.gruene-mkk.de\/tr\/wp-json\/wp\/v2\/media?parent=3060"}],"curies":[{"name":"wp","href":"https:\/\/api.w.org\/{rel}","templated":true}]}}

Yerel Seçimler 2026

<div style="height:37px" aria-hidden="true" class="wp-block-spacer"></div>



<p class="has-x-large-font-size"><strong><mark style="background-color:#ffffff" class="has-inline-color has-hellgruen-color">Yerel seçimler 2026 - Birlikte gidiyor!</mark></strong></p>



<div class="wp-block-columns alignwide is-layout-flex wp-container-core-columns-is-layout-9d6595d7 wp-block-columns-is-layout-flex">
<div class="wp-block-column is-layout-flow wp-block-column-is-layout-flow" style="flex-basis:100%">
<div class="wp-block-group is-layout-grid wp-container-core-group-is-layout-9649a0d9 wp-block-group-is-layout-grid">
<div class="wp-block-cover wp-container-content-e29552f7"><img loading="lazy" decoding="async" width="800" height="1000" class="wp-block-cover__image-background wp-image-3084" alt="" src="https://www.gruene-mkk.de/wp-content/uploads/2025/12/Gruppenfoto_KOW26_Gruene-MKK-800x1000.jpg" data-object-fit="cover" srcset="https://www.gruene-mkk.de/wp-content/uploads/2025/12/Gruppenfoto_KOW26_Gruene-MKK-800x1000.jpg 800w, https://www.gruene-mkk.de/wp-content/uploads/2025/12/Gruppenfoto_KOW26_Gruene-MKK-400x500.jpg 400w, https://www.gruene-mkk.de/wp-content/uploads/2025/12/Gruppenfoto_KOW26_Gruene-MKK-768x960.jpg 768w, https://www.gruene-mkk.de/wp-content/uploads/2025/12/Gruppenfoto_KOW26_Gruene-MKK-1229x1536.jpg 1229w, https://www.gruene-mkk.de/wp-content/uploads/2025/12/Gruppenfoto_KOW26_Gruene-MKK.jpg 1600w" sizes="auto, (max-width: 800px) 100vw, 800px" /><span aria-hidden="true" class="wp-block-cover__background has-background-dim"></span><div class="wp-block-cover__inner-container is-layout-flow wp-block-cover-is-layout-flow">
<p></p>



<p></p>



<p></p>



<p></p>



<p></p>



<p></p>



<p></p>



<p></p>



<p></p>



<p></p>



<p class="has-text-align-center"><strong><a href="https://www.gruene-mkk.de/tr/unsere-kandidierende/" data-type="page" data-id="3097"><mark style="background-color:#e6007e" class="has-inline-color has-weiss-color">Bizim adaylarımız.</mark></a></strong></p>



<p></p>
</div></div>



<div class="wp-block-cover wp-container-content-e29552f7"><img loading="lazy" decoding="async" width="800" height="1132" class="wp-block-cover__image-background wp-image-3090 size-large" alt="" src="https://www.gruene-mkk.de/wp-content/uploads/2025/12/Kopie-von-Kopie-von-SoMe-LV-Vorlagen-fuer-KVen-A41-800x1132.jpg" data-object-fit="cover" srcset="https://www.gruene-mkk.de/wp-content/uploads/2025/12/Kopie-von-Kopie-von-SoMe-LV-Vorlagen-fuer-KVen-A41-800x1132.jpg 800w, https://www.gruene-mkk.de/wp-content/uploads/2025/12/Kopie-von-Kopie-von-SoMe-LV-Vorlagen-fuer-KVen-A41-400x566.jpg 400w, https://www.gruene-mkk.de/wp-content/uploads/2025/12/Kopie-von-Kopie-von-SoMe-LV-Vorlagen-fuer-KVen-A41-768x1086.jpg 768w, https://www.gruene-mkk.de/wp-content/uploads/2025/12/Kopie-von-Kopie-von-SoMe-LV-Vorlagen-fuer-KVen-A41-1086x1536.jpg 1086w, https://www.gruene-mkk.de/wp-content/uploads/2025/12/Kopie-von-Kopie-von-SoMe-LV-Vorlagen-fuer-KVen-A41.jpg 1414w" sizes="auto, (max-width: 800px) 100vw, 800px" /><span aria-hidden="true" class="wp-block-cover__background has-background-dim" style="background-color:#5e9362"></span><div class="wp-block-cover__inner-container is-layout-flow wp-block-cover-is-layout-flow">
<p></p>



<p></p>



<p></p>



<p></p>



<p></p>



<p></p>



<p></p>



<p></p>



<p class="has-text-align-center"><strong><a href="https://www.gruene-mkk.de/tr/unser-wahlprogramm/" data-type="page" data-id="3093"><mark style="background-color:#e6007e" class="has-inline-color has-weiss-color">Seçim programımız.</mark></a></strong></p>
</div></div>
</div>
</div>
</div>



<div style="height:100px" aria-hidden="true" class="wp-block-spacer"></div>



<p><a href="https://www.gruene-mkk.de/tr/transparenzbekanntmachung/" data-type="page" data-id="3013">Şeffaflık bildirimi</a></p>



<div style="height:100px" aria-hidden="true" class="wp-block-spacer"></div>

<p>Yerel seçimler 2026 - Birlikte gidiyor! Şeffaflık bildirimi</p>
