{"id":192,"date":"2021-11-11T17:37:19","date_gmt":"2021-11-11T16:37:19","guid":{"rendered":"https:\/\/www.alles-bleibt-anders.org\/?page_id=192"},"modified":"2025-12-04T00:57:51","modified_gmt":"2025-12-03T23:57:51","slug":"gemeinden-ohne-gruen","status":"publish","type":"page","link":"https:\/\/www.gruene-mkk.de\/tr\/gruene-vor-ort\/gemeinden-ohne-gruen\/","title":{"rendered":"Ye\u015fillik olmayan belediyeler"},"content":{"rendered":"<div class=\"wp-block-cover is-light\" style=\"min-height:519px;aspect-ratio:unset;\"><img decoding=\"async\" class=\"wp-block-cover__image-background wp-image-621\" alt=\"\" src=\"http:\/\/www.alles-bleibt-anders.org\/wp-content\/uploads\/2021\/11\/facebook-titelbild-desktop-1.png\" data-object-fit=\"cover\"\/><span aria-hidden=\"true\" class=\"wp-block-cover__background has-background-dim-30 has-background-dim\"><\/span><div class=\"wp-block-cover__inner-container is-layout-flow wp-block-cover-is-layout-flow\">\n<h2 class=\"wp-block-heading has-text-align-center\" style=\"font-size:clamp(31.152px, 1.947rem + ((1vw - 3.2px) * 2.71), 55px);\">Ye\u015fillik olmayan belediyeler<\/h2>\n<\/div><\/div>\n\n\n\n<p><\/p>\n\n\n\n<p>\u015eu anda bu belediyelerde Ye\u015filler veya en az\u0131ndan yerel dernekler yok:<\/p>\n\n\n\n<ul class=\"wp-block-list\">\n<li>Bad Soden-Salm\u00fcnster<\/li>\n\n\n\n<li>Birstein<\/li>\n\n\n\n<li>Kategori: Fl\u00f6rsbach Vadisi<\/li>\n\n\n\n<li>Gr\u00fcndau<\/li>\n\n\n\n<li>Hasselroth<\/li>\n\n\n\n<li>Ronneburg<\/li>\n\n\n\n<li>Sinntal<\/li>\n\n\n\n<li>Steinau<\/li>\n<\/ul>\n\n\n\n<p><\/p>\n\n\n\n<div class=\"wp-block-group has-text-color has-background is-layout-flow wp-block-group-is-layout-flow\" style=\"color:#ffffff;background-color:#163c29\">\n<h2 class=\"wp-block-heading has-text-align-center\">Sizin yerinizde yerel bir dernek yok mu?<\/h2>\n\n\n\n<p>Bu topluluklardan birinde ya\u015f\u0131yorsan\u0131z ve ekolojik, sosyal ve s\u00fcrd\u00fcr\u00fclebilir politikay\u0131 \u015fekillendirmek istiyorsan\u0131z, o zaman do\u011fru yere geldiniz.\u00a0B\u00f6lgenizdeki yerel bir dernekle ba\u011flant\u0131 kurmaktan ve sizi il\u00e7e \u00fcyelerimizin toplant\u0131lar\u0131na davet etmekten mutluluk duyuyoruz.<\/p>\n\n\n\n<p>Toplulu\u011funuzda yerel bir dernek kurmakla ilgileniyorsan\u0131z, sizi desteklemekten mutluluk duyar\u0131z. Vak\u0131fla ilgili sorular\u0131n\u0131z i\u00e7in hizmetinizdeyiz ve size gerekli t\u00fcm bilgileri, belgeleri ve irtibat ki\u015filerini sunuyoruz.<\/p>\n\n\n\n<p><a href=\"#\" data-unscramble=\"ed.kkm-eneurg@vk\">\u0130rtibata ge\u00e7!<\/a><\/p>\n\n\n\n<p>Hessen'deki Ye\u015filler devlet derne\u011fi, yerel bir dernek kurmak isteyen \u00fcyeler i\u00e7in kurulu\u015f s\u00fcreci, belgeler ve \u015fablonlar hakk\u0131nda baz\u0131 bilgiler derledi.<\/p>\n\n\n\n<p>T\u00fcm bu bilgiler Ye\u015fil Bulut'ta bulunabilir:&nbsp;<\/p>\n\n\n\n<div class=\"wp-block-buttons is-horizontal is-content-justification-center is-layout-flex wp-container-core-buttons-is-layout-499968f5 wp-block-buttons-is-layout-flex\">\n<div class=\"wp-block-button\"><a class=\"wp-block-button__link no-border-radius wp-element-button\" href=\"https:\/\/wolke.netzbegruenung.de\/f\/26850969\">Kurucular i\u00e7in bilgiler*<\/a><\/div>\n<\/div>\n\n\n\n<p><em>*Ye\u015fil \u015eebekeye eri\u015fime ihtiyac\u0131n\u0131z olacak. Belgelere eri\u015fmekte sorun ya\u015f\u0131yorsan\u0131z, l\u00fctfen bizimle ileti\u015fime ge\u00e7in.<\/em><\/p>\n<\/div>\n\n\n\n<p><\/p>\n\n\n\n<h2 class=\"wp-block-heading\"><\/h2>","protected":false},"excerpt":{"rendered":"<p>\u015eu anda bu belediyelerde Ye\u015filler veya en az\u0131ndan yerel dernekler yok: Sizin yerinizde yerel bir dernek yok mu? E\u011fer bu \u015fehirlerden birinde ya\u015f\u0131yorsan\u0131z ve [...]<\/p>","protected":false},"author":2,"featured_media":0,"parent":152,"menu_order":0,"comment_status":"closed","ping_status":"closed","template":"","meta":{"footnotes":""},"class_list":["post-192","page","type-page","status-publish","hentry"],"_links":{"self":[{"href":"https:\/\/www.gruene-mkk.de\/tr\/wp-json\/wp\/v2\/pages\/192","targetHints":{"allow":["GET"]}}],"collection":[{"href":"https:\/\/www.gruene-mkk.de\/tr\/wp-json\/wp\/v2\/pages"}],"about":[{"href":"https:\/\/www.gruene-mkk.de\/tr\/wp-json\/wp\/v2\/types\/page"}],"author":[{"embeddable":true,"href":"https:\/\/www.gruene-mkk.de\/tr\/wp-json\/wp\/v2\/users\/2"}],"replies":[{"embeddable":true,"href":"https:\/\/www.gruene-mkk.de\/tr\/wp-json\/wp\/v2\/comments?post=192"}],"version-history":[{"count":15,"href":"https:\/\/www.gruene-mkk.de\/tr\/wp-json\/wp\/v2\/pages\/192\/revisions"}],"predecessor-version":[{"id":3042,"href":"https:\/\/www.gruene-mkk.de\/tr\/wp-json\/wp\/v2\/pages\/192\/revisions\/3042"}],"up":[{"embeddable":true,"href":"https:\/\/www.gruene-mkk.de\/tr\/wp-json\/wp\/v2\/pages\/152"}],"wp:attachment":[{"href":"https:\/\/www.gruene-mkk.de\/tr\/wp-json\/wp\/v2\/media?parent=192"}],"curies":[{"name":"wp","href":"https:\/\/api.w.org\/{rel}","templated":true}]}}

Yeşillik olmayan belediyeler

<div class="wp-block-cover is-light" style="min-height:519px;aspect-ratio:unset;"><img decoding="async" class="wp-block-cover__image-background wp-image-621" alt="" src="http://www.alles-bleibt-anders.org/wp-content/uploads/2021/11/facebook-titelbild-desktop-1.png" data-object-fit="cover"/><span aria-hidden="true" class="wp-block-cover__background has-background-dim-30 has-background-dim"></span><div class="wp-block-cover__inner-container is-layout-flow wp-block-cover-is-layout-flow">
<h2 class="wp-block-heading has-text-align-center" style="font-size:clamp(31.152px, 1.947rem + ((1vw - 3.2px) * 2.71), 55px);">Yeşillik olmayan belediyeler</h2>
</div></div>



<p></p>



<p>Şu anda bu belediyelerde Yeşiller veya en azından yerel dernekler yok:</p>



<ul class="wp-block-list">
<li>Bad Soden-Salmünster</li>



<li>Birstein</li>



<li>Kategori: Flörsbach Vadisi</li>



<li>Gründau</li>



<li>Hasselroth</li>



<li>Ronneburg</li>



<li>Sinntal</li>



<li>Steinau</li>
</ul>



<p></p>



<div class="wp-block-group has-text-color has-background is-layout-flow wp-block-group-is-layout-flow" style="color:#ffffff;background-color:#163c29">
<h2 class="wp-block-heading has-text-align-center">Sizin yerinizde yerel bir dernek yok mu?</h2>



<p>Bu topluluklardan birinde yaşıyorsanız ve ekolojik, sosyal ve sürdürülebilir politikayı şekillendirmek istiyorsanız, o zaman doğru yere geldiniz. Bölgenizdeki yerel bir dernekle bağlantı kurmaktan ve sizi ilçe üyelerimizin toplantılarına davet etmekten mutluluk duyuyoruz.</p>



<p>Topluluğunuzda yerel bir dernek kurmakla ilgileniyorsanız, sizi desteklemekten mutluluk duyarız. Vakıfla ilgili sorularınız için hizmetinizdeyiz ve size gerekli tüm bilgileri, belgeleri ve irtibat kişilerini sunuyoruz.</p>



<p><a href="#" data-unscramble="ed.kkm-eneurg@vk">İrtibata geç!</a></p>



<p>Hessen'deki Yeşiller devlet derneği, yerel bir dernek kurmak isteyen üyeler için kuruluş süreci, belgeler ve şablonlar hakkında bazı bilgiler derledi.</p>



<p>Tüm bu bilgiler Yeşil Bulut'ta bulunabilir:&nbsp;</p>



<div class="wp-block-buttons is-horizontal is-content-justification-center is-layout-flex wp-container-core-buttons-is-layout-499968f5 wp-block-buttons-is-layout-flex">
<div class="wp-block-button"><a class="wp-block-button__link no-border-radius wp-element-button" href="https://wolke.netzbegruenung.de/f/26850969">Kurucular için bilgiler*</a></div>
</div>



<p><em>*Yeşil Şebekeye erişime ihtiyacınız olacak. Belgelere erişmekte sorun yaşıyorsanız, lütfen bizimle iletişime geçin.</em></p>
</div>



<p></p>



<h2 class="wp-block-heading"></h2>

<p>Şu anda bu belediyelerde Yeşiller veya en azından yerel dernekler yok: Sizin yerinizde yerel bir dernek yok mu? Eğer bu şehirlerden birinde yaşıyorsanız ve [...]</p>
