{"id":152,"date":"2021-11-10T17:35:44","date_gmt":"2021-11-10T16:35:44","guid":{"rendered":"https:\/\/www.alles-bleibt-anders.org\/?page_id=152"},"modified":"2022-02-22T18:02:51","modified_gmt":"2022-02-22T17:02:51","slug":"gruene-vor-ort","status":"publish","type":"page","link":"https:\/\/www.gruene-mkk.de\/tr\/gruene-vor-ort\/","title":{"rendered":"Yerinde Ye\u015filler"},"content":{"rendered":"<div class=\"wp-block-cover has-background-dim-20 has-background-dim\" style=\"min-height:519px;aspect-ratio:unset;\"><img loading=\"lazy\" decoding=\"async\" width=\"2560\" height=\"1920\" class=\"wp-block-cover__image-background wp-image-377\" alt=\"\" src=\"http:\/\/www.alles-bleibt-anders.org\/wp-content\/uploads\/2021\/11\/IMG_0237-scaled.jpg\" style=\"object-position:83% 32%\" data-object-fit=\"cover\" data-object-position=\"83% 32%\" srcset=\"https:\/\/www.gruene-mkk.de\/wp-content\/uploads\/2021\/11\/IMG_0237-scaled.jpg 2560w, https:\/\/www.gruene-mkk.de\/wp-content\/uploads\/2021\/11\/IMG_0237-400x300.jpg 400w, https:\/\/www.gruene-mkk.de\/wp-content\/uploads\/2021\/11\/IMG_0237-800x600.jpg 800w, https:\/\/www.gruene-mkk.de\/wp-content\/uploads\/2021\/11\/IMG_0237-768x576.jpg 768w, https:\/\/www.gruene-mkk.de\/wp-content\/uploads\/2021\/11\/IMG_0237-1536x1152.jpg 1536w, https:\/\/www.gruene-mkk.de\/wp-content\/uploads\/2021\/11\/IMG_0237-2048x1536.jpg 2048w\" sizes=\"auto, (max-width: 2560px) 100vw, 2560px\" \/><div class=\"wp-block-cover__inner-container is-layout-flow wp-block-cover-is-layout-flow\">\n<h2 class=\"has-text-align-center wp-block-heading\" style=\"font-size:clamp(37.821px, 2.364rem + ((1vw - 3.2px) * 3.657), 70px);\">Yerinde Ye\u015filler<\/h2>\n<\/div><\/div>\n\n\n\n<p><\/p>\n\n\n\n<h2 class=\"wp-block-heading\"><strong>Main-Kinzig-Kreis b\u00f6lgesinde konaklanacak yerler<\/strong><\/h2>\n\n\n\n<p>Ye\u015fil konularla ilgileniyor musunuz? Sahada siyasi olarak neyin tart\u0131\u015f\u0131ld\u0131\u011f\u0131n\u0131 veya neyin kararla\u015ft\u0131r\u0131laca\u011f\u0131n\u0131 bilmek ister misiniz? Kat\u0131lmak ister misiniz, kat\u0131l\u0131m\u0131n\u0131z\u0131n kararlar\u0131 yerinde ve Main-Kinzig-Kreis'te etkilemesini ister misiniz?<br>\u015eehrinizde, belediyenizde veya Main-Kinzig-Kreis i\u00e7in belediye geli\u015fimi i\u00e7in \u00f6nerileriniz var m\u0131?<br><br><strong>O zaman bu sayfada hakl\u0131s\u0131n\u0131z!<\/strong><\/p>\n\n\n\n<p>\u00c7evremizde, ye\u015fil siyasete s\u00fcrd\u00fcr\u00fclebilir bir \u015fekilde katk\u0131da bulunmak ve uygulamak i\u00e7in giri\u015fimlerde, komitelerde, parlamentolarda ve her \u015feyden \u00f6nce yerel derneklerde yer alan kararl\u0131 insanlar bulacaks\u0131n\u0131z. Yeni fikirleri, yeni giri\u015fimleri ve yerel kat\u0131l\u0131mlar\u0131 memnuniyetle kar\u015f\u0131l\u0131yoruz. \u00d6nerileri, bilgileri ve yeni ba\u011flant\u0131lar\u0131 d\u00f6rt g\u00f6zle bekliyoruz. Bizimle birlikte tad\u0131na bakabilirsiniz.<\/p>\n\n\n\n<p><\/p>\n\n\n\n<div class=\"wp-block-media-text alignwide is-stacked-on-mobile has-yellow-500-color has-text-color\"><figure class=\"wp-block-media-text__media\"><a href=\"https:\/\/www.alles-bleibt-anders.org\/gruene-vor-ort\/ortsverbaende\/\"><img loading=\"lazy\" decoding=\"async\" width=\"800\" height=\"420\" src=\"http:\/\/www.gruene-mkk.de\/wp-content\/uploads\/2022\/02\/OVe-MKK_neu-800x420.jpg\" alt=\"\" class=\"wp-image-914 size-full\" srcset=\"https:\/\/www.gruene-mkk.de\/wp-content\/uploads\/2022\/02\/OVe-MKK_neu-800x420.jpg 800w, https:\/\/www.gruene-mkk.de\/wp-content\/uploads\/2022\/02\/OVe-MKK_neu-400x210.jpg 400w, https:\/\/www.gruene-mkk.de\/wp-content\/uploads\/2022\/02\/OVe-MKK_neu-768x404.jpg 768w, https:\/\/www.gruene-mkk.de\/wp-content\/uploads\/2022\/02\/OVe-MKK_neu.jpg 1117w\" sizes=\"auto, (max-width: 800px) 100vw, 800px\" \/><\/a><\/figure><div class=\"wp-block-media-text__content\">\n<h3 class=\"wp-block-heading\"><a href=\"https:\/\/www.alles-bleibt-anders.org\/gruene-vor-ort\/ortsverbaende\/\">Yerel derne\u011finizi buradan se\u00e7in ve daha fazla bilgi edinin.<\/a><\/h3>\n<\/div><\/div>\n\n\n\n<p> <\/p>\n\n\n\n<h3 class=\"wp-block-heading\">Yerel derneklerdeki tarihler:<\/h3>\n\n\n<p><iframe loading=\"lazy\" width=\"900\" height=\"500\" src=\"https:\/\/wolke.netzbegruenung.de\/apps\/calendar\/embed\/WSPGrFsG59rZRKmx\"><\/iframe><\/p>\n\n\n\n<div class=\"wp-block-group has-text-color has-background is-layout-flow wp-block-group-is-layout-flow\" style=\"background-color:#163c29;color:#ffffff\">\n<h2 class=\"has-text-align-center wp-block-heading\">Toplulu\u011funuzda hen\u00fcz yerel bir dernek yok mu?<\/h2>\n\n\n\n<div class=\"wp-block-buttons is-content-justification-center is-layout-flex wp-block-buttons-is-layout-flex\">\n<div class=\"wp-block-button has-custom-font-size\" style=\"font-size:clamp(16.293px, 1.018rem + ((1vw - 3.2px) * 0.989), 25px);\"><a class=\"wp-block-button__link\" href=\"https:\/\/www.alles-bleibt-anders.org\/gruene-vor-ort\/gemeinden-ohne-gruen\/\">Kurucu olun!<\/a><\/div>\n<\/div>\n\n\n\n<p><\/p>\n<\/div>\n\n\n\n<p><\/p>\n\n\n\n<h2 class=\"wp-block-heading\">   <\/h2>\n\n\n\n<p> <\/p>","protected":false},"excerpt":{"rendered":"<p>Main-Kinzig-Kreis'te ye\u015fil Ye\u015fil temalarla ilgileniyor musunuz? Sahada siyasi olarak neyin tart\u0131\u015f\u0131ld\u0131\u011f\u0131n\u0131 veya neyin kararla\u015ft\u0131r\u0131laca\u011f\u0131n\u0131 bilmek ister misiniz? Kat\u0131lmak istiyorsun, kat\u0131lmak istiyorsun [...]<\/p>","protected":false},"author":2,"featured_media":0,"parent":0,"menu_order":0,"comment_status":"closed","ping_status":"closed","template":"","meta":{"footnotes":""},"class_list":["post-152","page","type-page","status-publish","hentry"],"_links":{"self":[{"href":"https:\/\/www.gruene-mkk.de\/tr\/wp-json\/wp\/v2\/pages\/152","targetHints":{"allow":["GET"]}}],"collection":[{"href":"https:\/\/www.gruene-mkk.de\/tr\/wp-json\/wp\/v2\/pages"}],"about":[{"href":"https:\/\/www.gruene-mkk.de\/tr\/wp-json\/wp\/v2\/types\/page"}],"author":[{"embeddable":true,"href":"https:\/\/www.gruene-mkk.de\/tr\/wp-json\/wp\/v2\/users\/2"}],"replies":[{"embeddable":true,"href":"https:\/\/www.gruene-mkk.de\/tr\/wp-json\/wp\/v2\/comments?post=152"}],"version-history":[{"count":36,"href":"https:\/\/www.gruene-mkk.de\/tr\/wp-json\/wp\/v2\/pages\/152\/revisions"}],"predecessor-version":[{"id":921,"href":"https:\/\/www.gruene-mkk.de\/tr\/wp-json\/wp\/v2\/pages\/152\/revisions\/921"}],"wp:attachment":[{"href":"https:\/\/www.gruene-mkk.de\/tr\/wp-json\/wp\/v2\/media?parent=152"}],"curies":[{"name":"wp","href":"https:\/\/api.w.org\/{rel}","templated":true}]}}

Yerinde Yeşiller

<div class="wp-block-cover has-background-dim-20 has-background-dim" style="min-height:519px;aspect-ratio:unset;"><img loading="lazy" decoding="async" width="2560" height="1920" class="wp-block-cover__image-background wp-image-377" alt="" src="http://www.alles-bleibt-anders.org/wp-content/uploads/2021/11/IMG_0237-scaled.jpg" style="object-position:83% 32%" data-object-fit="cover" data-object-position="83% 32%" srcset="https://www.gruene-mkk.de/wp-content/uploads/2021/11/IMG_0237-scaled.jpg 2560w, https://www.gruene-mkk.de/wp-content/uploads/2021/11/IMG_0237-400x300.jpg 400w, https://www.gruene-mkk.de/wp-content/uploads/2021/11/IMG_0237-800x600.jpg 800w, https://www.gruene-mkk.de/wp-content/uploads/2021/11/IMG_0237-768x576.jpg 768w, https://www.gruene-mkk.de/wp-content/uploads/2021/11/IMG_0237-1536x1152.jpg 1536w, https://www.gruene-mkk.de/wp-content/uploads/2021/11/IMG_0237-2048x1536.jpg 2048w" sizes="auto, (max-width: 2560px) 100vw, 2560px" /><div class="wp-block-cover__inner-container is-layout-flow wp-block-cover-is-layout-flow">
<h2 class="has-text-align-center wp-block-heading" style="font-size:clamp(37.821px, 2.364rem + ((1vw - 3.2px) * 3.657), 70px);">Yerinde Yeşiller</h2>
</div></div>



<p></p>



<h2 class="wp-block-heading"><strong>Main-Kinzig-Kreis bölgesinde konaklanacak yerler</strong></h2>



<p>Yeşil konularla ilgileniyor musunuz? Sahada siyasi olarak neyin tartışıldığını veya neyin kararlaştırılacağını bilmek ister misiniz? Katılmak ister misiniz, katılımınızın kararları yerinde ve Main-Kinzig-Kreis'te etkilemesini ister misiniz?<br>Şehrinizde, belediyenizde veya Main-Kinzig-Kreis için belediye gelişimi için önerileriniz var mı?<br><br><strong>O zaman bu sayfada haklısınız!</strong></p>



<p>Çevremizde, yeşil siyasete sürdürülebilir bir şekilde katkıda bulunmak ve uygulamak için girişimlerde, komitelerde, parlamentolarda ve her şeyden önce yerel derneklerde yer alan kararlı insanlar bulacaksınız. Yeni fikirleri, yeni girişimleri ve yerel katılımları memnuniyetle karşılıyoruz. Önerileri, bilgileri ve yeni bağlantıları dört gözle bekliyoruz. Bizimle birlikte tadına bakabilirsiniz.</p>



<p></p>



<div class="wp-block-media-text alignwide is-stacked-on-mobile has-yellow-500-color has-text-color"><figure class="wp-block-media-text__media"><a href="https://www.alles-bleibt-anders.org/gruene-vor-ort/ortsverbaende/"><img loading="lazy" decoding="async" width="800" height="420" src="http://www.gruene-mkk.de/wp-content/uploads/2022/02/OVe-MKK_neu-800x420.jpg" alt="" class="wp-image-914 size-full" srcset="https://www.gruene-mkk.de/wp-content/uploads/2022/02/OVe-MKK_neu-800x420.jpg 800w, https://www.gruene-mkk.de/wp-content/uploads/2022/02/OVe-MKK_neu-400x210.jpg 400w, https://www.gruene-mkk.de/wp-content/uploads/2022/02/OVe-MKK_neu-768x404.jpg 768w, https://www.gruene-mkk.de/wp-content/uploads/2022/02/OVe-MKK_neu.jpg 1117w" sizes="auto, (max-width: 800px) 100vw, 800px" /></a></figure><div class="wp-block-media-text__content">
<h3 class="wp-block-heading"><a href="https://www.alles-bleibt-anders.org/gruene-vor-ort/ortsverbaende/">Yerel derneğinizi buradan seçin ve daha fazla bilgi edinin.</a></h3>
</div></div>



<p> </p>



<h3 class="wp-block-heading">Yerel derneklerdeki tarihler:</h3>


<p><iframe loading="lazy" width="900" height="500" src="https://wolke.netzbegruenung.de/apps/calendar/embed/WSPGrFsG59rZRKmx"></iframe></p>



<div class="wp-block-group has-text-color has-background is-layout-flow wp-block-group-is-layout-flow" style="background-color:#163c29;color:#ffffff">
<h2 class="has-text-align-center wp-block-heading">Topluluğunuzda henüz yerel bir dernek yok mu?</h2>



<div class="wp-block-buttons is-content-justification-center is-layout-flex wp-block-buttons-is-layout-flex">
<div class="wp-block-button has-custom-font-size" style="font-size:clamp(16.293px, 1.018rem + ((1vw - 3.2px) * 0.989), 25px);"><a class="wp-block-button__link" href="https://www.alles-bleibt-anders.org/gruene-vor-ort/gemeinden-ohne-gruen/">Kurucu olun!</a></div>
</div>



<p></p>
</div>



<p></p>



<h2 class="wp-block-heading">   </h2>



<p> </p>

<p>Main-Kinzig-Kreis'te yeşil Yeşil temalarla ilgileniyor musunuz? Sahada siyasi olarak neyin tartışıldığını veya neyin kararlaştırılacağını bilmek ister misiniz? Katılmak istiyorsun, katılmak istiyorsun [...]</p>
