{"id":1939,"date":"2023-12-06T13:41:34","date_gmt":"2023-12-06T12:41:34","guid":{"rendered":"https:\/\/www.gruene-mkk.de\/?post_type=sunflower_event&#038;p=1939"},"modified":"2024-02-20T11:03:33","modified_gmt":"2024-02-20T10:03:33","slug":"kreismitgliederversammlung-8","status":"publish","type":"sunflower_event","link":"https:\/\/www.gruene-mkk.de\/sl\/termine\/kreismitgliederversammlung-8\/","title":{"rendered":"Kreismitgliederversammlung"},"content":{"rendered":"\n<p>Unser neuer Landesvorsitzender Andreas Ewald wird zu Besuch sein. Au\u00dferdem werden wir \u00fcber den Haushalt 2024 beschlie\u00dfen. <\/p>\n\n\n\n<p><\/p>\n","protected":false},"excerpt":{"rendered":"<p>Unser neuer Landesvorsitzender Andreas Ewald wird zu Besuch sein. Au\u00dferdem werden wir \u00fcber den Haushalt 2024 beschlie\u00dfen.<\/p>\n","protected":false},"author":2,"featured_media":0,"comment_status":"closed","ping_status":"closed","template":"","sunflower_event_tag":[],"class_list":["post-1939","sunflower_event","type-sunflower_event","status-publish","hentry"],"_links":{"self":[{"href":"https:\/\/www.gruene-mkk.de\/sl\/wp-json\/wp\/v2\/sunflower_event\/1939","targetHints":{"allow":["GET"]}}],"collection":[{"href":"https:\/\/www.gruene-mkk.de\/sl\/wp-json\/wp\/v2\/sunflower_event"}],"about":[{"href":"https:\/\/www.gruene-mkk.de\/sl\/wp-json\/wp\/v2\/types\/sunflower_event"}],"author":[{"embeddable":true,"href":"https:\/\/www.gruene-mkk.de\/sl\/wp-json\/wp\/v2\/users\/2"}],"replies":[{"embeddable":true,"href":"https:\/\/www.gruene-mkk.de\/sl\/wp-json\/wp\/v2\/comments?post=1939"}],"wp:attachment":[{"href":"https:\/\/www.gruene-mkk.de\/sl\/wp-json\/wp\/v2\/media?parent=1939"}],"wp:term":[{"taxonomy":"sunflower_event_tag","embeddable":true,"href":"https:\/\/www.gruene-mkk.de\/sl\/wp-json\/wp\/v2\/sunflower_event_tag?post=1939"}],"curies":[{"name":"wp","href":"https:\/\/api.w.org\/{rel}","templated":true}]}}

<p>Unser neuer Landesvorsitzender Andreas Ewald wird zu Besuch sein. Außerdem werden wir über den Haushalt 2024 beschließen. </p>



<p></p>

<p>Unser neuer Landesvorsitzender Andreas Ewald wird zu Besuch sein. Außerdem werden wir über den Haushalt 2024 beschließen.</p>
