{"id":152,"date":"2021-11-10T17:35:44","date_gmt":"2021-11-10T16:35:44","guid":{"rendered":"https:\/\/www.alles-bleibt-anders.org\/?page_id=152"},"modified":"2022-02-22T18:02:51","modified_gmt":"2022-02-22T17:02:51","slug":"gruene-vor-ort","status":"publish","type":"page","link":"https:\/\/www.gruene-mkk.de\/sl\/gruene-vor-ort\/","title":{"rendered":"Zeleni na spletni strani"},"content":{"rendered":"<div class=\"wp-block-cover has-background-dim-20 has-background-dim\" style=\"min-height:519px;aspect-ratio:unset;\"><img loading=\"lazy\" decoding=\"async\" width=\"2560\" height=\"1920\" class=\"wp-block-cover__image-background wp-image-377\" alt=\"\" src=\"http:\/\/www.alles-bleibt-anders.org\/wp-content\/uploads\/2021\/11\/IMG_0237-scaled.jpg\" style=\"object-position:83% 32%\" data-object-fit=\"cover\" data-object-position=\"83% 32%\" srcset=\"https:\/\/www.gruene-mkk.de\/wp-content\/uploads\/2021\/11\/IMG_0237-scaled.jpg 2560w, https:\/\/www.gruene-mkk.de\/wp-content\/uploads\/2021\/11\/IMG_0237-400x300.jpg 400w, https:\/\/www.gruene-mkk.de\/wp-content\/uploads\/2021\/11\/IMG_0237-800x600.jpg 800w, https:\/\/www.gruene-mkk.de\/wp-content\/uploads\/2021\/11\/IMG_0237-768x576.jpg 768w, https:\/\/www.gruene-mkk.de\/wp-content\/uploads\/2021\/11\/IMG_0237-1536x1152.jpg 1536w, https:\/\/www.gruene-mkk.de\/wp-content\/uploads\/2021\/11\/IMG_0237-2048x1536.jpg 2048w\" sizes=\"auto, (max-width: 2560px) 100vw, 2560px\" \/><div class=\"wp-block-cover__inner-container is-layout-flow wp-block-cover-is-layout-flow\">\n<h2 class=\"has-text-align-center wp-block-heading\" style=\"font-size:clamp(37.821px, 2.364rem + ((1vw - 3.2px) * 3.657), 70px);\">Zeleni na spletni strani<\/h2>\n<\/div><\/div>\n\n\n\n<p><\/p>\n\n\n\n<h2 class=\"wp-block-heading\"><strong>Zeleni pogledi v Main-Kinzig-Kreis<\/strong><\/h2>\n\n\n\n<p>Vas zanimajo zelene teme? Vas zanima, o \u010dem se politi\u010dno razpravlja na terenu ali o \u010dem se je treba odlo\u010diti? Bi se radi vklju\u010dili, bi \u017eeleli, da bi va\u0161a udele\u017eba vplivala na odlo\u010ditve na kraju samem in v provinci Main-Kinzig-Kreis?<br>Ali imate predloge za razvoj ob\u010din v va\u0161em mestu, ob\u010dini ali regiji Main-Kinzig-Kreis?<br><br><strong>Potem imate prav na tej strani!<\/strong><\/p>\n\n\n\n<p>V na\u0161em krogu boste na\u0161li predane ljudi, ki sodelujejo pri pobudah, v odborih, parlamentih in predvsem v lokalnih zdru\u017eenjih, da bi trajnostno prispevali in izvajali zeleno politiko na terenu. Pozdravljamo nove ideje, nove pobude in lokalne anga\u017eiranosti. Veselimo se predlogov, informacij in novih kontaktov. Vabljeni, da jih okusite pri nas.<\/p>\n\n\n\n<p><\/p>\n\n\n\n<div class=\"wp-block-media-text alignwide is-stacked-on-mobile has-yellow-500-color has-text-color\"><figure class=\"wp-block-media-text__media\"><a href=\"https:\/\/www.alles-bleibt-anders.org\/gruene-vor-ort\/ortsverbaende\/\"><img loading=\"lazy\" decoding=\"async\" width=\"800\" height=\"420\" src=\"http:\/\/www.gruene-mkk.de\/wp-content\/uploads\/2022\/02\/OVe-MKK_neu-800x420.jpg\" alt=\"\" class=\"wp-image-914 size-full\" srcset=\"https:\/\/www.gruene-mkk.de\/wp-content\/uploads\/2022\/02\/OVe-MKK_neu-800x420.jpg 800w, https:\/\/www.gruene-mkk.de\/wp-content\/uploads\/2022\/02\/OVe-MKK_neu-400x210.jpg 400w, https:\/\/www.gruene-mkk.de\/wp-content\/uploads\/2022\/02\/OVe-MKK_neu-768x404.jpg 768w, https:\/\/www.gruene-mkk.de\/wp-content\/uploads\/2022\/02\/OVe-MKK_neu.jpg 1117w\" sizes=\"auto, (max-width: 800px) 100vw, 800px\" \/><\/a><\/figure><div class=\"wp-block-media-text__content\">\n<h3 class=\"wp-block-heading\"><a href=\"https:\/\/www.alles-bleibt-anders.org\/gruene-vor-ort\/ortsverbaende\/\">Tukaj izberite svoje lokalno zdru\u017eenje in izvedite ve\u010d.<\/a><\/h3>\n<\/div><\/div>\n\n\n\n<p> <\/p>\n\n\n\n<h3 class=\"wp-block-heading\">Datumi v lokalnih zdru\u017eenjih:<\/h3>\n\n\n<p><iframe loading=\"lazy\" width=\"900\" height=\"500\" src=\"https:\/\/wolke.netzbegruenung.de\/apps\/calendar\/embed\/WSPGrFsG59rZRKmx\"><\/iframe><\/p>\n\n\n\n<div class=\"wp-block-group has-text-color has-background is-layout-flow wp-block-group-is-layout-flow\" style=\"background-color:#163c29;color:#ffffff\">\n<h2 class=\"has-text-align-center wp-block-heading\">V va\u0161i skupnosti \u0161e ni lokalne skupnosti?<\/h2>\n\n\n\n<div class=\"wp-block-buttons is-content-justification-center is-layout-flex wp-block-buttons-is-layout-flex\">\n<div class=\"wp-block-button has-custom-font-size\" style=\"font-size:clamp(16.293px, 1.018rem + ((1vw - 3.2px) * 0.989), 25px);\"><a class=\"wp-block-button__link\" href=\"https:\/\/www.alles-bleibt-anders.org\/gruene-vor-ort\/gemeinden-ohne-gruen\/\">Postani ustanovitelj!<\/a><\/div>\n<\/div>\n\n\n\n<p><\/p>\n<\/div>\n\n\n\n<p><\/p>\n\n\n\n<h2 class=\"wp-block-heading\">   <\/h2>\n\n\n\n<p> <\/p>","protected":false},"excerpt":{"rendered":"<p>Zeleno v Main-Kinzig-Kreis Vas zanimajo zelene teme? Vas zanima, o \u010dem se politi\u010dno razpravlja na terenu ali o \u010dem se je treba odlo\u010diti? \u010ce \u017eelite sodelovati, \u017eelite [...]<\/p>","protected":false},"author":2,"featured_media":0,"parent":0,"menu_order":0,"comment_status":"closed","ping_status":"closed","template":"","meta":{"footnotes":""},"class_list":["post-152","page","type-page","status-publish","hentry"],"_links":{"self":[{"href":"https:\/\/www.gruene-mkk.de\/sl\/wp-json\/wp\/v2\/pages\/152","targetHints":{"allow":["GET"]}}],"collection":[{"href":"https:\/\/www.gruene-mkk.de\/sl\/wp-json\/wp\/v2\/pages"}],"about":[{"href":"https:\/\/www.gruene-mkk.de\/sl\/wp-json\/wp\/v2\/types\/page"}],"author":[{"embeddable":true,"href":"https:\/\/www.gruene-mkk.de\/sl\/wp-json\/wp\/v2\/users\/2"}],"replies":[{"embeddable":true,"href":"https:\/\/www.gruene-mkk.de\/sl\/wp-json\/wp\/v2\/comments?post=152"}],"version-history":[{"count":36,"href":"https:\/\/www.gruene-mkk.de\/sl\/wp-json\/wp\/v2\/pages\/152\/revisions"}],"predecessor-version":[{"id":921,"href":"https:\/\/www.gruene-mkk.de\/sl\/wp-json\/wp\/v2\/pages\/152\/revisions\/921"}],"wp:attachment":[{"href":"https:\/\/www.gruene-mkk.de\/sl\/wp-json\/wp\/v2\/media?parent=152"}],"curies":[{"name":"wp","href":"https:\/\/api.w.org\/{rel}","templated":true}]}}

<div class="wp-block-cover has-background-dim-20 has-background-dim" style="min-height:519px;aspect-ratio:unset;"><img loading="lazy" decoding="async" width="2560" height="1920" class="wp-block-cover__image-background wp-image-377" alt="" src="http://www.alles-bleibt-anders.org/wp-content/uploads/2021/11/IMG_0237-scaled.jpg" style="object-position:83% 32%" data-object-fit="cover" data-object-position="83% 32%" srcset="https://www.gruene-mkk.de/wp-content/uploads/2021/11/IMG_0237-scaled.jpg 2560w, https://www.gruene-mkk.de/wp-content/uploads/2021/11/IMG_0237-400x300.jpg 400w, https://www.gruene-mkk.de/wp-content/uploads/2021/11/IMG_0237-800x600.jpg 800w, https://www.gruene-mkk.de/wp-content/uploads/2021/11/IMG_0237-768x576.jpg 768w, https://www.gruene-mkk.de/wp-content/uploads/2021/11/IMG_0237-1536x1152.jpg 1536w, https://www.gruene-mkk.de/wp-content/uploads/2021/11/IMG_0237-2048x1536.jpg 2048w" sizes="auto, (max-width: 2560px) 100vw, 2560px" /><div class="wp-block-cover__inner-container is-layout-flow wp-block-cover-is-layout-flow">
<h2 class="has-text-align-center wp-block-heading" style="font-size:clamp(37.821px, 2.364rem + ((1vw - 3.2px) * 3.657), 70px);">Zeleni na spletni strani</h2>
</div></div>



<p></p>



<h2 class="wp-block-heading"><strong>Zeleni pogledi v Main-Kinzig-Kreis</strong></h2>



<p>Vas zanimajo zelene teme? Vas zanima, o čem se politično razpravlja na terenu ali o čem se je treba odločiti? Bi se radi vključili, bi želeli, da bi vaša udeležba vplivala na odločitve na kraju samem in v provinci Main-Kinzig-Kreis?<br>Ali imate predloge za razvoj občin v vašem mestu, občini ali regiji Main-Kinzig-Kreis?<br><br><strong>Potem imate prav na tej strani!</strong></p>



<p>V našem krogu boste našli predane ljudi, ki sodelujejo pri pobudah, v odborih, parlamentih in predvsem v lokalnih združenjih, da bi trajnostno prispevali in izvajali zeleno politiko na terenu. Pozdravljamo nove ideje, nove pobude in lokalne angažiranosti. Veselimo se predlogov, informacij in novih kontaktov. Vabljeni, da jih okusite pri nas.</p>



<p></p>



<div class="wp-block-media-text alignwide is-stacked-on-mobile has-yellow-500-color has-text-color"><figure class="wp-block-media-text__media"><a href="https://www.alles-bleibt-anders.org/gruene-vor-ort/ortsverbaende/"><img loading="lazy" decoding="async" width="800" height="420" src="http://www.gruene-mkk.de/wp-content/uploads/2022/02/OVe-MKK_neu-800x420.jpg" alt="" class="wp-image-914 size-full" srcset="https://www.gruene-mkk.de/wp-content/uploads/2022/02/OVe-MKK_neu-800x420.jpg 800w, https://www.gruene-mkk.de/wp-content/uploads/2022/02/OVe-MKK_neu-400x210.jpg 400w, https://www.gruene-mkk.de/wp-content/uploads/2022/02/OVe-MKK_neu-768x404.jpg 768w, https://www.gruene-mkk.de/wp-content/uploads/2022/02/OVe-MKK_neu.jpg 1117w" sizes="auto, (max-width: 800px) 100vw, 800px" /></a></figure><div class="wp-block-media-text__content">
<h3 class="wp-block-heading"><a href="https://www.alles-bleibt-anders.org/gruene-vor-ort/ortsverbaende/">Tukaj izberite svoje lokalno združenje in izvedite več.</a></h3>
</div></div>



<p> </p>



<h3 class="wp-block-heading">Datumi v lokalnih združenjih:</h3>


<p><iframe loading="lazy" width="900" height="500" src="https://wolke.netzbegruenung.de/apps/calendar/embed/WSPGrFsG59rZRKmx"></iframe></p>



<div class="wp-block-group has-text-color has-background is-layout-flow wp-block-group-is-layout-flow" style="background-color:#163c29;color:#ffffff">
<h2 class="has-text-align-center wp-block-heading">V vaši skupnosti še ni lokalne skupnosti?</h2>



<div class="wp-block-buttons is-content-justification-center is-layout-flex wp-block-buttons-is-layout-flex">
<div class="wp-block-button has-custom-font-size" style="font-size:clamp(16.293px, 1.018rem + ((1vw - 3.2px) * 0.989), 25px);"><a class="wp-block-button__link" href="https://www.alles-bleibt-anders.org/gruene-vor-ort/gemeinden-ohne-gruen/">Postani ustanovitelj!</a></div>
</div>



<p></p>
</div>



<p></p>



<h2 class="wp-block-heading">   </h2>



<p> </p>

<p>Zeleno v Main-Kinzig-Kreis Vas zanimajo zelene teme? Vas zanima, o čem se politično razpravlja na terenu ali o čem se je treba odločiti? Če želite sodelovati, želite [...]</p>
