{"id":2944,"date":"2025-10-09T08:59:07","date_gmt":"2025-10-09T06:59:07","guid":{"rendered":"https:\/\/www.gruene-mkk.de\/?post_type=sunflower_event&#038;p=2944"},"modified":"2025-11-11T11:43:05","modified_gmt":"2025-11-11T10:43:05","slug":"fruehstueck-gruene-60","status":"publish","type":"sunflower_event","link":"https:\/\/www.gruene-mkk.de\/pl\/termine\/fruehstueck-gruene-60\/","title":{"rendered":"Fr\u00fchst\u00fcck mit den Gr\u00fcnen 60+"},"content":{"rendered":"\n<p>Wir m\u00f6chten euch herzlich zu unserem n\u00e4chsten Treffen der Gr\u00fcnen 60+ im Kreisverband Main-Kinzig einladen. <\/p>\n\n\n\n<p>Besonders freuen wir uns, dass die beiden Sprecher*innen der LAG 60+, <strong>Wolfgang Strengmann-Kuhn<\/strong> und <strong>Sabine H\u00e4user-Eltgen<\/strong> mit dabei sind! Beim gemeinsamen Fr\u00fchst\u00fcck wollen wir wieder die Gelegenheit nutzen, uns auszutauschen und die aktuellen politischen Ereignisse zu diskutieren. Im Mittelpunkt unseres Treffens steht dieses Mal die bevorstehende Kommunalwahl.<\/p>\n\n\n\n<p>Wir freuen uns auf euch!<\/p>\n\n\n\n<p>F\u00fcr eine bessere Planung, f\u00fcllt bitte dieses Formular aus:<\/p>\n\n\n\n<p><\/p>\n\n\n<noscript class=\"ninja-forms-noscript-message\">\n\tUwaga: ta zawarto\u015b\u0107 wymaga obs\u0142ugi j\u0119zyka JavaScript.<\/noscript>\n<div id=\"nf-form-42-cont\" class=\"nf-form-cont\" aria-live=\"polite\" aria-labelledby=\"nf-form-title-42\" aria-describedby=\"nf-form-errors-42\" role=\"form\">\n\n    <div class=\"nf-loading-spinner\"><\/div>\n\n<\/div>\n        <!-- That data is being printed as a workaround to page builders reordering the order of the scripts loaded-->\n        <script>var formDisplay=1;var nfForms=nfForms||[];var form=[];form.id='42';form.settings={\"objectType\":\"Form Setting\",\"editActive\":false,\"title\":\"Fr\\u00fcst\\u00fcck 60+ am 15.11.2025\",\"show_title\":1,\"allow_public_link\":0,\"embed_form\":\"\",\"clear_complete\":1,\"hide_complete\":1,\"default_label_pos\":\"above\",\"wrapper_class\":\"\",\"element_class\":\"\",\"form_title_heading_level\":\"3\",\"key\":\"\",\"add_submit\":1,\"currency\":\"\",\"unique_field_error\":\"A form with this value has already been submitted.\",\"logged_in\":false,\"not_logged_in_msg\":\"\",\"sub_limit_msg\":\"The form has reached its submission limit.\",\"calculations\":[],\"formContentData\":[\"vor-_und_nachname_1760008025875\",\"ich_bringe_jemanden_mit_1760008674427\",\"submit_1760008705708\"],\"public_link\":\"https:\\\/\\\/www.gruene-mkk.de\\\/ninja-forms\\\/42rffa\",\"public_link_key\":\"42rffa\",\"ninjaForms\":\"Ninja Forms\",\"changeEmailErrorMsg\":\"Wprowad\\u017a prawid\\u0142owy adres e-mail!\",\"changeDateErrorMsg\":\"Prosz\\u0119 wpisa\\u0107 prawid\\u0142ow\\u0105 dat\\u0119!\",\"confirmFieldErrorMsg\":\"Te pola musz\\u0105 si\\u0119 zgadza\\u0107!\",\"fieldNumberNumMinError\":\"B\\u0142\\u0105d \\u2014 liczba minimalna\",\"fieldNumberNumMaxError\":\"B\\u0142\\u0105d \\u2014 liczba maksymalna\",\"fieldNumberIncrementBy\":\"Zwi\\u0119ksz o \",\"fieldTextareaRTEInsertLink\":\"Wstaw odno\\u015bnik\",\"fieldTextareaRTEInsertMedia\":\"Wstaw media\",\"fieldTextareaRTESelectAFile\":\"Wybierz plik\",\"formErrorsCorrectErrors\":\"Popraw b\\u0142\\u0119dy, zanim prze\\u015blesz formularz.\",\"formHoneypot\":\"Je\\u015bli jeste\\u015b cz\\u0142owiekiem i widzisz to pole, nie wype\\u0142niaj go.\",\"validateRequiredField\":\"To jest wymagane pole.\",\"honeypotHoneypotError\":\"B\\u0142\\u0105d Honeypot\",\"fileUploadOldCodeFileUploadInProgress\":\"Przesy\\u0142anie pliku w toku.\",\"fileUploadOldCodeFileUpload\":\"PRZESY\\u0141ANIE PLIKU\",\"currencySymbol\":false,\"fieldsMarkedRequired\":\"Pola oznaczone znakiem <span class=\\\"ninja-forms-req-symbol\\\">*<\\\/span> s\\u0105 wymagane\",\"thousands_sep\":\".\",\"decimal_point\":\",\",\"siteLocale\":\"pl_PL\",\"dateFormat\":\"m\\\/d\\\/Y\",\"startOfWeek\":\"1\",\"of\":\"z\",\"previousMonth\":\"Poprzedni miesi\\u0105c\",\"nextMonth\":\"Nast\\u0119pny miesi\\u0105c\",\"months\":[\"Stycze\\u0144\",\"Luty\",\"Marzec\",\"Kwiecie\\u0144\",\"Maj\",\"Czerwiec\",\"Lipiec\",\"Sierpie\\u0144\",\"Wrzesie\\u0144\",\"Pa\\u017adziernik\",\"Listopad\",\"Grudzie\\u0144\"],\"monthsShort\":[\"Sty\",\"Lut\",\"Mar\",\"Kw\",\"Maj\",\"Cze\",\"Lip\",\"Sie\",\"Wrz\",\"Pa\\u017a\",\"Lis\",\"Gru\"],\"weekdays\":[\"Niedziela\",\"Poniedzia\\u0142ek\",\"Wtorek\",\"\\u015aroda\",\"Czwartek\",\"Pi\\u0105tek\",\"Sobota\"],\"weekdaysShort\":[\"Niedz\",\"Pon\",\"Wt\",\"\\u015ar\",\"Czw\",\"Pt\",\"Sob\"],\"weekdaysMin\":[\"Niedz\",\"Pon\",\"Wt\",\"\\u015ar\",\"Czw\",\"Pt\",\"Sob\"],\"recaptchaConsentMissing\":\"reCaptcha validation couldn&#039;t load.\",\"recaptchaMissingCookie\":\"reCaptcha v3 validation couldn&#039;t load the cookie needed to submit the form.\",\"recaptchaConsentEvent\":\"Accept reCaptcha cookies before sending the form.\",\"currency_symbol\":\"\",\"beforeForm\":\"\",\"beforeFields\":\"\",\"afterFields\":\"\",\"afterForm\":\"\"};form.fields=[{\"objectType\":\"Field\",\"objectDomain\":\"fields\",\"editActive\":false,\"order\":999,\"idAttribute\":\"id\",\"type\":\"textbox\",\"label\":\"Vor- und Nachname\",\"key\":\"vor-_und_nachname_1760008025875\",\"label_pos\":\"above\",\"required\":1,\"default\":\"\",\"placeholder\":\"\",\"container_class\":\"\",\"element_class\":\"\",\"input_limit\":\"\",\"input_limit_type\":\"characters\",\"input_limit_msg\":\"Character(s) left\",\"manual_key\":false,\"admin_label\":\"\",\"help_text\":\"\",\"mask\":\"\",\"custom_mask\":\"\",\"custom_name_attribute\":\"\",\"personally_identifiable\":\"\",\"value\":\"\",\"drawerDisabled\":false,\"id\":323,\"beforeField\":\"\",\"afterField\":\"\",\"parentType\":\"textbox\",\"element_templates\":[\"textbox\",\"input\"],\"old_classname\":\"\",\"wrap_template\":\"wrap\"},{\"objectType\":\"Field\",\"objectDomain\":\"fields\",\"editActive\":false,\"order\":999,\"idAttribute\":\"id\",\"type\":\"checkbox\",\"label\":\"Ich bringe jemanden mit.\",\"key\":\"ich_bringe_jemanden_mit_1760008674427\",\"label_pos\":\"right\",\"required\":false,\"container_class\":\"\",\"element_class\":\"\",\"manual_key\":false,\"admin_label\":\"\",\"help_text\":\"\",\"default_value\":\"unchecked\",\"checked_value\":\"Checked\",\"unchecked_value\":\"Unchecked\",\"checked_calc_value\":\"\",\"unchecked_calc_value\":\"\",\"id\":324,\"beforeField\":\"\",\"afterField\":\"\",\"value\":\"\",\"parentType\":\"checkbox\",\"element_templates\":[\"checkbox\",\"input\"],\"old_classname\":\"\",\"wrap_template\":\"wrap\"},{\"objectType\":\"Field\",\"objectDomain\":\"fields\",\"editActive\":false,\"order\":9999,\"idAttribute\":\"id\",\"type\":\"submit\",\"label\":\"Submit\",\"processing_label\":\"Processing\",\"container_class\":\"\",\"element_class\":\"\",\"key\":\"submit_1760008705708\",\"admin_label\":\"\",\"id\":325,\"beforeField\":\"\",\"afterField\":\"\",\"value\":\"\",\"label_pos\":\"above\",\"parentType\":\"textbox\",\"element_templates\":[\"submit\",\"button\",\"input\"],\"old_classname\":\"\",\"wrap_template\":\"wrap-no-label\"}];nfForms.push(form);<\/script>\n        ","protected":false},"excerpt":{"rendered":"<p>Wir m\u00f6chten euch herzlich zu unserem n\u00e4chsten Treffen der Gr\u00fcnen 60+ im Kreisverband Main-Kinzig einladen. Besonders freuen wir uns, dass die beiden Sprecher*innen der LAG 60+, Wolfgang Strengmann-Kuhn und Sabine [&hellip;]<\/p>\n","protected":false},"author":2,"featured_media":0,"comment_status":"closed","ping_status":"closed","template":"","sunflower_event_tag":[],"class_list":["post-2944","sunflower_event","type-sunflower_event","status-publish","hentry"],"_links":{"self":[{"href":"https:\/\/www.gruene-mkk.de\/pl\/wp-json\/wp\/v2\/sunflower_event\/2944","targetHints":{"allow":["GET"]}}],"collection":[{"href":"https:\/\/www.gruene-mkk.de\/pl\/wp-json\/wp\/v2\/sunflower_event"}],"about":[{"href":"https:\/\/www.gruene-mkk.de\/pl\/wp-json\/wp\/v2\/types\/sunflower_event"}],"author":[{"embeddable":true,"href":"https:\/\/www.gruene-mkk.de\/pl\/wp-json\/wp\/v2\/users\/2"}],"replies":[{"embeddable":true,"href":"https:\/\/www.gruene-mkk.de\/pl\/wp-json\/wp\/v2\/comments?post=2944"}],"wp:attachment":[{"href":"https:\/\/www.gruene-mkk.de\/pl\/wp-json\/wp\/v2\/media?parent=2944"}],"wp:term":[{"taxonomy":"sunflower_event_tag","embeddable":true,"href":"https:\/\/www.gruene-mkk.de\/pl\/wp-json\/wp\/v2\/sunflower_event_tag?post=2944"}],"curies":[{"name":"wp","href":"https:\/\/api.w.org\/{rel}","templated":true}]}}

Frühstück mit den Grünen 60+

<p>Wir möchten euch herzlich zu unserem nächsten Treffen der Grünen 60+ im Kreisverband Main-Kinzig einladen. </p>



<p>Besonders freuen wir uns, dass die beiden Sprecher*innen der LAG 60+, <strong>Wolfgang Strengmann-Kuhn</strong> und <strong>Sabine Häuser-Eltgen</strong> mit dabei sind! Beim gemeinsamen Frühstück wollen wir wieder die Gelegenheit nutzen, uns auszutauschen und die aktuellen politischen Ereignisse zu diskutieren. Im Mittelpunkt unseres Treffens steht dieses Mal die bevorstehende Kommunalwahl.</p>



<p>Wir freuen uns auf euch!</p>



<p>Für eine bessere Planung, füllt bitte dieses Formular aus:</p>



<p></p>


<noscript class="ninja-forms-noscript-message">
	Uwaga: ta zawartość wymaga obsługi języka JavaScript.</noscript>
<div id="nf-form-42-cont" class="nf-form-cont" aria-live="polite" aria-labelledby="nf-form-title-42" aria-describedby="nf-form-errors-42" role="form">

    <div class="nf-loading-spinner"></div>

</div>
        <!-- That data is being printed as a workaround to page builders reordering the order of the scripts loaded-->
        <script>var formDisplay=1;var nfForms=nfForms||[];var form=[];form.id='42';form.settings={"objectType":"Form Setting","editActive":false,"title":"Fr\u00fcst\u00fcck 60+ am 15.11.2025","show_title":1,"allow_public_link":0,"embed_form":"","clear_complete":1,"hide_complete":1,"default_label_pos":"above","wrapper_class":"","element_class":"","form_title_heading_level":"3","key":"","add_submit":1,"currency":"","unique_field_error":"A form with this value has already been submitted.","logged_in":false,"not_logged_in_msg":"","sub_limit_msg":"The form has reached its submission limit.","calculations":[],"formContentData":["vor-_und_nachname_1760008025875","ich_bringe_jemanden_mit_1760008674427","submit_1760008705708"],"public_link":"https:\/\/www.gruene-mkk.de\/ninja-forms\/42rffa","public_link_key":"42rffa","ninjaForms":"Ninja Forms","changeEmailErrorMsg":"Wprowad\u017a prawid\u0142owy adres e-mail!","changeDateErrorMsg":"Prosz\u0119 wpisa\u0107 prawid\u0142ow\u0105 dat\u0119!","confirmFieldErrorMsg":"Te pola musz\u0105 si\u0119 zgadza\u0107!","fieldNumberNumMinError":"B\u0142\u0105d \u2014 liczba minimalna","fieldNumberNumMaxError":"B\u0142\u0105d \u2014 liczba maksymalna","fieldNumberIncrementBy":"Zwi\u0119ksz o ","fieldTextareaRTEInsertLink":"Wstaw odno\u015bnik","fieldTextareaRTEInsertMedia":"Wstaw media","fieldTextareaRTESelectAFile":"Wybierz plik","formErrorsCorrectErrors":"Popraw b\u0142\u0119dy, zanim prze\u015blesz formularz.","formHoneypot":"Je\u015bli jeste\u015b cz\u0142owiekiem i widzisz to pole, nie wype\u0142niaj go.","validateRequiredField":"To jest wymagane pole.","honeypotHoneypotError":"B\u0142\u0105d Honeypot","fileUploadOldCodeFileUploadInProgress":"Przesy\u0142anie pliku w toku.","fileUploadOldCodeFileUpload":"PRZESY\u0141ANIE PLIKU","currencySymbol":false,"fieldsMarkedRequired":"Pola oznaczone znakiem <span class=\"ninja-forms-req-symbol\">*<\/span> s\u0105 wymagane","thousands_sep":".","decimal_point":",","siteLocale":"pl_PL","dateFormat":"m\/d\/Y","startOfWeek":"1","of":"z","previousMonth":"Poprzedni miesi\u0105c","nextMonth":"Nast\u0119pny miesi\u0105c","months":["Stycze\u0144","Luty","Marzec","Kwiecie\u0144","Maj","Czerwiec","Lipiec","Sierpie\u0144","Wrzesie\u0144","Pa\u017adziernik","Listopad","Grudzie\u0144"],"monthsShort":["Sty","Lut","Mar","Kw","Maj","Cze","Lip","Sie","Wrz","Pa\u017a","Lis","Gru"],"weekdays":["Niedziela","Poniedzia\u0142ek","Wtorek","\u015aroda","Czwartek","Pi\u0105tek","Sobota"],"weekdaysShort":["Niedz","Pon","Wt","\u015ar","Czw","Pt","Sob"],"weekdaysMin":["Niedz","Pon","Wt","\u015ar","Czw","Pt","Sob"],"recaptchaConsentMissing":"reCaptcha validation couldn&#039;t load.","recaptchaMissingCookie":"reCaptcha v3 validation couldn&#039;t load the cookie needed to submit the form.","recaptchaConsentEvent":"Accept reCaptcha cookies before sending the form.","currency_symbol":"","beforeForm":"","beforeFields":"","afterFields":"","afterForm":""};form.fields=[{"objectType":"Field","objectDomain":"fields","editActive":false,"order":999,"idAttribute":"id","type":"textbox","label":"Vor- und Nachname","key":"vor-_und_nachname_1760008025875","label_pos":"above","required":1,"default":"","placeholder":"","container_class":"","element_class":"","input_limit":"","input_limit_type":"characters","input_limit_msg":"Character(s) left","manual_key":false,"admin_label":"","help_text":"","mask":"","custom_mask":"","custom_name_attribute":"","personally_identifiable":"","value":"","drawerDisabled":false,"id":323,"beforeField":"","afterField":"","parentType":"textbox","element_templates":["textbox","input"],"old_classname":"","wrap_template":"wrap"},{"objectType":"Field","objectDomain":"fields","editActive":false,"order":999,"idAttribute":"id","type":"checkbox","label":"Ich bringe jemanden mit.","key":"ich_bringe_jemanden_mit_1760008674427","label_pos":"right","required":false,"container_class":"","element_class":"","manual_key":false,"admin_label":"","help_text":"","default_value":"unchecked","checked_value":"Checked","unchecked_value":"Unchecked","checked_calc_value":"","unchecked_calc_value":"","id":324,"beforeField":"","afterField":"","value":"","parentType":"checkbox","element_templates":["checkbox","input"],"old_classname":"","wrap_template":"wrap"},{"objectType":"Field","objectDomain":"fields","editActive":false,"order":9999,"idAttribute":"id","type":"submit","label":"Submit","processing_label":"Processing","container_class":"","element_class":"","key":"submit_1760008705708","admin_label":"","id":325,"beforeField":"","afterField":"","value":"","label_pos":"above","parentType":"textbox","element_templates":["submit","button","input"],"old_classname":"","wrap_template":"wrap-no-label"}];nfForms.push(form);</script>

<p>Wir möchten euch herzlich zu unserem nächsten Treffen der Grünen 60+ im Kreisverband Main-Kinzig einladen. Besonders freuen wir uns, dass die beiden Sprecher*innen der LAG 60+, Wolfgang Strengmann-Kuhn und Sabine [&hellip;]</p>
