{"id":36,"date":"2021-11-09T13:51:36","date_gmt":"2021-11-09T12:51:36","guid":{"rendered":"https:\/\/www.alles-bleibt-anders.org\/?page_id=36"},"modified":"2024-04-10T12:20:39","modified_gmt":"2024-04-10T10:20:39","slug":"gruene-jugend","status":"publish","type":"page","link":"https:\/\/www.gruene-mkk.de\/pl\/partei\/gruene-jugend\/","title":{"rendered":"Zielona m\u0142odzie\u017c MKK"},"content":{"rendered":"<figure class=\"wp-block-image alignleft\"><img decoding=\"async\" src=\"https:\/\/gruene-mkk.de\/userspace\/_processed_\/csm_gjh-logo3_klein_da22521a72.png\" alt=\"\"\/><\/figure>\n\n\n\n<p><strong>Nast\u0119pne posiedzenie:<\/strong><\/p>\n\n\n\n<p><\/p>\n\n\n\n<p>Chcesz wzi\u0105\u0107 udzia\u0142 w spotkaniu Green Youth Main-Kinzig? Wi\u0119c po prostu nas zapisz. <a href=\"https:\/\/www.instagram.com\/gj_main.kinzig.kreis\/\" data-type=\"URL\" data-id=\"https:\/\/www.instagram.com\/gj_main.kinzig.kreis\/\">Instagram<\/a>.<\/p>\n\n\n\n<p><\/p>\n\n\n\n<p><strong>Mo\u017cesz skontaktowa\u0107 si\u0119 z nami przez e-mail pod adresem: <a href=\"#\" data-unscramble=\"ed.hjg@giznik-niam\">main-kinzig@gjh.de<\/a><\/strong><\/p>\n\n\n\n<p><br>&nbsp;<strong>Nasza rada dyrektor\u00f3w:<\/strong><\/p>\n\n\n\n<div class=\"wp-block-columns is-layout-flex wp-container-core-columns-is-layout-9d6595d7 wp-block-columns-is-layout-flex\">\n<div class=\"wp-block-column mb-md-4 is-layout-flow wp-block-column-is-layout-flow\">\n<div class=\"wp-block-columns is-layout-flex wp-container-core-columns-is-layout-9d6595d7 wp-block-columns-is-layout-flex\">\n<div class=\"wp-block-column is-layout-flow wp-block-column-is-layout-flow\">\n<div class=\"wp-block-media-text alignwide is-stacked-on-mobile person has-shadow\"><figure class=\"wp-block-media-text__media\"><img decoding=\"async\" src=\"https:\/\/www.gruene-mkk.de\/wp-content\/uploads\/2024\/04\/5e8ec33a-4f14-4d60-aa0f-dfea9c26c9c9-800x1000.jpg\" alt=\"\" class=\"wp-image-2112 size-full\"\/><\/figure><div class=\"wp-block-media-text__content\">\n<h3 class=\"wp-block-heading\">Mahwish Iftikhar<\/h3>\n\n\n\n<p class=\"person-description\">Rzecznik zarz\u0105du<\/p>\n<\/div><\/div>\n<\/div>\n\n\n\n<div class=\"wp-block-column is-layout-flow wp-block-column-is-layout-flow\">\n<div class=\"wp-block-media-text alignwide is-stacked-on-mobile person has-shadow\"><figure class=\"wp-block-media-text__media\"><img loading=\"lazy\" decoding=\"async\" width=\"800\" height=\"800\" src=\"https:\/\/www.gruene-mkk.de\/wp-content\/uploads\/2022\/11\/Tim_Koczkowiak_GJ-800x800.jpg\" alt=\"\" class=\"wp-image-1455 size-full\" srcset=\"https:\/\/www.gruene-mkk.de\/wp-content\/uploads\/2022\/11\/Tim_Koczkowiak_GJ-800x800.jpg 800w, https:\/\/www.gruene-mkk.de\/wp-content\/uploads\/2022\/11\/Tim_Koczkowiak_GJ-400x400.jpg 400w, https:\/\/www.gruene-mkk.de\/wp-content\/uploads\/2022\/11\/Tim_Koczkowiak_GJ-150x150.jpg 150w, https:\/\/www.gruene-mkk.de\/wp-content\/uploads\/2022\/11\/Tim_Koczkowiak_GJ-768x768.jpg 768w, https:\/\/www.gruene-mkk.de\/wp-content\/uploads\/2022\/11\/Tim_Koczkowiak_GJ.jpg 1390w\" sizes=\"auto, (max-width: 800px) 100vw, 800px\" \/><\/figure><div class=\"wp-block-media-text__content\">\n<h3 class=\"wp-block-heading\">Tim Koczkowiak<\/h3>\n\n\n\n<p>Rzecznik Zarz\u0105du<\/p>\n<\/div><\/div>\n<\/div>\n<\/div>\n<\/div>\n<\/div>","protected":false},"excerpt":{"rendered":"<p>Nast\u0119pne posiedzenie: Chcesz wzi\u0105\u0107 udzia\u0142 w spotkaniu Green Youth Main-Kinzig? Napisz do nas na Instagramie. Mo\u017cesz skontaktowa\u0107 si\u0119 z nami przez e-mail pod adresem: main-kinzig@gjh.de Nasza rada: Mahwish Iftikhar [...]<\/p>","protected":false},"author":2,"featured_media":191,"parent":18,"menu_order":0,"comment_status":"closed","ping_status":"closed","template":"","meta":{"footnotes":""},"class_list":["post-36","page","type-page","status-publish","has-post-thumbnail","hentry"],"_links":{"self":[{"href":"https:\/\/www.gruene-mkk.de\/pl\/wp-json\/wp\/v2\/pages\/36","targetHints":{"allow":["GET"]}}],"collection":[{"href":"https:\/\/www.gruene-mkk.de\/pl\/wp-json\/wp\/v2\/pages"}],"about":[{"href":"https:\/\/www.gruene-mkk.de\/pl\/wp-json\/wp\/v2\/types\/page"}],"author":[{"embeddable":true,"href":"https:\/\/www.gruene-mkk.de\/pl\/wp-json\/wp\/v2\/users\/2"}],"replies":[{"embeddable":true,"href":"https:\/\/www.gruene-mkk.de\/pl\/wp-json\/wp\/v2\/comments?post=36"}],"version-history":[{"count":9,"href":"https:\/\/www.gruene-mkk.de\/pl\/wp-json\/wp\/v2\/pages\/36\/revisions"}],"predecessor-version":[{"id":2113,"href":"https:\/\/www.gruene-mkk.de\/pl\/wp-json\/wp\/v2\/pages\/36\/revisions\/2113"}],"up":[{"embeddable":true,"href":"https:\/\/www.gruene-mkk.de\/pl\/wp-json\/wp\/v2\/pages\/18"}],"wp:featuredmedia":[{"embeddable":true,"href":"https:\/\/www.gruene-mkk.de\/pl\/wp-json\/wp\/v2\/media\/191"}],"wp:attachment":[{"href":"https:\/\/www.gruene-mkk.de\/pl\/wp-json\/wp\/v2\/media?parent=36"}],"curies":[{"name":"wp","href":"https:\/\/api.w.org\/{rel}","templated":true}]}}

Zielona młodzież MKK

<figure class="wp-block-image alignleft"><img decoding="async" src="https://gruene-mkk.de/userspace/_processed_/csm_gjh-logo3_klein_da22521a72.png" alt=""/></figure>



<p><strong>Następne posiedzenie:</strong></p>



<p></p>



<p>Chcesz wziąć udział w spotkaniu Green Youth Main-Kinzig? Więc po prostu nas zapisz. <a href="https://www.instagram.com/gj_main.kinzig.kreis/" data-type="URL" data-id="https://www.instagram.com/gj_main.kinzig.kreis/">Instagram</a>.</p>



<p></p>



<p><strong>Możesz skontaktować się z nami przez e-mail pod adresem: <a href="#" data-unscramble="ed.hjg@giznik-niam">main-kinzig@gjh.de</a></strong></p>



<p><br>&nbsp;<strong>Nasza rada dyrektorów:</strong></p>



<div class="wp-block-columns is-layout-flex wp-container-core-columns-is-layout-9d6595d7 wp-block-columns-is-layout-flex">
<div class="wp-block-column mb-md-4 is-layout-flow wp-block-column-is-layout-flow">
<div class="wp-block-columns is-layout-flex wp-container-core-columns-is-layout-9d6595d7 wp-block-columns-is-layout-flex">
<div class="wp-block-column is-layout-flow wp-block-column-is-layout-flow">
<div class="wp-block-media-text alignwide is-stacked-on-mobile person has-shadow"><figure class="wp-block-media-text__media"><img decoding="async" src="https://www.gruene-mkk.de/wp-content/uploads/2024/04/5e8ec33a-4f14-4d60-aa0f-dfea9c26c9c9-800x1000.jpg" alt="" class="wp-image-2112 size-full"/></figure><div class="wp-block-media-text__content">
<h3 class="wp-block-heading">Mahwish Iftikhar</h3>



<p class="person-description">Rzecznik zarządu</p>
</div></div>
</div>



<div class="wp-block-column is-layout-flow wp-block-column-is-layout-flow">
<div class="wp-block-media-text alignwide is-stacked-on-mobile person has-shadow"><figure class="wp-block-media-text__media"><img loading="lazy" decoding="async" width="800" height="800" src="https://www.gruene-mkk.de/wp-content/uploads/2022/11/Tim_Koczkowiak_GJ-800x800.jpg" alt="" class="wp-image-1455 size-full" srcset="https://www.gruene-mkk.de/wp-content/uploads/2022/11/Tim_Koczkowiak_GJ-800x800.jpg 800w, https://www.gruene-mkk.de/wp-content/uploads/2022/11/Tim_Koczkowiak_GJ-400x400.jpg 400w, https://www.gruene-mkk.de/wp-content/uploads/2022/11/Tim_Koczkowiak_GJ-150x150.jpg 150w, https://www.gruene-mkk.de/wp-content/uploads/2022/11/Tim_Koczkowiak_GJ-768x768.jpg 768w, https://www.gruene-mkk.de/wp-content/uploads/2022/11/Tim_Koczkowiak_GJ.jpg 1390w" sizes="auto, (max-width: 800px) 100vw, 800px" /></figure><div class="wp-block-media-text__content">
<h3 class="wp-block-heading">Tim Koczkowiak</h3>



<p>Rzecznik Zarządu</p>
</div></div>
</div>
</div>
</div>
</div>

<p>Następne posiedzenie: Chcesz wziąć udział w spotkaniu Green Youth Main-Kinzig? Napisz do nas na Instagramie. Możesz skontaktować się z nami przez e-mail pod adresem: main-kinzig@gjh.de Nasza rada: Mahwish Iftikhar [...]</p>
