{"id":3013,"date":"2025-11-27T16:37:15","date_gmt":"2025-11-27T15:37:15","guid":{"rendered":"https:\/\/www.gruene-mkk.de\/?page_id=3013"},"modified":"2026-03-06T13:48:05","modified_gmt":"2026-03-06T12:48:05","slug":"transparenzbekanntmachung","status":"publish","type":"page","link":"https:\/\/www.gruene-mkk.de\/pl\/transparenzbekanntmachung\/","title":{"rendered":"Og\u0142oszenie o przejrzysto\u015bci"},"content":{"rendered":"<p><strong>Og\u0142oszenie o przejrzysto\u015bci na podstawie art. 11 rozporz\u0105dzenia (UE) 2024\/900 w sprawie przejrzysto\u015bci i targetowania reklamy politycznej (rozporz\u0105dzenie TTPA)<\/strong><\/p>\n\n\n\n<p><strong>Status: 19.11.2025<\/strong><\/p>\n\n\n\n<p><strong>1.Sponsor reklamy politycznej<\/strong><\/p>\n\n\n\n<p>Alliance 90\/The Greens - Stowarzyszenie Okr\u0119gowe Main-Kinzig<br>Adres: Calvinstra\u00dfe 10, 63450 Hanau<br>Adres poczty elektronicznej:&nbsp;<a href=\"#\" data-unscramble=\"ed.kkm-eneurg@vk\" data-type=\"mailto\" data-id=\"#\">kv@gruene-mkk.de<\/a><br>Reprezentowany przez zarz\u0105dc\u0119 dzielnicy Anj\u0119 Zeller, Beate Boege-Sonnek, Philipa Schinkla, Steve'a Eulera, Christine Dr\u00f6\u00dfler-Utecht, Matthiasa Kuponiyi-B\u00f6ffa<\/p>\n\n\n\n<p><strong>2. Podmiot wyp\u0142acaj\u0105cy<\/strong><\/p>\n\n\n\n<p>Alliance 90\/The Greens - Stowarzyszenie Okr\u0119gowe Main-Kinzig<br>Adres: Calvinstra\u00dfe 10, 63450 Hanau<br>Adres poczty elektronicznej:&nbsp;<a href=\"#\" data-unscramble=\"ed.kkm-eneurg@vk\" data-type=\"mailto\" data-id=\"#\">kv@gruene-mkk.de<\/a><br>Reprezentowany przez zarz\u0105dc\u0119 dzielnicy Anj\u0119 Zeller, Beate Boege-Sonnek, Philipa Schinkla, Steve'a Eulera, Christine Dr\u00f6\u00dfler-Utecht, Matthiasa Kuponiyi-B\u00f6ffa<\/p>\n\n\n\n<p>Kampania na rzecz wybor\u00f3w samorz\u0105dowych w Hesji w 2026 r. jest finansowana przez B\u00fcndnis 90\/DIE GR\u00dcNEN Kreisverband Main-Kinzig i jego oddzia\u0142y. Podzia\u0142y obejmuj\u0105:&nbsp;<a href=\"https:\/\/www.gruene-mkk.de\/pl\/gruene-vor-ort\/ortsverbaende\/\" data-type=\"page\" data-id=\"613\">Lista stowarzysze\u0144 lokalnych<\/a>.&nbsp;<\/p>\n\n\n\n<p><strong>3. Okres publikacji<\/strong><\/p>\n\n\n\n<p>Reklamy polityczne b\u0119d\u0105 publikowane lub rozpowszechniane w kontek\u015bcie kampanii wyborczej do wybor\u00f3w samorz\u0105dowych w Hesji w dniu 15.03.2026 r. w okresie od 18.11.2025 r. do 30.03.2026 r.<\/p>\n\n\n\n<p><strong>4. Informacje na temat finansowania<\/strong><\/p>\n\n\n\n<p>Bud\u017cet na materia\u0142y reklamowe miejskiej kampanii wyborczej B\u00fcndnis 90\/DIE GR\u00dcNEN Kreisverband Main-Kinzig obejmuje 850,00 \u20ac na materia\u0142y, 11,500,00 \u20ac na rezerwacje wielkopowierzchniowe i 2,500,00 \u20ac na reklamy.<\/p>\n\n\n\n<p>\u0179r\u00f3d\u0142o finansowania: prywatnie<em>,&nbsp;<\/em>Pochodzenie funduszy: w Unii Europejskiej<\/p>\n\n\n\n<p>Plakaty na du\u017c\u0105 skal\u0119<br>Ca\u0142kowita warto\u015b\u0107 us\u0142ugi reklamowej jest obliczana na podstawie kosztu rezerwacji plakatu wielkopowierzchniowego przez dekad\u0119 (zwykle 10 dni). W zale\u017cno\u015bci od lokalizacji i no\u015bnika reklamowego dzienne ceny wahaj\u0105 si\u0119 od 5,90 \u20ac do 98,40 \u20ac<strong>.<\/strong><\/p>\n\n\n\n<p><strong>5. Uzasadnienie \/ kontekst polityczny<\/strong><\/p>\n\n\n\n<p>Ta reklama jest zwi\u0105zana z wyborami samorz\u0105dowymi w Hesji w 2026 r. Oficjalne informacje na temat g\u0142osowania:<em><br><\/em>Powiatowy urz\u0119dnik ds. powrot\u00f3w w dystrykcie Main-Kinzig:&nbsp;<a href=\"https:\/\/www.mkk.de\/landkreis\/politik_1\/wahlen\/Wahlen.html\">https:\/\/www.mkk.de\/landkreis\/politik_1\/wahlen\/Wahlen.html<\/a><\/p>\n\n\n\n<p><strong>6. Informacje o dostawcy\/agencji reklamowej<\/strong><\/p>\n\n\n\n<p>Us\u0142ugodawcy w kontek\u015bcie miejskiej kampanii wyborczej w Hesji 2026<\/p>\n\n\n\n<p>1-2-3-Plakat.de GmbH, Moltkestr. 8, 32257 progi, telefon: 05223 1778-77, e-mail:&nbsp;<a href=\"#\" data-unscramble=\"ed.takalp321@ofni\">info@123plakat.de<\/a>, rodzaj us\u0142ugi: Mediacja w przestrzeni reklamowej<\/p>\n\n\n\n<p>Wesselmann Werbung GmbH, Lohrheidestr. 68-70, 44866 Bochum, Niemcy 02327 3963, e-mail:&nbsp;<a href=\"#\" data-unscramble=\"ed.gnubrew-nnamlessew@liam\">mail@wesselmann-werbung.de<\/a>, rodzaj us\u0142ugi: Wynajem powierzchni reklamowej<\/p>\n\n\n\n<p>Staudigl-Druck GmbH &amp; Co.KG, Sch\u00fctzenring 1, 86609 Donauw\u00fcrth, Niemcy 0906 7008 0, e-mail: info@staudigl-druck, Rodzaj us\u0142ugi: Drukowanie plakat\u00f3w<\/p>\n\n\n\n<p>RMM | RheinMain.Media, Hanauer Anzeiger GmbH &amp; Co. KG, Donaustra\u00dfe 5, 63452 Hanau, Niemcy <a href=\"#\" data-unscramble=\"ed.mmr@redeor.saerdna\"><\/a><a href=\"#\" data-unscramble=\"ed.mmr@ecivres\" target=\"_blank\" rel=\"noreferrer noopener\">service@rmm.de<\/a>, rodzaj us\u0142ugi: Reklama<\/p>\n\n\n\n<p><br>Druck- und Pressehaus Naumann GmbH &amp; Co. KG, Gutenbergstra\u00dfe 1, 63571 Gelnhausen, servicecenter@gnz.de, tel.: 06051\/833-290, rodzaj us\u0142ugi: Reklama<\/p>\n\n\n\n<p><strong>7. Szczeg\u00f3\u0142y publikacji<\/strong><\/p>\n\n\n\n<p>Region dystrybucji: Dom jednorodzinny w Main-Kinzig-Kreis, Hesja<\/p>\n\n\n\n<p><strong>8. Informacje na temat targetowania i przetwarzania danych<\/strong><\/p>\n\n\n\n<p>Niewykorzystywanie danych osobowych.<\/p>\n\n\n\n<p>Reklamy s\u0105 wy\u015bwietlane przy u\u017cyciu charakterystyki grupy docelowej (region w Hesji). Wi\u0119cej informacji mo\u017cna znale\u017a\u0107 na stronie:&nbsp;<a href=\"http:\/\/www.gruene-hessen.de\/datenschutz\">www.gruene-hessen.de\/datenschutz<\/a><\/p>\n\n\n\n<p><strong>9. Poprzednie publikacje \/ korekty<\/strong><\/p>\n\n\n\n<p>Nie ma wcze\u015bniejszych publikacji ani poprawek.<\/p>\n\n\n\n<p><strong>10. Osoba wyznaczona do kontakt\u00f3w w sprawach dotycz\u0105cych przejrzysto\u015bci<\/strong><\/p>\n\n\n\n<p>Imi\u0119 i nazwisko: Mareike J\u00e4ger, e-mail:\u00a0<a href=\"#\" data-unscramble=\"ed.nesseh-eneurg@dnabrevsednal\"><a href=\"#\" data-unscramble=\"ed.kkm-eneurg@vk\" data-type=\"mailto\" data-id=\"#\">kv@gruene-mkk.de<\/a><\/a><\/p>\n\n\n\n<p>Organ ds. skarg odpowiedzialny za ochron\u0119 danych:<br>Heski komisarz ds. ochrony danych i wolno\u015bci informacji Hesja<br>IOD<br>Dzia\u0142 2.3<br>Pole PO 3163<br>65021 Wiesbaden<br>Telefon: +49 611 1408 161, poczta elektroniczna:&nbsp;<a href=\"#\" data-unscramble=\"ed.nesseh.ztuhcsnetad@elletstsop\">poststelle@datenschutz.hessen.de<\/a><\/p>\n\n\n\n<p>Odpowiedzialny za tre\u015b\u0107 i poprawno\u015b\u0107: Alliance 90\/The Greens - Stowarzyszenie Okr\u0119gowe Main-Kinzig<\/p>\n\n\n\n<p>Data: 19.11.2025<\/p>","protected":false},"excerpt":{"rendered":"<p>Og\u0142oszenie o przejrzysto\u015bci na podstawie art. 11 rozporz\u0105dzenia (UE) 2024\/900 w sprawie przejrzysto\u015bci i targetowania reklamy politycznej (rozporz\u0105dzenie w sprawie TTPA) Status: 19.11.2025 1.Sponsor reklamy politycznej B\u00dcNDNIS 90\/DIE GR\u00dcNEN - Kreisverband Main-KinzigAdres: Ulica Calvin [...]<\/p>","protected":false},"author":2,"featured_media":0,"parent":0,"menu_order":0,"comment_status":"closed","ping_status":"closed","template":"","meta":{"footnotes":""},"class_list":["post-3013","page","type-page","status-publish","hentry"],"_links":{"self":[{"href":"https:\/\/www.gruene-mkk.de\/pl\/wp-json\/wp\/v2\/pages\/3013","targetHints":{"allow":["GET"]}}],"collection":[{"href":"https:\/\/www.gruene-mkk.de\/pl\/wp-json\/wp\/v2\/pages"}],"about":[{"href":"https:\/\/www.gruene-mkk.de\/pl\/wp-json\/wp\/v2\/types\/page"}],"author":[{"embeddable":true,"href":"https:\/\/www.gruene-mkk.de\/pl\/wp-json\/wp\/v2\/users\/2"}],"replies":[{"embeddable":true,"href":"https:\/\/www.gruene-mkk.de\/pl\/wp-json\/wp\/v2\/comments?post=3013"}],"version-history":[{"count":5,"href":"https:\/\/www.gruene-mkk.de\/pl\/wp-json\/wp\/v2\/pages\/3013\/revisions"}],"predecessor-version":[{"id":3316,"href":"https:\/\/www.gruene-mkk.de\/pl\/wp-json\/wp\/v2\/pages\/3013\/revisions\/3316"}],"wp:attachment":[{"href":"https:\/\/www.gruene-mkk.de\/pl\/wp-json\/wp\/v2\/media?parent=3013"}],"curies":[{"name":"wp","href":"https:\/\/api.w.org\/{rel}","templated":true}]}}

Ogłoszenie o przejrzystości

<p><strong>Ogłoszenie o przejrzystości na podstawie art. 11 rozporządzenia (UE) 2024/900 w sprawie przejrzystości i targetowania reklamy politycznej (rozporządzenie TTPA)</strong></p>



<p><strong>Status: 19.11.2025</strong></p>



<p><strong>1.Sponsor reklamy politycznej</strong></p>



<p>Alliance 90/The Greens - Stowarzyszenie Okręgowe Main-Kinzig<br>Adres: Calvinstraße 10, 63450 Hanau<br>Adres poczty elektronicznej:&nbsp;<a href="#" data-unscramble="ed.kkm-eneurg@vk" data-type="mailto" data-id="#">kv@gruene-mkk.de</a><br>Reprezentowany przez zarządcę dzielnicy Anję Zeller, Beate Boege-Sonnek, Philipa Schinkla, Steve'a Eulera, Christine Drößler-Utecht, Matthiasa Kuponiyi-Böffa</p>



<p><strong>2. Podmiot wypłacający</strong></p>



<p>Alliance 90/The Greens - Stowarzyszenie Okręgowe Main-Kinzig<br>Adres: Calvinstraße 10, 63450 Hanau<br>Adres poczty elektronicznej:&nbsp;<a href="#" data-unscramble="ed.kkm-eneurg@vk" data-type="mailto" data-id="#">kv@gruene-mkk.de</a><br>Reprezentowany przez zarządcę dzielnicy Anję Zeller, Beate Boege-Sonnek, Philipa Schinkla, Steve'a Eulera, Christine Drößler-Utecht, Matthiasa Kuponiyi-Böffa</p>



<p>Kampania na rzecz wyborów samorządowych w Hesji w 2026 r. jest finansowana przez Bündnis 90/DIE GRÜNEN Kreisverband Main-Kinzig i jego oddziały. Podziały obejmują:&nbsp;<a href="https://www.gruene-mkk.de/pl/gruene-vor-ort/ortsverbaende/" data-type="page" data-id="613">Lista stowarzyszeń lokalnych</a>.&nbsp;</p>



<p><strong>3. Okres publikacji</strong></p>



<p>Reklamy polityczne będą publikowane lub rozpowszechniane w kontekście kampanii wyborczej do wyborów samorządowych w Hesji w dniu 15.03.2026 r. w okresie od 18.11.2025 r. do 30.03.2026 r.</p>



<p><strong>4. Informacje na temat finansowania</strong></p>



<p>Budżet na materiały reklamowe miejskiej kampanii wyborczej Bündnis 90/DIE GRÜNEN Kreisverband Main-Kinzig obejmuje 850,00 € na materiały, 11,500,00 € na rezerwacje wielkopowierzchniowe i 2,500,00 € na reklamy.</p>



<p>Źródło finansowania: prywatnie<em>,&nbsp;</em>Pochodzenie funduszy: w Unii Europejskiej</p>



<p>Plakaty na dużą skalę<br>Całkowita wartość usługi reklamowej jest obliczana na podstawie kosztu rezerwacji plakatu wielkopowierzchniowego przez dekadę (zwykle 10 dni). W zależności od lokalizacji i nośnika reklamowego dzienne ceny wahają się od 5,90 € do 98,40 €<strong>.</strong></p>



<p><strong>5. Uzasadnienie / kontekst polityczny</strong></p>



<p>Ta reklama jest związana z wyborami samorządowymi w Hesji w 2026 r. Oficjalne informacje na temat głosowania:<em><br></em>Powiatowy urzędnik ds. powrotów w dystrykcie Main-Kinzig:&nbsp;<a href="https://www.mkk.de/landkreis/politik_1/wahlen/Wahlen.html">https://www.mkk.de/landkreis/politik_1/wahlen/Wahlen.html</a></p>



<p><strong>6. Informacje o dostawcy/agencji reklamowej</strong></p>



<p>Usługodawcy w kontekście miejskiej kampanii wyborczej w Hesji 2026</p>



<p>1-2-3-Plakat.de GmbH, Moltkestr. 8, 32257 progi, telefon: 05223 1778-77, e-mail:&nbsp;<a href="#" data-unscramble="ed.takalp321@ofni">info@123plakat.de</a>, rodzaj usługi: Mediacja w przestrzeni reklamowej</p>



<p>Wesselmann Werbung GmbH, Lohrheidestr. 68-70, 44866 Bochum, Niemcy 02327 3963, e-mail:&nbsp;<a href="#" data-unscramble="ed.gnubrew-nnamlessew@liam">mail@wesselmann-werbung.de</a>, rodzaj usługi: Wynajem powierzchni reklamowej</p>



<p>Staudigl-Druck GmbH &amp; Co.KG, Schützenring 1, 86609 Donauwürth, Niemcy 0906 7008 0, e-mail: info@staudigl-druck, Rodzaj usługi: Drukowanie plakatów</p>



<p>RMM | RheinMain.Media, Hanauer Anzeiger GmbH &amp; Co. KG, Donaustraße 5, 63452 Hanau, Niemcy <a href="#" data-unscramble="ed.mmr@redeor.saerdna"></a><a href="#" data-unscramble="ed.mmr@ecivres" target="_blank" rel="noreferrer noopener">service@rmm.de</a>, rodzaj usługi: Reklama</p>



<p><br>Druck- und Pressehaus Naumann GmbH &amp; Co. KG, Gutenbergstraße 1, 63571 Gelnhausen, servicecenter@gnz.de, tel.: 06051/833-290, rodzaj usługi: Reklama</p>



<p><strong>7. Szczegóły publikacji</strong></p>



<p>Region dystrybucji: Dom jednorodzinny w Main-Kinzig-Kreis, Hesja</p>



<p><strong>8. Informacje na temat targetowania i przetwarzania danych</strong></p>



<p>Niewykorzystywanie danych osobowych.</p>



<p>Reklamy są wyświetlane przy użyciu charakterystyki grupy docelowej (region w Hesji). Więcej informacji można znaleźć na stronie:&nbsp;<a href="http://www.gruene-hessen.de/datenschutz">www.gruene-hessen.de/datenschutz</a></p>



<p><strong>9. Poprzednie publikacje / korekty</strong></p>



<p>Nie ma wcześniejszych publikacji ani poprawek.</p>



<p><strong>10. Osoba wyznaczona do kontaktów w sprawach dotyczących przejrzystości</strong></p>



<p>Imię i nazwisko: Mareike Jäger, e-mail: <a href="#" data-unscramble="ed.nesseh-eneurg@dnabrevsednal"><a href="#" data-unscramble="ed.kkm-eneurg@vk" data-type="mailto" data-id="#">kv@gruene-mkk.de</a></a></p>



<p>Organ ds. skarg odpowiedzialny za ochronę danych:<br>Heski komisarz ds. ochrony danych i wolności informacji Hesja<br>IOD<br>Dział 2.3<br>Pole PO 3163<br>65021 Wiesbaden<br>Telefon: +49 611 1408 161, poczta elektroniczna:&nbsp;<a href="#" data-unscramble="ed.nesseh.ztuhcsnetad@elletstsop">poststelle@datenschutz.hessen.de</a></p>



<p>Odpowiedzialny za treść i poprawność: Alliance 90/The Greens - Stowarzyszenie Okręgowe Main-Kinzig</p>



<p>Data: 19.11.2025</p>

<p>Ogłoszenie o przejrzystości na podstawie art. 11 rozporządzenia (UE) 2024/900 w sprawie przejrzystości i targetowania reklamy politycznej (rozporządzenie w sprawie TTPA) Status: 19.11.2025 1.Sponsor reklamy politycznej BÜNDNIS 90/DIE GRÜNEN - Kreisverband Main-KinzigAdres: Ulica Calvin [...]</p>
