{"id":152,"date":"2021-11-10T17:35:44","date_gmt":"2021-11-10T16:35:44","guid":{"rendered":"https:\/\/www.alles-bleibt-anders.org\/?page_id=152"},"modified":"2022-02-22T18:02:51","modified_gmt":"2022-02-22T17:02:51","slug":"gruene-vor-ort","status":"publish","type":"page","link":"https:\/\/www.gruene-mkk.de\/pl\/gruene-vor-ort\/","title":{"rendered":"Zieloni na miejscu"},"content":{"rendered":"<div class=\"wp-block-cover has-background-dim-20 has-background-dim\" style=\"min-height:519px;aspect-ratio:unset;\"><img loading=\"lazy\" decoding=\"async\" width=\"2560\" height=\"1920\" class=\"wp-block-cover__image-background wp-image-377\" alt=\"\" src=\"http:\/\/www.alles-bleibt-anders.org\/wp-content\/uploads\/2021\/11\/IMG_0237-scaled.jpg\" style=\"object-position:83% 32%\" data-object-fit=\"cover\" data-object-position=\"83% 32%\" srcset=\"https:\/\/www.gruene-mkk.de\/wp-content\/uploads\/2021\/11\/IMG_0237-scaled.jpg 2560w, https:\/\/www.gruene-mkk.de\/wp-content\/uploads\/2021\/11\/IMG_0237-400x300.jpg 400w, https:\/\/www.gruene-mkk.de\/wp-content\/uploads\/2021\/11\/IMG_0237-800x600.jpg 800w, https:\/\/www.gruene-mkk.de\/wp-content\/uploads\/2021\/11\/IMG_0237-768x576.jpg 768w, https:\/\/www.gruene-mkk.de\/wp-content\/uploads\/2021\/11\/IMG_0237-1536x1152.jpg 1536w, https:\/\/www.gruene-mkk.de\/wp-content\/uploads\/2021\/11\/IMG_0237-2048x1536.jpg 2048w\" sizes=\"auto, (max-width: 2560px) 100vw, 2560px\" \/><div class=\"wp-block-cover__inner-container is-layout-flow wp-block-cover-is-layout-flow\">\n<h2 class=\"has-text-align-center wp-block-heading\" style=\"font-size:clamp(37.821px, 2.364rem + ((1vw - 3.2px) * 3.657), 70px);\">Zieloni na miejscu<\/h2>\n<\/div><\/div>\n\n\n\n<p><\/p>\n\n\n\n<h2 class=\"wp-block-heading\"><strong>Zielony wygl\u0105d w Main-Kinzig-Kreis<\/strong><\/h2>\n\n\n\n<p>Interesujesz si\u0119 tematyk\u0105 ekologiczn\u0105? Czy chcieliby Pa\u0144stwo wiedzie\u0107, o czym dyskutuje si\u0119 politycznie w terenie lub co ma zosta\u0107 postanowione? Czy chcesz si\u0119 zaanga\u017cowa\u0107, czy chcesz, aby twoje zaanga\u017cowanie mia\u0142o wp\u0142yw na decyzje na miejscu i w Main-Kinzig-Kreis?<br>Czy maj\u0105 Pa\u0144stwo sugestie dotycz\u0105ce rozwoju gminy w Pa\u0144stwa mie\u015bcie, gminie lub w regionie Main-Kinzig-Kreis?<br><br><strong>Masz racj\u0119 na tej stronie!<\/strong><\/p>\n\n\n\n<p>W naszym kr\u0119gu znajdziesz zaanga\u017cowanych ludzi, kt\u00f3rzy anga\u017cuj\u0105 si\u0119 w inicjatywy, w komisjach, parlamentach, a przede wszystkim w stowarzyszeniach lokalnych, aby przyczynia\u0107 si\u0119 i wdra\u017ca\u0107 zielon\u0105 polityk\u0119 w terenie w zr\u00f3wnowa\u017cony spos\u00f3b. Z zadowoleniem przyjmujemy nowe pomys\u0142y, nowe inicjatywy i lokalne zaanga\u017cowanie. Czekamy na sugestie, informacje i nowe kontakty. Zapraszamy do skosztowania go z nami.<\/p>\n\n\n\n<p><\/p>\n\n\n\n<div class=\"wp-block-media-text alignwide is-stacked-on-mobile has-yellow-500-color has-text-color\"><figure class=\"wp-block-media-text__media\"><a href=\"https:\/\/www.alles-bleibt-anders.org\/gruene-vor-ort\/ortsverbaende\/\"><img loading=\"lazy\" decoding=\"async\" width=\"800\" height=\"420\" src=\"http:\/\/www.gruene-mkk.de\/wp-content\/uploads\/2022\/02\/OVe-MKK_neu-800x420.jpg\" alt=\"\" class=\"wp-image-914 size-full\" srcset=\"https:\/\/www.gruene-mkk.de\/wp-content\/uploads\/2022\/02\/OVe-MKK_neu-800x420.jpg 800w, https:\/\/www.gruene-mkk.de\/wp-content\/uploads\/2022\/02\/OVe-MKK_neu-400x210.jpg 400w, https:\/\/www.gruene-mkk.de\/wp-content\/uploads\/2022\/02\/OVe-MKK_neu-768x404.jpg 768w, https:\/\/www.gruene-mkk.de\/wp-content\/uploads\/2022\/02\/OVe-MKK_neu.jpg 1117w\" sizes=\"auto, (max-width: 800px) 100vw, 800px\" \/><\/a><\/figure><div class=\"wp-block-media-text__content\">\n<h3 class=\"wp-block-heading\"><a href=\"https:\/\/www.alles-bleibt-anders.org\/gruene-vor-ort\/ortsverbaende\/\">Wybierz swoje lokalne stowarzyszenie tutaj i dowiedz si\u0119 wi\u0119cej.<\/a><\/h3>\n<\/div><\/div>\n\n\n\n<p> <\/p>\n\n\n\n<h3 class=\"wp-block-heading\">Daty w lokalnych stowarzyszeniach:<\/h3>\n\n\n<p><iframe loading=\"lazy\" width=\"900\" height=\"500\" src=\"https:\/\/wolke.netzbegruenung.de\/apps\/calendar\/embed\/WSPGrFsG59rZRKmx\"><\/iframe><\/p>\n\n\n\n<div class=\"wp-block-group has-text-color has-background is-layout-flow wp-block-group-is-layout-flow\" style=\"background-color:#163c29;color:#ffffff\">\n<h2 class=\"has-text-align-center wp-block-heading\">W Twojej spo\u0142eczno\u015bci nie ma jeszcze lokalnego stowarzyszenia?<\/h2>\n\n\n\n<div class=\"wp-block-buttons is-content-justification-center is-layout-flex wp-block-buttons-is-layout-flex\">\n<div class=\"wp-block-button has-custom-font-size\" style=\"font-size:clamp(16.293px, 1.018rem + ((1vw - 3.2px) * 0.989), 25px);\"><a class=\"wp-block-button__link\" href=\"https:\/\/www.alles-bleibt-anders.org\/gruene-vor-ort\/gemeinden-ohne-gruen\/\">Zosta\u0144 za\u0142o\u017cycielem!<\/a><\/div>\n<\/div>\n\n\n\n<p><\/p>\n<\/div>\n\n\n\n<p><\/p>\n\n\n\n<h2 class=\"wp-block-heading\">   <\/h2>\n\n\n\n<p> <\/p>","protected":false},"excerpt":{"rendered":"<p>Zielony w Main-Kinzig-Kreis Interesujesz si\u0119 zielonymi tematami? Czy chcieliby Pa\u0144stwo wiedzie\u0107, o czym dyskutuje si\u0119 politycznie w terenie lub co ma zosta\u0107 postanowione? Chcesz si\u0119 zaanga\u017cowa\u0107, chcesz [...]<\/p>","protected":false},"author":2,"featured_media":0,"parent":0,"menu_order":0,"comment_status":"closed","ping_status":"closed","template":"","meta":{"footnotes":""},"class_list":["post-152","page","type-page","status-publish","hentry"],"_links":{"self":[{"href":"https:\/\/www.gruene-mkk.de\/pl\/wp-json\/wp\/v2\/pages\/152","targetHints":{"allow":["GET"]}}],"collection":[{"href":"https:\/\/www.gruene-mkk.de\/pl\/wp-json\/wp\/v2\/pages"}],"about":[{"href":"https:\/\/www.gruene-mkk.de\/pl\/wp-json\/wp\/v2\/types\/page"}],"author":[{"embeddable":true,"href":"https:\/\/www.gruene-mkk.de\/pl\/wp-json\/wp\/v2\/users\/2"}],"replies":[{"embeddable":true,"href":"https:\/\/www.gruene-mkk.de\/pl\/wp-json\/wp\/v2\/comments?post=152"}],"version-history":[{"count":36,"href":"https:\/\/www.gruene-mkk.de\/pl\/wp-json\/wp\/v2\/pages\/152\/revisions"}],"predecessor-version":[{"id":921,"href":"https:\/\/www.gruene-mkk.de\/pl\/wp-json\/wp\/v2\/pages\/152\/revisions\/921"}],"wp:attachment":[{"href":"https:\/\/www.gruene-mkk.de\/pl\/wp-json\/wp\/v2\/media?parent=152"}],"curies":[{"name":"wp","href":"https:\/\/api.w.org\/{rel}","templated":true}]}}

<div class="wp-block-cover has-background-dim-20 has-background-dim" style="min-height:519px;aspect-ratio:unset;"><img loading="lazy" decoding="async" width="2560" height="1920" class="wp-block-cover__image-background wp-image-377" alt="" src="http://www.alles-bleibt-anders.org/wp-content/uploads/2021/11/IMG_0237-scaled.jpg" style="object-position:83% 32%" data-object-fit="cover" data-object-position="83% 32%" srcset="https://www.gruene-mkk.de/wp-content/uploads/2021/11/IMG_0237-scaled.jpg 2560w, https://www.gruene-mkk.de/wp-content/uploads/2021/11/IMG_0237-400x300.jpg 400w, https://www.gruene-mkk.de/wp-content/uploads/2021/11/IMG_0237-800x600.jpg 800w, https://www.gruene-mkk.de/wp-content/uploads/2021/11/IMG_0237-768x576.jpg 768w, https://www.gruene-mkk.de/wp-content/uploads/2021/11/IMG_0237-1536x1152.jpg 1536w, https://www.gruene-mkk.de/wp-content/uploads/2021/11/IMG_0237-2048x1536.jpg 2048w" sizes="auto, (max-width: 2560px) 100vw, 2560px" /><div class="wp-block-cover__inner-container is-layout-flow wp-block-cover-is-layout-flow">
<h2 class="has-text-align-center wp-block-heading" style="font-size:clamp(37.821px, 2.364rem + ((1vw - 3.2px) * 3.657), 70px);">Zieloni na miejscu</h2>
</div></div>



<p></p>



<h2 class="wp-block-heading"><strong>Zielony wygląd w Main-Kinzig-Kreis</strong></h2>



<p>Interesujesz się tematyką ekologiczną? Czy chcieliby Państwo wiedzieć, o czym dyskutuje się politycznie w terenie lub co ma zostać postanowione? Czy chcesz się zaangażować, czy chcesz, aby twoje zaangażowanie miało wpływ na decyzje na miejscu i w Main-Kinzig-Kreis?<br>Czy mają Państwo sugestie dotyczące rozwoju gminy w Państwa mieście, gminie lub w regionie Main-Kinzig-Kreis?<br><br><strong>Masz rację na tej stronie!</strong></p>



<p>W naszym kręgu znajdziesz zaangażowanych ludzi, którzy angażują się w inicjatywy, w komisjach, parlamentach, a przede wszystkim w stowarzyszeniach lokalnych, aby przyczyniać się i wdrażać zieloną politykę w terenie w zrównoważony sposób. Z zadowoleniem przyjmujemy nowe pomysły, nowe inicjatywy i lokalne zaangażowanie. Czekamy na sugestie, informacje i nowe kontakty. Zapraszamy do skosztowania go z nami.</p>



<p></p>



<div class="wp-block-media-text alignwide is-stacked-on-mobile has-yellow-500-color has-text-color"><figure class="wp-block-media-text__media"><a href="https://www.alles-bleibt-anders.org/gruene-vor-ort/ortsverbaende/"><img loading="lazy" decoding="async" width="800" height="420" src="http://www.gruene-mkk.de/wp-content/uploads/2022/02/OVe-MKK_neu-800x420.jpg" alt="" class="wp-image-914 size-full" srcset="https://www.gruene-mkk.de/wp-content/uploads/2022/02/OVe-MKK_neu-800x420.jpg 800w, https://www.gruene-mkk.de/wp-content/uploads/2022/02/OVe-MKK_neu-400x210.jpg 400w, https://www.gruene-mkk.de/wp-content/uploads/2022/02/OVe-MKK_neu-768x404.jpg 768w, https://www.gruene-mkk.de/wp-content/uploads/2022/02/OVe-MKK_neu.jpg 1117w" sizes="auto, (max-width: 800px) 100vw, 800px" /></a></figure><div class="wp-block-media-text__content">
<h3 class="wp-block-heading"><a href="https://www.alles-bleibt-anders.org/gruene-vor-ort/ortsverbaende/">Wybierz swoje lokalne stowarzyszenie tutaj i dowiedz się więcej.</a></h3>
</div></div>



<p> </p>



<h3 class="wp-block-heading">Daty w lokalnych stowarzyszeniach:</h3>


<p><iframe loading="lazy" width="900" height="500" src="https://wolke.netzbegruenung.de/apps/calendar/embed/WSPGrFsG59rZRKmx"></iframe></p>



<div class="wp-block-group has-text-color has-background is-layout-flow wp-block-group-is-layout-flow" style="background-color:#163c29;color:#ffffff">
<h2 class="has-text-align-center wp-block-heading">W Twojej społeczności nie ma jeszcze lokalnego stowarzyszenia?</h2>



<div class="wp-block-buttons is-content-justification-center is-layout-flex wp-block-buttons-is-layout-flex">
<div class="wp-block-button has-custom-font-size" style="font-size:clamp(16.293px, 1.018rem + ((1vw - 3.2px) * 0.989), 25px);"><a class="wp-block-button__link" href="https://www.alles-bleibt-anders.org/gruene-vor-ort/gemeinden-ohne-gruen/">Zostań założycielem!</a></div>
</div>



<p></p>
</div>



<p></p>



<h2 class="wp-block-heading">   </h2>



<p> </p>

<p>Zielony w Main-Kinzig-Kreis Interesujesz się zielonymi tematami? Czy chcieliby Państwo wiedzieć, o czym dyskutuje się politycznie w terenie lub co ma zostać postanowione? Chcesz się zaangażować, chcesz [...]</p>
