{"id":2316,"date":"2024-08-06T18:43:35","date_gmt":"2024-08-06T16:43:35","guid":{"rendered":"https:\/\/www.gruene-mkk.de\/?post_type=sunflower_event&#038;p=2316"},"modified":"2024-08-06T18:43:36","modified_gmt":"2024-08-06T16:43:36","slug":"mitgliederfruehstueck","status":"publish","type":"sunflower_event","link":"https:\/\/www.gruene-mkk.de\/it\/termine\/mitgliederfruehstueck\/","title":{"rendered":"Mitgliederfr\u00fchst\u00fcck"},"content":{"rendered":"\n<p>Kommt vorbei und genie\u00dft mit uns ein leckeres Fr\u00fchst\u00fcck in gem\u00fctlicher Atmosph\u00e4re. Es ist eine wunderbare Gelegenheit, sich auszutauschen, neue Ideen zu entwickeln und gemeinsam in den Tag zu starten.<\/p>\n\n\n\n<p>Wir freuen uns auf interessante Gespr\u00e4che und ein geselliges Beisammensein. Gerne k\u00f6nnt ihr auch eigene Ideen und Anregungen mitbringen!<\/p>\n\n\n\n<p>Hier anmelden: <a href=\"https:\/\/www.gruene-mkk.de\/mitgliederfruehstueck-am-07-09-2024-um-1000\/\">https:\/\/www.gruene-mkk.de\/mitgliederfruehstueck-am-07-09-2024-um-1000\/<\/a><\/p>\n\n\n\n<p>Hier anmelden: <a href=\"https:\/\/www.gruene-mkk.de\/mitgliederfruehstueck-am-07-09-2024-um-1000\/\">https:\/\/www.gruene-mkk.de\/mitgliederfruehstueck-am-07-09-2024-um-1000\/<\/a><\/p>\n","protected":false},"excerpt":{"rendered":"<p>Kommt vorbei und genie\u00dft mit uns ein leckeres Fr\u00fchst\u00fcck in gem\u00fctlicher Atmosph\u00e4re. Es ist eine wunderbare Gelegenheit, sich auszutauschen, neue Ideen zu entwickeln und gemeinsam in den Tag zu starten. [&hellip;]<\/p>\n","protected":false},"author":2,"featured_media":0,"comment_status":"closed","ping_status":"closed","template":"","sunflower_event_tag":[],"class_list":["post-2316","sunflower_event","type-sunflower_event","status-publish","hentry"],"_links":{"self":[{"href":"https:\/\/www.gruene-mkk.de\/it\/wp-json\/wp\/v2\/sunflower_event\/2316","targetHints":{"allow":["GET"]}}],"collection":[{"href":"https:\/\/www.gruene-mkk.de\/it\/wp-json\/wp\/v2\/sunflower_event"}],"about":[{"href":"https:\/\/www.gruene-mkk.de\/it\/wp-json\/wp\/v2\/types\/sunflower_event"}],"author":[{"embeddable":true,"href":"https:\/\/www.gruene-mkk.de\/it\/wp-json\/wp\/v2\/users\/2"}],"replies":[{"embeddable":true,"href":"https:\/\/www.gruene-mkk.de\/it\/wp-json\/wp\/v2\/comments?post=2316"}],"wp:attachment":[{"href":"https:\/\/www.gruene-mkk.de\/it\/wp-json\/wp\/v2\/media?parent=2316"}],"wp:term":[{"taxonomy":"sunflower_event_tag","embeddable":true,"href":"https:\/\/www.gruene-mkk.de\/it\/wp-json\/wp\/v2\/sunflower_event_tag?post=2316"}],"curies":[{"name":"wp","href":"https:\/\/api.w.org\/{rel}","templated":true}]}}

Mitgliederfrühstück

<p>Kommt vorbei und genießt mit uns ein leckeres Frühstück in gemütlicher Atmosphäre. Es ist eine wunderbare Gelegenheit, sich auszutauschen, neue Ideen zu entwickeln und gemeinsam in den Tag zu starten.</p>



<p>Wir freuen uns auf interessante Gespräche und ein geselliges Beisammensein. Gerne könnt ihr auch eigene Ideen und Anregungen mitbringen!</p>



<p>Hier anmelden: <a href="https://www.gruene-mkk.de/mitgliederfruehstueck-am-07-09-2024-um-1000/">https://www.gruene-mkk.de/mitgliederfruehstueck-am-07-09-2024-um-1000/</a></p>



<p>Hier anmelden: <a href="https://www.gruene-mkk.de/mitgliederfruehstueck-am-07-09-2024-um-1000/">https://www.gruene-mkk.de/mitgliederfruehstueck-am-07-09-2024-um-1000/</a></p>

<p>Kommt vorbei und genießt mit uns ein leckeres Frühstück in gemütlicher Atmosphäre. Es ist eine wunderbare Gelegenheit, sich auszutauschen, neue Ideen zu entwickeln und gemeinsam in den Tag zu starten. [&hellip;]</p>
