{"id":2169,"date":"2024-06-18T15:12:30","date_gmt":"2024-06-18T13:12:30","guid":{"rendered":"https:\/\/www.gruene-mkk.de\/?post_type=sunflower_event&#038;p=2169"},"modified":"2024-08-06T18:47:16","modified_gmt":"2024-08-06T16:47:16","slug":"kreismitgliederversammlung-11","status":"publish","type":"sunflower_event","link":"https:\/\/www.gruene-mkk.de\/it\/termine\/kreismitgliederversammlung-11\/","title":{"rendered":"Kreismitgliederversammlung"},"content":{"rendered":"\n<p>in der Klosterberghalle, Langenselbold \u2013 Auf dem Programm stehen die Wahl der Direktkandidat*innen f\u00fcr die Bundestagstagswahl 2025, Wahl der Delegierten f\u00fcr BDK, Parteirat und Landesfrauenrat.<\/p>\n\n\n\n<p>Wenn ihr euch f\u00fcr eines der \u00c4mter interessiert, meldet euch gern bei Mareike unter <a href=\"#\" data-unscramble=\"ed.kkm-eneurg@vk\">kv@gruene-mkk.de<\/a>.<\/p>\n","protected":false},"excerpt":{"rendered":"<p>in der Klosterberghalle, Langenselbold \u2013 Auf dem Programm stehen die Wahl der Direktkandidat*innen f\u00fcr die Bundestagstagswahl 2025, Wahl der Delegierten f\u00fcr BDK, Parteirat und Landesfrauenrat. Wenn ihr euch f\u00fcr eines [&hellip;]<\/p>\n","protected":false},"author":2,"featured_media":0,"comment_status":"closed","ping_status":"closed","template":"","sunflower_event_tag":[],"class_list":["post-2169","sunflower_event","type-sunflower_event","status-publish","hentry"],"_links":{"self":[{"href":"https:\/\/www.gruene-mkk.de\/it\/wp-json\/wp\/v2\/sunflower_event\/2169","targetHints":{"allow":["GET"]}}],"collection":[{"href":"https:\/\/www.gruene-mkk.de\/it\/wp-json\/wp\/v2\/sunflower_event"}],"about":[{"href":"https:\/\/www.gruene-mkk.de\/it\/wp-json\/wp\/v2\/types\/sunflower_event"}],"author":[{"embeddable":true,"href":"https:\/\/www.gruene-mkk.de\/it\/wp-json\/wp\/v2\/users\/2"}],"replies":[{"embeddable":true,"href":"https:\/\/www.gruene-mkk.de\/it\/wp-json\/wp\/v2\/comments?post=2169"}],"wp:attachment":[{"href":"https:\/\/www.gruene-mkk.de\/it\/wp-json\/wp\/v2\/media?parent=2169"}],"wp:term":[{"taxonomy":"sunflower_event_tag","embeddable":true,"href":"https:\/\/www.gruene-mkk.de\/it\/wp-json\/wp\/v2\/sunflower_event_tag?post=2169"}],"curies":[{"name":"wp","href":"https:\/\/api.w.org\/{rel}","templated":true}]}}

<p>in der Klosterberghalle, Langenselbold – Auf dem Programm stehen die Wahl der Direktkandidat*innen für die Bundestagstagswahl 2025, Wahl der Delegierten für BDK, Parteirat und Landesfrauenrat.</p>



<p>Wenn ihr euch für eines der Ämter interessiert, meldet euch gern bei Mareike unter <a href="#" data-unscramble="ed.kkm-eneurg@vk">kv@gruene-mkk.de</a>.</p>

<p>in der Klosterberghalle, Langenselbold – Auf dem Programm stehen die Wahl der Direktkandidat*innen für die Bundestagstagswahl 2025, Wahl der Delegierten für BDK, Parteirat und Landesfrauenrat. Wenn ihr euch für eines [&hellip;]</p>
