{"id":3,"date":"2018-09-03T09:05:24","date_gmt":"2018-09-03T07:05:24","guid":{"rendered":"\/?page_id=3"},"modified":"2025-12-04T00:57:27","modified_gmt":"2025-12-03T23:57:27","slug":"datenschutzerklaerung","status":"publish","type":"page","link":"https:\/\/www.gruene-mkk.de\/it\/datenschutzerklaerung\/","title":{"rendered":"Informativa sulla privacy e Impronta"},"content":{"rendered":"<p><strong>Alleanza 90\/I Verdi Main-Kinzig<br><\/strong>ufficio<br>Calvin street 10<br>63450 Hanau<\/p>\n\n\n\n<p>E-mail:&nbsp;<a href=\"#\" data-unscramble=\"ed.kkm-eneurg@vk\">kv@gruene-mkk.de<\/a><\/p>\n\n\n\n<p>Rappresentato dal consiglio distrettuale<\/p>\n\n\n\n<p>Anja Zeller, Beate Boege-Sonnek, Philip Schinkel, Steve Euler, Christine Dr\u00f6\u00dfler-Utecht, Matthias Kuponiyi-B\u00f6ff <\/p>\n\n\n\n<p><strong>Responsabile ai sensi del \u00a7 5 della legge sui media telematici (TMD):<br><\/strong>Mareike J\u00e4ger &amp; Melanie Bosold<br>Calvin street 10<br>63450 Hanau<\/p>\n\n\n\n<p><strong>Partita IVA:<\/strong>&nbsp;<\/p>\n\n\n\n<p><strong>Gruppo editoriale:<\/strong><br>Mareike J\u00e4ger &amp; Melanie Bosold<br>E-mail:&nbsp;<a href=\"#\" data-unscramble=\"ed.kkm-eneurg@vk\">kv@gruene-mkk.de<\/a><\/p>\n\n\n\n<p><\/p>\n\n\n\n<p>Sappiamo che attribuite grande importanza al tema della protezione dei dati. Pertanto, la protezione dei tuoi dati personali \u00e8 importante per noi.<\/p>\n\n\n\n<p><b>Dati personali e modulo di contatto<br>\n<\/b>I dati personali che ci trasmettete elettronicamente, ad esempio il vostro nome, indirizzo postale, indirizzo e-mail o altre informazioni personali, saranno da noi utilizzati solo per lo scopo specificato in ciascun caso, memorizzati in modo sicuro e non trasmessi a terzi. Ti invieremo le informazioni solo se ti sei registrato per i servizi appropriati.<\/p>\n\n\n\n<p><b>Diritto di revoca<br>\n<\/b>Hai il diritto di revocare il tuo consenso in qualsiasi momento; Si prega di inviare una e-mail a&nbsp;<a class=\"mail\" title=\"Apre la finestra per l&#039;invio di e-mail\">gcms(at)newthinking.de<\/a>. I tuoi dati saranno immediatamente cancellati.<\/p>\n\n\n\n<p><b>Link ad altri siti web<br>\n<\/b>Sulle nostre pagine troverete link ad altre pagine su Internet. Per tutti questi link e banner, non abbiamo alcuna influenza sul design e sul contenuto delle pagine collegate. Pertanto, non ci assumiamo alcuna responsabilit\u00e0 per il contenuto, la progettazione e le norme sulla protezione dei dati di queste pagine.<\/p>\n\n\n\n<p><b>Utilizzo dei cookie<br>\n<\/b>Esiste una tecnica denominata \"cookie\" che consente di adattare le informazioni provenienti da un sito web alle vostre esigenze. Un cookie \u00e8 un elemento di dati che un sito web pu\u00f2 inviare al tuo browser per memorizzarlo sul tuo sistema.<\/p>\n\n\n\n<p>Occasionalmente, utilizziamo anche cookie temporanei in modo da poterti supportare in modo pi\u00f9 efficace quando ritorni su tale sito web. Tuttavia, hai la possibilit\u00e0 di impostare il tuo browser in modo che ti informi quando ricevi un cookie. Quindi puoi decidere da solo se accettarlo o meno.<\/p>\n\n\n\n<p><i>Firefox (Windows):<\/i>&nbsp;\u2192Strumenti \u2192Impostazioni \u2192Privacy \u2192Crea una cronologia dopo le impostazioni personalizzate<br>\n<i>Firefox (Linux):<\/i>&nbsp;\u2192Modifica \u2192Impostazioni \u2192Privacy \u2192Crea una cronologia in base alle impostazioni definite dall'utente<br>\n<i>Internet Explorer:&nbsp;<\/i>\u2192Extra \u2192Opzioni Internet \u2192Privacy \u2192Avanzate<\/p>\n\n\n\n<p><b>Piwik<\/b><b><br>\n<\/b>Questo sito web utilizza il servizio di analisi web open source Piwik, che utilizza i cosiddetti \"cookie\". Le informazioni generate dal cookie sull'utilizzo del sito web vengono memorizzate sul nostro server. L'indirizzo IP viene reso anonimo prima dell'archiviazione.<\/p>\n\n\n\n<p>La memorizzazione dei cookie pu\u00f2 essere bloccata tramite le impostazioni del software del browser; Tuttavia, \u00e8 possibile che non tutte le funzioni di questo sito web possano essere utilizzate.<\/p>\n\n\n\n<p><b>Utilizzo di pulsanti di social media con protezione dei dati (Shariff) per Facebook, Twitter, Google+<\/b><br>\nUtilizziamo i cosiddetti pulsanti dei social media per condividere contenuti su Facebook, Twitter e Google+. Questi pulsanti appaiono sotto gli articoli e possono essere utilizzati per raccomandare singoli articoli sui social media.\u00a0I pulsanti sono utilizzati anche per attivare la visualizzazione dei feed di Facebook e Twitter e sono contrassegnati con \"Connetti a Facebook\" e \"Connetti a Twitter\".\u00a0Non appena questi pulsanti vengono attivati, viene stabilita una connessione ai server di Facebook, Twitter o Google+ e i dati dell'utente vengono trasmessi ai server esterni.<\/p>\n\n\n\n<p>Ulteriori informazioni su&nbsp;<a href=\"http:\/\/www.heise.de\/ct\/artikel\/Shariff-Social-Media-Buttons-mit-Datenschutz-2467514.html\" target=\"_blank\" rel=\"noopener\">Iniziativa di heise.de per un metodo a 2 clic denominato \"Shariff\"<\/a><\/p>\n\n\n\n<p><a href=\"http:\/\/www.alles-bleibt-anders.org\/wp-content\/uploads\/2021\/11\/Datenschutzerklaerung_Social-Media.pdf\">Qui<\/a> Clicca qui per l'informativa sulla privacy della nostra pagina Facebook.<\/p>\n\n\n\n<p><b>Integrazione di Google Maps<\/b><br>\nQuesto sito web utilizza l'API di Google Maps per visualizzare visivamente le informazioni geografiche.\u00a0Google raccoglie anche dati sui visitatori del sito web, che vengono poi elaborati e utilizzati. Ulteriori informazioni sul trattamento dei dati sono descritte nell'Informativa sulla privacy di Google:&nbsp;<a href=\"https:\/\/www.google.com\/intl\/de\/policies\/privacy\/\" target=\"_blank\" rel=\"noopener\">www.google.com\/intl\/de\/policies\/privacy\/<\/a>.\u00a0Nel Google Privacy Center, le impostazioni personali possono essere modificate e regolate.<\/p>\n\n\n\n<p>Ulteriori istruzioni su come gestire i dati personali durante l'utilizzo dei prodotti Google sono disponibili sul sito Web gestito da Google&nbsp;<a href=\"http:\/\/www.dataliberation.org\/\" target=\"_blank\" rel=\"noopener\">http:\/\/www.dataliberation.org\/<\/a><\/p>\n\n\n\n<p><b>Video incorporati di YouTube<\/b><br>\nQuesto sito web utilizza video YouTube incorporati.\u00a0Di conseguenza, i cookie sono gi\u00e0 memorizzati sul sistema degli utenti quando si accede al sito web.\u00a0Per evitare questo, deve essere bloccato nelle impostazioni del browser.<br>\nUlteriori informazioni sul trattamento dei dati e sulla protezione dei dati da parte di YouTube (Google) sono disponibili all'indirizzo&nbsp;<a href=\"http:\/\/www.google.de\/intl\/de\/policies\/privacy\/\" target=\"_blank\" rel=\"noopener\">www.google.de\/intl\/de\/policies\/privacy\/<\/a>.<\/p>\n\n\n\n<p><b>Video incorporati di Vimeo<br>\n<\/b>Questo sito web utilizza video Vimeo integrati.\u00a0Di conseguenza, i cookie sono gi\u00e0 memorizzati sul sistema degli utenti quando viene richiamata la pagina.\u00a0Per evitare questo, deve essere bloccato nelle impostazioni del browser.<br>\nUlteriori informazioni sul trattamento dei dati e sulla protezione dei dati da parte di Vimeo sono disponibili all'indirizzo&nbsp;<a href=\"https:\/\/vimeo.com\/privacy\" target=\"_blank\" rel=\"noopener\">https:\/\/vimeo.com\/privacy<\/a>.<\/p>","protected":false},"excerpt":{"rendered":"<p>B\u00dcNDNIS 90\/DIE GR\u00dcNEN Main-KinzigCalvinstra\u00dfe 1063450 Hanau Indirizzo e-mail:\u00a0kv@gruene-mkk.de Rappresentato dal dirigente distrettuale Anja Zeller, Beate Boege-Sonnek, Philip Schinkel, Steve Euler, Christine Dr\u00f6\u00dfler-Utecht, Matthias Kuponiyi-B\u00f6ff Responsabile ai sensi del \u00a7 5 Telemediengesetz (TMD):Mareike [...]<\/p>","protected":false},"author":1,"featured_media":0,"parent":0,"menu_order":0,"comment_status":"closed","ping_status":"open","template":"","meta":{"footnotes":""},"class_list":["post-3","page","type-page","status-publish","hentry"],"_links":{"self":[{"href":"https:\/\/www.gruene-mkk.de\/it\/wp-json\/wp\/v2\/pages\/3","targetHints":{"allow":["GET"]}}],"collection":[{"href":"https:\/\/www.gruene-mkk.de\/it\/wp-json\/wp\/v2\/pages"}],"about":[{"href":"https:\/\/www.gruene-mkk.de\/it\/wp-json\/wp\/v2\/types\/page"}],"author":[{"embeddable":true,"href":"https:\/\/www.gruene-mkk.de\/it\/wp-json\/wp\/v2\/users\/1"}],"replies":[{"embeddable":true,"href":"https:\/\/www.gruene-mkk.de\/it\/wp-json\/wp\/v2\/comments?post=3"}],"version-history":[{"count":8,"href":"https:\/\/www.gruene-mkk.de\/it\/wp-json\/wp\/v2\/pages\/3\/revisions"}],"predecessor-version":[{"id":3041,"href":"https:\/\/www.gruene-mkk.de\/it\/wp-json\/wp\/v2\/pages\/3\/revisions\/3041"}],"wp:attachment":[{"href":"https:\/\/www.gruene-mkk.de\/it\/wp-json\/wp\/v2\/media?parent=3"}],"curies":[{"name":"wp","href":"https:\/\/api.w.org\/{rel}","templated":true}]}}

<p><strong>Alleanza 90/I Verdi Main-Kinzig<br></strong>ufficio<br>Calvin street 10<br>63450 Hanau</p>



<p>E-mail:&nbsp;<a href="#" data-unscramble="ed.kkm-eneurg@vk">kv@gruene-mkk.de</a></p>



<p>Rappresentato dal consiglio distrettuale</p>



<p>Anja Zeller, Beate Boege-Sonnek, Philip Schinkel, Steve Euler, Christine Drößler-Utecht, Matthias Kuponiyi-Böff </p>



<p><strong>Responsabile ai sensi del § 5 della legge sui media telematici (TMD):<br></strong>Mareike Jäger &amp; Melanie Bosold<br>Calvin street 10<br>63450 Hanau</p>



<p><strong>Partita IVA:</strong>&nbsp;</p>



<p><strong>Gruppo editoriale:</strong><br>Mareike Jäger &amp; Melanie Bosold<br>E-mail:&nbsp;<a href="#" data-unscramble="ed.kkm-eneurg@vk">kv@gruene-mkk.de</a></p>



<p></p>



<p>Sappiamo che attribuite grande importanza al tema della protezione dei dati. Pertanto, la protezione dei tuoi dati personali è importante per noi.</p>



<p><b>Dati personali e modulo di contatto<br>
</b>I dati personali che ci trasmettete elettronicamente, ad esempio il vostro nome, indirizzo postale, indirizzo e-mail o altre informazioni personali, saranno da noi utilizzati solo per lo scopo specificato in ciascun caso, memorizzati in modo sicuro e non trasmessi a terzi. Ti invieremo le informazioni solo se ti sei registrato per i servizi appropriati.</p>



<p><b>Diritto di revoca<br>
</b>Hai il diritto di revocare il tuo consenso in qualsiasi momento; Si prega di inviare una e-mail a&nbsp;<a class="mail" title="Apre la finestra per l&#039;invio di e-mail">gcms(at)newthinking.de</a>. I tuoi dati saranno immediatamente cancellati.</p>



<p><b>Link ad altri siti web<br>
</b>Sulle nostre pagine troverete link ad altre pagine su Internet. Per tutti questi link e banner, non abbiamo alcuna influenza sul design e sul contenuto delle pagine collegate. Pertanto, non ci assumiamo alcuna responsabilità per il contenuto, la progettazione e le norme sulla protezione dei dati di queste pagine.</p>



<p><b>Utilizzo dei cookie<br>
</b>Esiste una tecnica denominata "cookie" che consente di adattare le informazioni provenienti da un sito web alle vostre esigenze. Un cookie è un elemento di dati che un sito web può inviare al tuo browser per memorizzarlo sul tuo sistema.</p>



<p>Occasionalmente, utilizziamo anche cookie temporanei in modo da poterti supportare in modo più efficace quando ritorni su tale sito web. Tuttavia, hai la possibilità di impostare il tuo browser in modo che ti informi quando ricevi un cookie. Quindi puoi decidere da solo se accettarlo o meno.</p>



<p><i>Firefox (Windows):</i>&nbsp;→Strumenti →Impostazioni →Privacy →Crea una cronologia dopo le impostazioni personalizzate<br>
<i>Firefox (Linux):</i>&nbsp;→Modifica →Impostazioni →Privacy →Crea una cronologia in base alle impostazioni definite dall'utente<br>
<i>Internet Explorer:&nbsp;</i>→Extra →Opzioni Internet →Privacy →Avanzate</p>



<p><b>Piwik</b><b><br>
</b>Questo sito web utilizza il servizio di analisi web open source Piwik, che utilizza i cosiddetti "cookie". Le informazioni generate dal cookie sull'utilizzo del sito web vengono memorizzate sul nostro server. L'indirizzo IP viene reso anonimo prima dell'archiviazione.</p>



<p>La memorizzazione dei cookie può essere bloccata tramite le impostazioni del software del browser; Tuttavia, è possibile che non tutte le funzioni di questo sito web possano essere utilizzate.</p>



<p><b>Utilizzo di pulsanti di social media con protezione dei dati (Shariff) per Facebook, Twitter, Google+</b><br>
Utilizziamo i cosiddetti pulsanti dei social media per condividere contenuti su Facebook, Twitter e Google+. Questi pulsanti appaiono sotto gli articoli e possono essere utilizzati per raccomandare singoli articoli sui social media. I pulsanti sono utilizzati anche per attivare la visualizzazione dei feed di Facebook e Twitter e sono contrassegnati con "Connetti a Facebook" e "Connetti a Twitter". Non appena questi pulsanti vengono attivati, viene stabilita una connessione ai server di Facebook, Twitter o Google+ e i dati dell'utente vengono trasmessi ai server esterni.</p>



<p>Ulteriori informazioni su&nbsp;<a href="http://www.heise.de/ct/artikel/Shariff-Social-Media-Buttons-mit-Datenschutz-2467514.html" target="_blank" rel="noopener">Iniziativa di heise.de per un metodo a 2 clic denominato "Shariff"</a></p>



<p><a href="http://www.alles-bleibt-anders.org/wp-content/uploads/2021/11/Datenschutzerklaerung_Social-Media.pdf">Qui</a> Clicca qui per l'informativa sulla privacy della nostra pagina Facebook.</p>



<p><b>Integrazione di Google Maps</b><br>
Questo sito web utilizza l'API di Google Maps per visualizzare visivamente le informazioni geografiche. Google raccoglie anche dati sui visitatori del sito web, che vengono poi elaborati e utilizzati. Ulteriori informazioni sul trattamento dei dati sono descritte nell'Informativa sulla privacy di Google:&nbsp;<a href="https://www.google.com/intl/de/policies/privacy/" target="_blank" rel="noopener">www.google.com/intl/de/policies/privacy/</a>. Nel Google Privacy Center, le impostazioni personali possono essere modificate e regolate.</p>



<p>Ulteriori istruzioni su come gestire i dati personali durante l'utilizzo dei prodotti Google sono disponibili sul sito Web gestito da Google&nbsp;<a href="http://www.dataliberation.org/" target="_blank" rel="noopener">http://www.dataliberation.org/</a></p>



<p><b>Video incorporati di YouTube</b><br>
Questo sito web utilizza video YouTube incorporati. Di conseguenza, i cookie sono già memorizzati sul sistema degli utenti quando si accede al sito web. Per evitare questo, deve essere bloccato nelle impostazioni del browser.<br>
Ulteriori informazioni sul trattamento dei dati e sulla protezione dei dati da parte di YouTube (Google) sono disponibili all'indirizzo&nbsp;<a href="http://www.google.de/intl/de/policies/privacy/" target="_blank" rel="noopener">www.google.de/intl/de/policies/privacy/</a>.</p>



<p><b>Video incorporati di Vimeo<br>
</b>Questo sito web utilizza video Vimeo integrati. Di conseguenza, i cookie sono già memorizzati sul sistema degli utenti quando viene richiamata la pagina. Per evitare questo, deve essere bloccato nelle impostazioni del browser.<br>
Ulteriori informazioni sul trattamento dei dati e sulla protezione dei dati da parte di Vimeo sono disponibili all'indirizzo&nbsp;<a href="https://vimeo.com/privacy" target="_blank" rel="noopener">https://vimeo.com/privacy</a>.</p>

<p>BÜNDNIS 90/DIE GRÜNEN Main-KinzigCalvinstraße 1063450 Hanau Indirizzo e-mail: kv@gruene-mkk.de Rappresentato dal dirigente distrettuale Anja Zeller, Beate Boege-Sonnek, Philip Schinkel, Steve Euler, Christine Drößler-Utecht, Matthias Kuponiyi-Böff Responsabile ai sensi del § 5 Telemediengesetz (TMD):Mareike [...]</p>
