{"id":2171,"date":"2024-04-29T12:22:29","date_gmt":"2024-04-29T10:22:29","guid":{"rendered":"https:\/\/www.gruene-mkk.de\/?post_type=sunflower_event&#038;p=2171"},"modified":"2024-12-10T17:40:59","modified_gmt":"2024-12-10T16:40:59","slug":"neujahrsempfang","status":"publish","type":"sunflower_event","link":"https:\/\/www.gruene-mkk.de\/hr\/termine\/neujahrsempfang\/","title":{"rendered":"Neujahrsempfang"},"content":{"rendered":"\n<p>Wir freuen uns mit euch in das neue Jahr zu starten! Dazu laden wir euch herzlich zu unserem Neujahrsemfpang am Sa, 18.01.2025 ins Brockenhaus, Hanau ein. <\/p>\n\n\n\n<p>Lasst uns gemeinsam das neue Jahr begr\u00fc\u00dfen und mit frischer Energie in die kommenden Herausforderungen starten. Wir freuen uns sehr, dass <strong>Anna L\u00fchrmann<\/strong>, unsere Bundestagsabgeordnete, den Weg aus Berlin zu uns findet! Sie wird aus ihrer Arbeit berichten und uns mit einem motivierenden Impuls auf den Bundestagswahlkampf einstimmen.<\/p>\n","protected":false},"excerpt":{"rendered":"<p>Wir freuen uns mit euch in das neue Jahr zu starten! Dazu laden wir euch herzlich zu unserem Neujahrsemfpang am Sa, 18.01.2025 ins Brockenhaus, Hanau ein. Lasst uns gemeinsam das [&hellip;]<\/p>\n","protected":false},"author":2,"featured_media":0,"comment_status":"closed","ping_status":"closed","template":"","sunflower_event_tag":[],"class_list":["post-2171","sunflower_event","type-sunflower_event","status-publish","hentry"],"_links":{"self":[{"href":"https:\/\/www.gruene-mkk.de\/hr\/wp-json\/wp\/v2\/sunflower_event\/2171","targetHints":{"allow":["GET"]}}],"collection":[{"href":"https:\/\/www.gruene-mkk.de\/hr\/wp-json\/wp\/v2\/sunflower_event"}],"about":[{"href":"https:\/\/www.gruene-mkk.de\/hr\/wp-json\/wp\/v2\/types\/sunflower_event"}],"author":[{"embeddable":true,"href":"https:\/\/www.gruene-mkk.de\/hr\/wp-json\/wp\/v2\/users\/2"}],"replies":[{"embeddable":true,"href":"https:\/\/www.gruene-mkk.de\/hr\/wp-json\/wp\/v2\/comments?post=2171"}],"wp:attachment":[{"href":"https:\/\/www.gruene-mkk.de\/hr\/wp-json\/wp\/v2\/media?parent=2171"}],"wp:term":[{"taxonomy":"sunflower_event_tag","embeddable":true,"href":"https:\/\/www.gruene-mkk.de\/hr\/wp-json\/wp\/v2\/sunflower_event_tag?post=2171"}],"curies":[{"name":"wp","href":"https:\/\/api.w.org\/{rel}","templated":true}]}}

<p>Wir freuen uns mit euch in das neue Jahr zu starten! Dazu laden wir euch herzlich zu unserem Neujahrsemfpang am Sa, 18.01.2025 ins Brockenhaus, Hanau ein. </p>



<p>Lasst uns gemeinsam das neue Jahr begrüßen und mit frischer Energie in die kommenden Herausforderungen starten. Wir freuen uns sehr, dass <strong>Anna Lührmann</strong>, unsere Bundestagsabgeordnete, den Weg aus Berlin zu uns findet! Sie wird aus ihrer Arbeit berichten und uns mit einem motivierenden Impuls auf den Bundestagswahlkampf einstimmen.</p>
