{"id":21,"date":"2021-11-09T12:34:02","date_gmt":"2021-11-09T11:34:02","guid":{"rendered":"https:\/\/www.alles-bleibt-anders.org\/?page_id=21"},"modified":"2025-12-23T10:25:10","modified_gmt":"2025-12-23T09:25:10","slug":"kreisvorstand","status":"publish","type":"page","link":"https:\/\/www.gruene-mkk.de\/hr\/partei\/kreisvorstand\/","title":{"rendered":"Upravni odbor okruga"},"content":{"rendered":"<h2 class=\"wp-block-heading\">Na\u0161 op\u0107inski odbor<\/h2>\n\n\n\n<div class=\"wp-block-columns is-layout-flex wp-container-core-columns-is-layout-9d6595d7 wp-block-columns-is-layout-flex\">\n<div class=\"wp-block-column mb-md-4 is-layout-flow wp-block-column-is-layout-flow\">\n<div class=\"wp-block-columns is-layout-flex wp-container-core-columns-is-layout-9d6595d7 wp-block-columns-is-layout-flex\">\n<div class=\"wp-block-column is-layout-flow wp-block-column-is-layout-flow\">\n<div class=\"wp-block-media-text alignwide is-stacked-on-mobile person has-shadow\"><figure class=\"wp-block-media-text__media\"><img loading=\"lazy\" decoding=\"async\" width=\"800\" height=\"738\" src=\"https:\/\/www.gruene-mkk.de\/wp-content\/uploads\/2025\/08\/Text-auf-Bild-1-e1754409390553-800x738.png\" alt=\"\" class=\"wp-image-2863 size-full\" srcset=\"https:\/\/www.gruene-mkk.de\/wp-content\/uploads\/2025\/08\/Text-auf-Bild-1-e1754409390553-800x738.png 800w, https:\/\/www.gruene-mkk.de\/wp-content\/uploads\/2025\/08\/Text-auf-Bild-1-e1754409390553-400x369.png 400w, https:\/\/www.gruene-mkk.de\/wp-content\/uploads\/2025\/08\/Text-auf-Bild-1-e1754409390553-768x709.png 768w, https:\/\/www.gruene-mkk.de\/wp-content\/uploads\/2025\/08\/Text-auf-Bild-1-e1754409390553.png 997w\" sizes=\"auto, (max-width: 800px) 100vw, 800px\" \/><\/figure><div class=\"wp-block-media-text__content\">\n<p class=\"person-name has-large-font-size\"><strong>Anja Zeller<\/strong><\/p>\n\n\n\n<p class=\"person-description\">Suglasnik<\/p>\n\n\n\n<p class=\"person-mail no-link\"><a href=\"#\" data-unscramble=\"ed.emanhcan.emanrov@liam\">anja.zeller@gruene-mkk.de<\/a><\/p>\n\n\n\n<p><\/p>\n<\/div><\/div>\n<\/div>\n\n\n\n<div class=\"wp-block-column is-layout-flow wp-block-column-is-layout-flow\">\n<div class=\"wp-block-media-text alignwide is-stacked-on-mobile person has-shadow\"><figure class=\"wp-block-media-text__media\"><img loading=\"lazy\" decoding=\"async\" width=\"800\" height=\"738\" src=\"https:\/\/www.gruene-mkk.de\/wp-content\/uploads\/2025\/08\/Text-auf-Bild-1-e1754409390553-800x738.png\" alt=\"\" class=\"wp-image-2863 size-full\" srcset=\"https:\/\/www.gruene-mkk.de\/wp-content\/uploads\/2025\/08\/Text-auf-Bild-1-e1754409390553-800x738.png 800w, https:\/\/www.gruene-mkk.de\/wp-content\/uploads\/2025\/08\/Text-auf-Bild-1-e1754409390553-400x369.png 400w, https:\/\/www.gruene-mkk.de\/wp-content\/uploads\/2025\/08\/Text-auf-Bild-1-e1754409390553-768x709.png 768w, https:\/\/www.gruene-mkk.de\/wp-content\/uploads\/2025\/08\/Text-auf-Bild-1-e1754409390553.png 997w\" sizes=\"auto, (max-width: 800px) 100vw, 800px\" \/><\/figure><div class=\"wp-block-media-text__content\">\n<p class=\"h4 has-large-font-size\"><strong>Philip Schinkel<\/strong><\/p>\n\n\n\n<p>Suglasnik<\/p>\n\n\n\n<p class=\"no-link\"><a href=\"#\" data-unscramble=\"ed.leknihcspilihp@ollah\">hallo@philipschinkel.de<\/a><\/p>\n<\/div><\/div>\n\n\n\n<p><\/p>\n<\/div>\n\n\n\n<div class=\"wp-block-column is-layout-flow wp-block-column-is-layout-flow\">\n<div class=\"wp-block-media-text alignwide is-stacked-on-mobile person has-shadow\"><figure class=\"wp-block-media-text__media\"><img loading=\"lazy\" decoding=\"async\" width=\"800\" height=\"738\" src=\"https:\/\/www.gruene-mkk.de\/wp-content\/uploads\/2025\/08\/Text-auf-Bild-1-e1754409390553-800x738.png\" alt=\"\" class=\"wp-image-2863 size-full\" srcset=\"https:\/\/www.gruene-mkk.de\/wp-content\/uploads\/2025\/08\/Text-auf-Bild-1-e1754409390553-800x738.png 800w, https:\/\/www.gruene-mkk.de\/wp-content\/uploads\/2025\/08\/Text-auf-Bild-1-e1754409390553-400x369.png 400w, https:\/\/www.gruene-mkk.de\/wp-content\/uploads\/2025\/08\/Text-auf-Bild-1-e1754409390553-768x709.png 768w, https:\/\/www.gruene-mkk.de\/wp-content\/uploads\/2025\/08\/Text-auf-Bild-1-e1754409390553.png 997w\" sizes=\"auto, (max-width: 800px) 100vw, 800px\" \/><\/figure><div class=\"wp-block-media-text__content\">\n<p class=\"h4 has-large-font-size\"><strong>Beate Boege-Sonnek<\/strong><\/p>\n\n\n\n<p>Okru\u017eni blagajnik<\/p>\n\n\n\n<p><\/p>\n<\/div><\/div>\n\n\n\n<p><\/p>\n<\/div>\n<\/div>\n<\/div>\n<\/div>\n\n\n\n<div class=\"wp-block-columns is-layout-flex wp-container-core-columns-is-layout-9d6595d7 wp-block-columns-is-layout-flex\">\n<div class=\"wp-block-column mb-md-4 is-layout-flow wp-block-column-is-layout-flow\">\n<div class=\"wp-block-columns is-layout-flex wp-container-core-columns-is-layout-9d6595d7 wp-block-columns-is-layout-flex\">\n<div class=\"wp-block-column is-layout-flow wp-block-column-is-layout-flow\">\n<div class=\"wp-block-media-text alignwide is-stacked-on-mobile person has-shadow\"><figure class=\"wp-block-media-text__media\"><img loading=\"lazy\" decoding=\"async\" width=\"800\" height=\"738\" src=\"https:\/\/www.gruene-mkk.de\/wp-content\/uploads\/2025\/08\/Text-auf-Bild-1-e1754409390553-800x738.png\" alt=\"\" class=\"wp-image-2863 size-full\" srcset=\"https:\/\/www.gruene-mkk.de\/wp-content\/uploads\/2025\/08\/Text-auf-Bild-1-e1754409390553-800x738.png 800w, https:\/\/www.gruene-mkk.de\/wp-content\/uploads\/2025\/08\/Text-auf-Bild-1-e1754409390553-400x369.png 400w, https:\/\/www.gruene-mkk.de\/wp-content\/uploads\/2025\/08\/Text-auf-Bild-1-e1754409390553-768x709.png 768w, https:\/\/www.gruene-mkk.de\/wp-content\/uploads\/2025\/08\/Text-auf-Bild-1-e1754409390553.png 997w\" sizes=\"auto, (max-width: 800px) 100vw, 800px\" \/><\/figure><div class=\"wp-block-media-text__content\">\n<p class=\"person-name has-large-font-size\">Steve Euler<\/p>\n\n\n\n<p class=\"person-description\">susjedi\u0161te<\/p>\n\n\n\n<p class=\"person-mail no-link\"><\/p>\n<\/div><\/div>\n<\/div>\n\n\n\n<div class=\"wp-block-column is-layout-flow wp-block-column-is-layout-flow\">\n\n\n<p><\/p>\n<\/div>\n\n\n\n<div class=\"wp-block-column is-layout-flow wp-block-column-is-layout-flow\">\n<div class=\"wp-block-media-text alignwide is-stacked-on-mobile person has-shadow\"><figure class=\"wp-block-media-text__media\"><img loading=\"lazy\" decoding=\"async\" width=\"800\" height=\"738\" src=\"https:\/\/www.gruene-mkk.de\/wp-content\/uploads\/2025\/08\/Text-auf-Bild-1-e1754409390553-800x738.png\" alt=\"\" class=\"wp-image-2863 size-full\" srcset=\"https:\/\/www.gruene-mkk.de\/wp-content\/uploads\/2025\/08\/Text-auf-Bild-1-e1754409390553-800x738.png 800w, https:\/\/www.gruene-mkk.de\/wp-content\/uploads\/2025\/08\/Text-auf-Bild-1-e1754409390553-400x369.png 400w, https:\/\/www.gruene-mkk.de\/wp-content\/uploads\/2025\/08\/Text-auf-Bild-1-e1754409390553-768x709.png 768w, https:\/\/www.gruene-mkk.de\/wp-content\/uploads\/2025\/08\/Text-auf-Bild-1-e1754409390553.png 997w\" sizes=\"auto, (max-width: 800px) 100vw, 800px\" \/><\/figure><div class=\"wp-block-media-text__content\">\n<p class=\"h4 has-large-font-size\"><strong><strong>Christine Dr\u00f6\u00dfler-Utecht<\/strong><\/strong><\/p>\n\n\n\n<p>ocjenjiva\u010d<\/p>\n\n\n\n<p><\/p>\n<\/div><\/div>\n\n\n\n<p><\/p>\n<\/div>\n<\/div>\n<\/div>\n<\/div>\n\n\n\n<div class=\"wp-block-columns is-layout-flex wp-container-core-columns-is-layout-9d6595d7 wp-block-columns-is-layout-flex\">\n<div class=\"wp-block-column mb-md-4 is-layout-flow wp-block-column-is-layout-flow\">\n<div class=\"wp-block-columns is-layout-flex wp-container-core-columns-is-layout-9d6595d7 wp-block-columns-is-layout-flex\">\n<div class=\"wp-block-column is-layout-flow wp-block-column-is-layout-flow\">\n<div class=\"wp-block-media-text alignwide is-stacked-on-mobile person has-shadow\"><figure class=\"wp-block-media-text__media\"><img loading=\"lazy\" decoding=\"async\" width=\"800\" height=\"738\" src=\"https:\/\/www.gruene-mkk.de\/wp-content\/uploads\/2025\/08\/Text-auf-Bild-1-e1754409390553-800x738.png\" alt=\"\" class=\"wp-image-2863 size-full\" srcset=\"https:\/\/www.gruene-mkk.de\/wp-content\/uploads\/2025\/08\/Text-auf-Bild-1-e1754409390553-800x738.png 800w, https:\/\/www.gruene-mkk.de\/wp-content\/uploads\/2025\/08\/Text-auf-Bild-1-e1754409390553-400x369.png 400w, https:\/\/www.gruene-mkk.de\/wp-content\/uploads\/2025\/08\/Text-auf-Bild-1-e1754409390553-768x709.png 768w, https:\/\/www.gruene-mkk.de\/wp-content\/uploads\/2025\/08\/Text-auf-Bild-1-e1754409390553.png 997w\" sizes=\"auto, (max-width: 800px) 100vw, 800px\" \/><\/figure><div class=\"wp-block-media-text__content\">\n<p class=\"person-name has-large-font-size\">Luise \u010dipke<\/p>\n\n\n\n<p>Suglasnik<\/p>\n\n\n\n<p class=\"person-description\">Zelena mladost Main-Kinzig<\/p>\n\n\n\n<p class=\"person-mail no-link\"><a href=\"#\" data-unscramble=\"ed.kkm-eneurg@rereunhcs.esiul\">luise.schnuerer@gruene-mkk.de<\/a><\/p>\n<\/div><\/div>\n<\/div>\n\n\n\n<div class=\"wp-block-column is-layout-flow wp-block-column-is-layout-flow\">\n<div class=\"wp-block-media-text alignwide is-stacked-on-mobile person has-shadow\"><figure class=\"wp-block-media-text__media\"><img loading=\"lazy\" decoding=\"async\" width=\"800\" height=\"738\" src=\"https:\/\/www.gruene-mkk.de\/wp-content\/uploads\/2025\/08\/Text-auf-Bild-1-e1754409390553-800x738.png\" alt=\"\" class=\"wp-image-2863 size-full\" srcset=\"https:\/\/www.gruene-mkk.de\/wp-content\/uploads\/2025\/08\/Text-auf-Bild-1-e1754409390553-800x738.png 800w, https:\/\/www.gruene-mkk.de\/wp-content\/uploads\/2025\/08\/Text-auf-Bild-1-e1754409390553-400x369.png 400w, https:\/\/www.gruene-mkk.de\/wp-content\/uploads\/2025\/08\/Text-auf-Bild-1-e1754409390553-768x709.png 768w, https:\/\/www.gruene-mkk.de\/wp-content\/uploads\/2025\/08\/Text-auf-Bild-1-e1754409390553.png 997w\" sizes=\"auto, (max-width: 800px) 100vw, 800px\" \/><\/figure><div class=\"wp-block-media-text__content\">\n<p class=\"h4 has-large-font-size\"><strong>Lennart H\u00e4ring<\/strong><\/p>\n\n\n\n<p>Suglasnik<\/p>\n\n\n\n<p>Zelena mladost Main-Kinzig<\/p>\n\n\n\n<p class=\"no-link\"><a href=\"#\" data-unscramble=\"ed.kkm-eneurg@gnireah.trannel\">lennart.haering@gruene-mkk.de<\/a><\/p>\n<\/div><\/div>\n\n\n\n<p><\/p>\n<\/div>\n\n\n\n<div class=\"wp-block-column is-layout-flow wp-block-column-is-layout-flow\">\n<div class=\"wp-block-media-text alignwide is-stacked-on-mobile person has-shadow\"><figure class=\"wp-block-media-text__media\"><img loading=\"lazy\" decoding=\"async\" width=\"800\" height=\"738\" src=\"https:\/\/www.gruene-mkk.de\/wp-content\/uploads\/2025\/08\/Text-auf-Bild-1-e1754409390553-800x738.png\" alt=\"\" class=\"wp-image-2863 size-full\" srcset=\"https:\/\/www.gruene-mkk.de\/wp-content\/uploads\/2025\/08\/Text-auf-Bild-1-e1754409390553-800x738.png 800w, https:\/\/www.gruene-mkk.de\/wp-content\/uploads\/2025\/08\/Text-auf-Bild-1-e1754409390553-400x369.png 400w, https:\/\/www.gruene-mkk.de\/wp-content\/uploads\/2025\/08\/Text-auf-Bild-1-e1754409390553-768x709.png 768w, https:\/\/www.gruene-mkk.de\/wp-content\/uploads\/2025\/08\/Text-auf-Bild-1-e1754409390553.png 997w\" sizes=\"auto, (max-width: 800px) 100vw, 800px\" \/><\/figure><div class=\"wp-block-media-text__content\">\n<p class=\"h4 has-large-font-size\"><strong>Mahwish Iftikha<\/strong>r<\/p>\n\n\n\n<p>Predsjednik kluba zastupnika<\/p>\n\n\n\n<p class=\"no-link\"><a href=\"\/hr\/fraktion@gruene-mkk.de\/\">fraktion@gruene-mkk.de<\/a><\/p>\n<\/div><\/div>\n\n\n\n<p><\/p>\n<\/div>\n<\/div>\n<\/div>\n<\/div>","protected":false},"excerpt":{"rendered":"<p>Na\u0161 okrug odbora Anja Zeller Co-Speaker anja.zeller@gruene-mkk.de Philip Schinkel Co-Speaker hello@philipschinkel.de Beate Boege-Sonnek District Treasurer Steve Euler Supredsjedatelj Matthias Kuponiyi-B\u00f6ff Supredsjedateljica Christine Dr\u00f6\u00dfler-Utecht Supredsjedateljica Luise Schn\u00fcrer Sugovornica Green Youth Main-Kinzig luise.schnuer@gruene-mk.de Lennart [...]<\/p>","protected":false},"author":2,"featured_media":0,"parent":18,"menu_order":0,"comment_status":"closed","ping_status":"closed","template":"","meta":{"footnotes":""},"class_list":["post-21","page","type-page","status-publish","hentry"],"_links":{"self":[{"href":"https:\/\/www.gruene-mkk.de\/hr\/wp-json\/wp\/v2\/pages\/21","targetHints":{"allow":["GET"]}}],"collection":[{"href":"https:\/\/www.gruene-mkk.de\/hr\/wp-json\/wp\/v2\/pages"}],"about":[{"href":"https:\/\/www.gruene-mkk.de\/hr\/wp-json\/wp\/v2\/types\/page"}],"author":[{"embeddable":true,"href":"https:\/\/www.gruene-mkk.de\/hr\/wp-json\/wp\/v2\/users\/2"}],"replies":[{"embeddable":true,"href":"https:\/\/www.gruene-mkk.de\/hr\/wp-json\/wp\/v2\/comments?post=21"}],"version-history":[{"count":40,"href":"https:\/\/www.gruene-mkk.de\/hr\/wp-json\/wp\/v2\/pages\/21\/revisions"}],"predecessor-version":[{"id":3145,"href":"https:\/\/www.gruene-mkk.de\/hr\/wp-json\/wp\/v2\/pages\/21\/revisions\/3145"}],"up":[{"embeddable":true,"href":"https:\/\/www.gruene-mkk.de\/hr\/wp-json\/wp\/v2\/pages\/18"}],"wp:attachment":[{"href":"https:\/\/www.gruene-mkk.de\/hr\/wp-json\/wp\/v2\/media?parent=21"}],"curies":[{"name":"wp","href":"https:\/\/api.w.org\/{rel}","templated":true}]}}

<h2 class="wp-block-heading">Naš općinski odbor</h2>



<div class="wp-block-columns is-layout-flex wp-container-core-columns-is-layout-9d6595d7 wp-block-columns-is-layout-flex">
<div class="wp-block-column mb-md-4 is-layout-flow wp-block-column-is-layout-flow">
<div class="wp-block-columns is-layout-flex wp-container-core-columns-is-layout-9d6595d7 wp-block-columns-is-layout-flex">
<div class="wp-block-column is-layout-flow wp-block-column-is-layout-flow">
<div class="wp-block-media-text alignwide is-stacked-on-mobile person has-shadow"><figure class="wp-block-media-text__media"><img loading="lazy" decoding="async" width="800" height="738" src="https://www.gruene-mkk.de/wp-content/uploads/2025/08/Text-auf-Bild-1-e1754409390553-800x738.png" alt="" class="wp-image-2863 size-full" srcset="https://www.gruene-mkk.de/wp-content/uploads/2025/08/Text-auf-Bild-1-e1754409390553-800x738.png 800w, https://www.gruene-mkk.de/wp-content/uploads/2025/08/Text-auf-Bild-1-e1754409390553-400x369.png 400w, https://www.gruene-mkk.de/wp-content/uploads/2025/08/Text-auf-Bild-1-e1754409390553-768x709.png 768w, https://www.gruene-mkk.de/wp-content/uploads/2025/08/Text-auf-Bild-1-e1754409390553.png 997w" sizes="auto, (max-width: 800px) 100vw, 800px" /></figure><div class="wp-block-media-text__content">
<p class="person-name has-large-font-size"><strong>Anja Zeller</strong></p>



<p class="person-description">Suglasnik</p>



<p class="person-mail no-link"><a href="#" data-unscramble="ed.emanhcan.emanrov@liam">anja.zeller@gruene-mkk.de</a></p>



<p></p>
</div></div>
</div>



<div class="wp-block-column is-layout-flow wp-block-column-is-layout-flow">
<div class="wp-block-media-text alignwide is-stacked-on-mobile person has-shadow"><figure class="wp-block-media-text__media"><img loading="lazy" decoding="async" width="800" height="738" src="https://www.gruene-mkk.de/wp-content/uploads/2025/08/Text-auf-Bild-1-e1754409390553-800x738.png" alt="" class="wp-image-2863 size-full" srcset="https://www.gruene-mkk.de/wp-content/uploads/2025/08/Text-auf-Bild-1-e1754409390553-800x738.png 800w, https://www.gruene-mkk.de/wp-content/uploads/2025/08/Text-auf-Bild-1-e1754409390553-400x369.png 400w, https://www.gruene-mkk.de/wp-content/uploads/2025/08/Text-auf-Bild-1-e1754409390553-768x709.png 768w, https://www.gruene-mkk.de/wp-content/uploads/2025/08/Text-auf-Bild-1-e1754409390553.png 997w" sizes="auto, (max-width: 800px) 100vw, 800px" /></figure><div class="wp-block-media-text__content">
<p class="h4 has-large-font-size"><strong>Philip Schinkel</strong></p>



<p>Suglasnik</p>



<p class="no-link"><a href="#" data-unscramble="ed.leknihcspilihp@ollah">hallo@philipschinkel.de</a></p>
</div></div>



<p></p>
</div>



<div class="wp-block-column is-layout-flow wp-block-column-is-layout-flow">
<div class="wp-block-media-text alignwide is-stacked-on-mobile person has-shadow"><figure class="wp-block-media-text__media"><img loading="lazy" decoding="async" width="800" height="738" src="https://www.gruene-mkk.de/wp-content/uploads/2025/08/Text-auf-Bild-1-e1754409390553-800x738.png" alt="" class="wp-image-2863 size-full" srcset="https://www.gruene-mkk.de/wp-content/uploads/2025/08/Text-auf-Bild-1-e1754409390553-800x738.png 800w, https://www.gruene-mkk.de/wp-content/uploads/2025/08/Text-auf-Bild-1-e1754409390553-400x369.png 400w, https://www.gruene-mkk.de/wp-content/uploads/2025/08/Text-auf-Bild-1-e1754409390553-768x709.png 768w, https://www.gruene-mkk.de/wp-content/uploads/2025/08/Text-auf-Bild-1-e1754409390553.png 997w" sizes="auto, (max-width: 800px) 100vw, 800px" /></figure><div class="wp-block-media-text__content">
<p class="h4 has-large-font-size"><strong>Beate Boege-Sonnek</strong></p>



<p>Okružni blagajnik</p>



<p></p>
</div></div>



<p></p>
</div>
</div>
</div>
</div>



<div class="wp-block-columns is-layout-flex wp-container-core-columns-is-layout-9d6595d7 wp-block-columns-is-layout-flex">
<div class="wp-block-column mb-md-4 is-layout-flow wp-block-column-is-layout-flow">
<div class="wp-block-columns is-layout-flex wp-container-core-columns-is-layout-9d6595d7 wp-block-columns-is-layout-flex">
<div class="wp-block-column is-layout-flow wp-block-column-is-layout-flow">
<div class="wp-block-media-text alignwide is-stacked-on-mobile person has-shadow"><figure class="wp-block-media-text__media"><img loading="lazy" decoding="async" width="800" height="738" src="https://www.gruene-mkk.de/wp-content/uploads/2025/08/Text-auf-Bild-1-e1754409390553-800x738.png" alt="" class="wp-image-2863 size-full" srcset="https://www.gruene-mkk.de/wp-content/uploads/2025/08/Text-auf-Bild-1-e1754409390553-800x738.png 800w, https://www.gruene-mkk.de/wp-content/uploads/2025/08/Text-auf-Bild-1-e1754409390553-400x369.png 400w, https://www.gruene-mkk.de/wp-content/uploads/2025/08/Text-auf-Bild-1-e1754409390553-768x709.png 768w, https://www.gruene-mkk.de/wp-content/uploads/2025/08/Text-auf-Bild-1-e1754409390553.png 997w" sizes="auto, (max-width: 800px) 100vw, 800px" /></figure><div class="wp-block-media-text__content">
<p class="person-name has-large-font-size">Steve Euler</p>



<p class="person-description">susjedište</p>



<p class="person-mail no-link"></p>
</div></div>
</div>



<div class="wp-block-column is-layout-flow wp-block-column-is-layout-flow">


<p></p>
</div>



<div class="wp-block-column is-layout-flow wp-block-column-is-layout-flow">
<div class="wp-block-media-text alignwide is-stacked-on-mobile person has-shadow"><figure class="wp-block-media-text__media"><img loading="lazy" decoding="async" width="800" height="738" src="https://www.gruene-mkk.de/wp-content/uploads/2025/08/Text-auf-Bild-1-e1754409390553-800x738.png" alt="" class="wp-image-2863 size-full" srcset="https://www.gruene-mkk.de/wp-content/uploads/2025/08/Text-auf-Bild-1-e1754409390553-800x738.png 800w, https://www.gruene-mkk.de/wp-content/uploads/2025/08/Text-auf-Bild-1-e1754409390553-400x369.png 400w, https://www.gruene-mkk.de/wp-content/uploads/2025/08/Text-auf-Bild-1-e1754409390553-768x709.png 768w, https://www.gruene-mkk.de/wp-content/uploads/2025/08/Text-auf-Bild-1-e1754409390553.png 997w" sizes="auto, (max-width: 800px) 100vw, 800px" /></figure><div class="wp-block-media-text__content">
<p class="h4 has-large-font-size"><strong><strong>Christine Drößler-Utecht</strong></strong></p>



<p>ocjenjivač</p>



<p></p>
</div></div>



<p></p>
</div>
</div>
</div>
</div>



<div class="wp-block-columns is-layout-flex wp-container-core-columns-is-layout-9d6595d7 wp-block-columns-is-layout-flex">
<div class="wp-block-column mb-md-4 is-layout-flow wp-block-column-is-layout-flow">
<div class="wp-block-columns is-layout-flex wp-container-core-columns-is-layout-9d6595d7 wp-block-columns-is-layout-flex">
<div class="wp-block-column is-layout-flow wp-block-column-is-layout-flow">
<div class="wp-block-media-text alignwide is-stacked-on-mobile person has-shadow"><figure class="wp-block-media-text__media"><img loading="lazy" decoding="async" width="800" height="738" src="https://www.gruene-mkk.de/wp-content/uploads/2025/08/Text-auf-Bild-1-e1754409390553-800x738.png" alt="" class="wp-image-2863 size-full" srcset="https://www.gruene-mkk.de/wp-content/uploads/2025/08/Text-auf-Bild-1-e1754409390553-800x738.png 800w, https://www.gruene-mkk.de/wp-content/uploads/2025/08/Text-auf-Bild-1-e1754409390553-400x369.png 400w, https://www.gruene-mkk.de/wp-content/uploads/2025/08/Text-auf-Bild-1-e1754409390553-768x709.png 768w, https://www.gruene-mkk.de/wp-content/uploads/2025/08/Text-auf-Bild-1-e1754409390553.png 997w" sizes="auto, (max-width: 800px) 100vw, 800px" /></figure><div class="wp-block-media-text__content">
<p class="person-name has-large-font-size">Luise čipke</p>



<p>Suglasnik</p>



<p class="person-description">Zelena mladost Main-Kinzig</p>



<p class="person-mail no-link"><a href="#" data-unscramble="ed.kkm-eneurg@rereunhcs.esiul">luise.schnuerer@gruene-mkk.de</a></p>
</div></div>
</div>



<div class="wp-block-column is-layout-flow wp-block-column-is-layout-flow">
<div class="wp-block-media-text alignwide is-stacked-on-mobile person has-shadow"><figure class="wp-block-media-text__media"><img loading="lazy" decoding="async" width="800" height="738" src="https://www.gruene-mkk.de/wp-content/uploads/2025/08/Text-auf-Bild-1-e1754409390553-800x738.png" alt="" class="wp-image-2863 size-full" srcset="https://www.gruene-mkk.de/wp-content/uploads/2025/08/Text-auf-Bild-1-e1754409390553-800x738.png 800w, https://www.gruene-mkk.de/wp-content/uploads/2025/08/Text-auf-Bild-1-e1754409390553-400x369.png 400w, https://www.gruene-mkk.de/wp-content/uploads/2025/08/Text-auf-Bild-1-e1754409390553-768x709.png 768w, https://www.gruene-mkk.de/wp-content/uploads/2025/08/Text-auf-Bild-1-e1754409390553.png 997w" sizes="auto, (max-width: 800px) 100vw, 800px" /></figure><div class="wp-block-media-text__content">
<p class="h4 has-large-font-size"><strong>Lennart Häring</strong></p>



<p>Suglasnik</p>



<p>Zelena mladost Main-Kinzig</p>



<p class="no-link"><a href="#" data-unscramble="ed.kkm-eneurg@gnireah.trannel">lennart.haering@gruene-mkk.de</a></p>
</div></div>



<p></p>
</div>



<div class="wp-block-column is-layout-flow wp-block-column-is-layout-flow">
<div class="wp-block-media-text alignwide is-stacked-on-mobile person has-shadow"><figure class="wp-block-media-text__media"><img loading="lazy" decoding="async" width="800" height="738" src="https://www.gruene-mkk.de/wp-content/uploads/2025/08/Text-auf-Bild-1-e1754409390553-800x738.png" alt="" class="wp-image-2863 size-full" srcset="https://www.gruene-mkk.de/wp-content/uploads/2025/08/Text-auf-Bild-1-e1754409390553-800x738.png 800w, https://www.gruene-mkk.de/wp-content/uploads/2025/08/Text-auf-Bild-1-e1754409390553-400x369.png 400w, https://www.gruene-mkk.de/wp-content/uploads/2025/08/Text-auf-Bild-1-e1754409390553-768x709.png 768w, https://www.gruene-mkk.de/wp-content/uploads/2025/08/Text-auf-Bild-1-e1754409390553.png 997w" sizes="auto, (max-width: 800px) 100vw, 800px" /></figure><div class="wp-block-media-text__content">
<p class="h4 has-large-font-size"><strong>Mahwish Iftikha</strong>r</p>



<p>Predsjednik kluba zastupnika</p>



<p class="no-link"><a href="/hr/fraktion@gruene-mkk.de/">fraktion@gruene-mkk.de</a></p>
</div></div>



<p></p>
</div>
</div>
</div>
</div>

<p>Naš okrug odbora Anja Zeller Co-Speaker anja.zeller@gruene-mkk.de Philip Schinkel Co-Speaker hello@philipschinkel.de Beate Boege-Sonnek District Treasurer Steve Euler Supredsjedatelj Matthias Kuponiyi-Böff Supredsjedateljica Christine Drößler-Utecht Supredsjedateljica Luise Schnürer Sugovornica Green Youth Main-Kinzig luise.schnuer@gruene-mk.de Lennart [...]</p>
