{"id":152,"date":"2021-11-10T17:35:44","date_gmt":"2021-11-10T16:35:44","guid":{"rendered":"https:\/\/www.alles-bleibt-anders.org\/?page_id=152"},"modified":"2022-02-22T18:02:51","modified_gmt":"2022-02-22T17:02:51","slug":"gruene-vor-ort","status":"publish","type":"page","link":"https:\/\/www.gruene-mkk.de\/hr\/gruene-vor-ort\/","title":{"rendered":"Zeleni na licu mjesta"},"content":{"rendered":"<div class=\"wp-block-cover has-background-dim-20 has-background-dim\" style=\"min-height:519px;aspect-ratio:unset;\"><img loading=\"lazy\" decoding=\"async\" width=\"2560\" height=\"1920\" class=\"wp-block-cover__image-background wp-image-377\" alt=\"\" src=\"http:\/\/www.alles-bleibt-anders.org\/wp-content\/uploads\/2021\/11\/IMG_0237-scaled.jpg\" style=\"object-position:83% 32%\" data-object-fit=\"cover\" data-object-position=\"83% 32%\" srcset=\"https:\/\/www.gruene-mkk.de\/wp-content\/uploads\/2021\/11\/IMG_0237-scaled.jpg 2560w, https:\/\/www.gruene-mkk.de\/wp-content\/uploads\/2021\/11\/IMG_0237-400x300.jpg 400w, https:\/\/www.gruene-mkk.de\/wp-content\/uploads\/2021\/11\/IMG_0237-800x600.jpg 800w, https:\/\/www.gruene-mkk.de\/wp-content\/uploads\/2021\/11\/IMG_0237-768x576.jpg 768w, https:\/\/www.gruene-mkk.de\/wp-content\/uploads\/2021\/11\/IMG_0237-1536x1152.jpg 1536w, https:\/\/www.gruene-mkk.de\/wp-content\/uploads\/2021\/11\/IMG_0237-2048x1536.jpg 2048w\" sizes=\"auto, (max-width: 2560px) 100vw, 2560px\" \/><div class=\"wp-block-cover__inner-container is-layout-flow wp-block-cover-is-layout-flow\">\n<h2 class=\"has-text-align-center wp-block-heading\" style=\"font-size:clamp(37.821px, 2.364rem + ((1vw - 3.2px) * 3.657), 70px);\">Zeleni na licu mjesta<\/h2>\n<\/div><\/div>\n\n\n\n<p><\/p>\n\n\n\n<h2 class=\"wp-block-heading\"><strong>Zeleni izgled u Main-Kinzig-Kreis<\/strong><\/h2>\n\n\n\n<p>Zanimaju li vas zelene teme? \u017delite li znati o \u010demu se politi\u010dki raspravlja na terenu ili o \u010demu treba odlu\u010diti? \u017delite li se uklju\u010diti, \u017eelite li da va\u0161a uklju\u010denost utje\u010de na odluke na licu mjesta i u Main-Kinzig-Kreisu?<br>Imate li prijedloge za op\u0107inski razvoj u va\u0161em gradu, va\u0161oj op\u0107ini ili za Main-Kinzig-Kreis?<br><br><strong>Onda si u pravu na ovoj stranici!<\/strong><\/p>\n\n\n\n<p>U na\u0161em krugu na\u0107i \u0107ete predane ljude koji su uklju\u010deni u inicijative, u odbore, u parlamente i, prije svega, u lokalne udruge kako bi doprinijeli i provodili zelenu politiku na terenu na odr\u017eiv na\u010din. Pozdravljamo nove ideje, nove inicijative i lokalne anga\u017emane. Radujemo se prijedlozima, informacijama i novim kontaktima. Dobrodo\u0161ao si da to osjeti\u0161 kod nas.<\/p>\n\n\n\n<p><\/p>\n\n\n\n<div class=\"wp-block-media-text alignwide is-stacked-on-mobile has-yellow-500-color has-text-color\"><figure class=\"wp-block-media-text__media\"><a href=\"https:\/\/www.alles-bleibt-anders.org\/gruene-vor-ort\/ortsverbaende\/\"><img loading=\"lazy\" decoding=\"async\" width=\"800\" height=\"420\" src=\"http:\/\/www.gruene-mkk.de\/wp-content\/uploads\/2022\/02\/OVe-MKK_neu-800x420.jpg\" alt=\"\" class=\"wp-image-914 size-full\" srcset=\"https:\/\/www.gruene-mkk.de\/wp-content\/uploads\/2022\/02\/OVe-MKK_neu-800x420.jpg 800w, https:\/\/www.gruene-mkk.de\/wp-content\/uploads\/2022\/02\/OVe-MKK_neu-400x210.jpg 400w, https:\/\/www.gruene-mkk.de\/wp-content\/uploads\/2022\/02\/OVe-MKK_neu-768x404.jpg 768w, https:\/\/www.gruene-mkk.de\/wp-content\/uploads\/2022\/02\/OVe-MKK_neu.jpg 1117w\" sizes=\"auto, (max-width: 800px) 100vw, 800px\" \/><\/a><\/figure><div class=\"wp-block-media-text__content\">\n<h3 class=\"wp-block-heading\"><a href=\"https:\/\/www.alles-bleibt-anders.org\/gruene-vor-ort\/ortsverbaende\/\">Odaberite svoju lokalnu udrugu ovdje i saznajte vi\u0161e.<\/a><\/h3>\n<\/div><\/div>\n\n\n\n<p> <\/p>\n\n\n\n<h3 class=\"wp-block-heading\">Datumi u lokalnim udrugama:<\/h3>\n\n\n<p><iframe loading=\"lazy\" width=\"900\" height=\"500\" src=\"https:\/\/wolke.netzbegruenung.de\/apps\/calendar\/embed\/WSPGrFsG59rZRKmx\"><\/iframe><\/p>\n\n\n\n<div class=\"wp-block-group has-text-color has-background is-layout-flow wp-block-group-is-layout-flow\" style=\"background-color:#163c29;color:#ffffff\">\n<h2 class=\"has-text-align-center wp-block-heading\">U va\u0161oj zajednici jo\u0161 nema lokalne udruge?<\/h2>\n\n\n\n<div class=\"wp-block-buttons is-content-justification-center is-layout-flex wp-block-buttons-is-layout-flex\">\n<div class=\"wp-block-button has-custom-font-size\" style=\"font-size:clamp(16.293px, 1.018rem + ((1vw - 3.2px) * 0.989), 25px);\"><a class=\"wp-block-button__link\" href=\"https:\/\/www.alles-bleibt-anders.org\/gruene-vor-ort\/gemeinden-ohne-gruen\/\">Postanite osniva\u010d!<\/a><\/div>\n<\/div>\n\n\n\n<p><\/p>\n<\/div>\n\n\n\n<p><\/p>\n\n\n\n<h2 class=\"wp-block-heading\">   <\/h2>\n\n\n\n<p> <\/p>","protected":false},"excerpt":{"rendered":"<p>Zelena u Main-Kinzig-Kreis Jeste li zainteresirani za zelene teme? \u017delite li znati o \u010demu se politi\u010dki raspravlja na terenu ili o \u010demu treba odlu\u010diti? \u017delite li se uklju\u010diti, \u017eelite [...]<\/p>","protected":false},"author":2,"featured_media":0,"parent":0,"menu_order":0,"comment_status":"closed","ping_status":"closed","template":"","meta":{"footnotes":""},"class_list":["post-152","page","type-page","status-publish","hentry"],"_links":{"self":[{"href":"https:\/\/www.gruene-mkk.de\/hr\/wp-json\/wp\/v2\/pages\/152","targetHints":{"allow":["GET"]}}],"collection":[{"href":"https:\/\/www.gruene-mkk.de\/hr\/wp-json\/wp\/v2\/pages"}],"about":[{"href":"https:\/\/www.gruene-mkk.de\/hr\/wp-json\/wp\/v2\/types\/page"}],"author":[{"embeddable":true,"href":"https:\/\/www.gruene-mkk.de\/hr\/wp-json\/wp\/v2\/users\/2"}],"replies":[{"embeddable":true,"href":"https:\/\/www.gruene-mkk.de\/hr\/wp-json\/wp\/v2\/comments?post=152"}],"version-history":[{"count":36,"href":"https:\/\/www.gruene-mkk.de\/hr\/wp-json\/wp\/v2\/pages\/152\/revisions"}],"predecessor-version":[{"id":921,"href":"https:\/\/www.gruene-mkk.de\/hr\/wp-json\/wp\/v2\/pages\/152\/revisions\/921"}],"wp:attachment":[{"href":"https:\/\/www.gruene-mkk.de\/hr\/wp-json\/wp\/v2\/media?parent=152"}],"curies":[{"name":"wp","href":"https:\/\/api.w.org\/{rel}","templated":true}]}}

<div class="wp-block-cover has-background-dim-20 has-background-dim" style="min-height:519px;aspect-ratio:unset;"><img loading="lazy" decoding="async" width="2560" height="1920" class="wp-block-cover__image-background wp-image-377" alt="" src="http://www.alles-bleibt-anders.org/wp-content/uploads/2021/11/IMG_0237-scaled.jpg" style="object-position:83% 32%" data-object-fit="cover" data-object-position="83% 32%" srcset="https://www.gruene-mkk.de/wp-content/uploads/2021/11/IMG_0237-scaled.jpg 2560w, https://www.gruene-mkk.de/wp-content/uploads/2021/11/IMG_0237-400x300.jpg 400w, https://www.gruene-mkk.de/wp-content/uploads/2021/11/IMG_0237-800x600.jpg 800w, https://www.gruene-mkk.de/wp-content/uploads/2021/11/IMG_0237-768x576.jpg 768w, https://www.gruene-mkk.de/wp-content/uploads/2021/11/IMG_0237-1536x1152.jpg 1536w, https://www.gruene-mkk.de/wp-content/uploads/2021/11/IMG_0237-2048x1536.jpg 2048w" sizes="auto, (max-width: 2560px) 100vw, 2560px" /><div class="wp-block-cover__inner-container is-layout-flow wp-block-cover-is-layout-flow">
<h2 class="has-text-align-center wp-block-heading" style="font-size:clamp(37.821px, 2.364rem + ((1vw - 3.2px) * 3.657), 70px);">Zeleni na licu mjesta</h2>
</div></div>



<p></p>



<h2 class="wp-block-heading"><strong>Zeleni izgled u Main-Kinzig-Kreis</strong></h2>



<p>Zanimaju li vas zelene teme? Želite li znati o čemu se politički raspravlja na terenu ili o čemu treba odlučiti? Želite li se uključiti, želite li da vaša uključenost utječe na odluke na licu mjesta i u Main-Kinzig-Kreisu?<br>Imate li prijedloge za općinski razvoj u vašem gradu, vašoj općini ili za Main-Kinzig-Kreis?<br><br><strong>Onda si u pravu na ovoj stranici!</strong></p>



<p>U našem krugu naći ćete predane ljude koji su uključeni u inicijative, u odbore, u parlamente i, prije svega, u lokalne udruge kako bi doprinijeli i provodili zelenu politiku na terenu na održiv način. Pozdravljamo nove ideje, nove inicijative i lokalne angažmane. Radujemo se prijedlozima, informacijama i novim kontaktima. Dobrodošao si da to osjetiš kod nas.</p>



<p></p>



<div class="wp-block-media-text alignwide is-stacked-on-mobile has-yellow-500-color has-text-color"><figure class="wp-block-media-text__media"><a href="https://www.alles-bleibt-anders.org/gruene-vor-ort/ortsverbaende/"><img loading="lazy" decoding="async" width="800" height="420" src="http://www.gruene-mkk.de/wp-content/uploads/2022/02/OVe-MKK_neu-800x420.jpg" alt="" class="wp-image-914 size-full" srcset="https://www.gruene-mkk.de/wp-content/uploads/2022/02/OVe-MKK_neu-800x420.jpg 800w, https://www.gruene-mkk.de/wp-content/uploads/2022/02/OVe-MKK_neu-400x210.jpg 400w, https://www.gruene-mkk.de/wp-content/uploads/2022/02/OVe-MKK_neu-768x404.jpg 768w, https://www.gruene-mkk.de/wp-content/uploads/2022/02/OVe-MKK_neu.jpg 1117w" sizes="auto, (max-width: 800px) 100vw, 800px" /></a></figure><div class="wp-block-media-text__content">
<h3 class="wp-block-heading"><a href="https://www.alles-bleibt-anders.org/gruene-vor-ort/ortsverbaende/">Odaberite svoju lokalnu udrugu ovdje i saznajte više.</a></h3>
</div></div>



<p> </p>



<h3 class="wp-block-heading">Datumi u lokalnim udrugama:</h3>


<p><iframe loading="lazy" width="900" height="500" src="https://wolke.netzbegruenung.de/apps/calendar/embed/WSPGrFsG59rZRKmx"></iframe></p>



<div class="wp-block-group has-text-color has-background is-layout-flow wp-block-group-is-layout-flow" style="background-color:#163c29;color:#ffffff">
<h2 class="has-text-align-center wp-block-heading">U vašoj zajednici još nema lokalne udruge?</h2>



<div class="wp-block-buttons is-content-justification-center is-layout-flex wp-block-buttons-is-layout-flex">
<div class="wp-block-button has-custom-font-size" style="font-size:clamp(16.293px, 1.018rem + ((1vw - 3.2px) * 0.989), 25px);"><a class="wp-block-button__link" href="https://www.alles-bleibt-anders.org/gruene-vor-ort/gemeinden-ohne-gruen/">Postanite osnivač!</a></div>
</div>



<p></p>
</div>



<p></p>



<h2 class="wp-block-heading">   </h2>



<p> </p>

<p>Zelena u Main-Kinzig-Kreis Jeste li zainteresirani za zelene teme? Želite li znati o čemu se politički raspravlja na terenu ili o čemu treba odlučiti? Želite li se uključiti, želite [...]</p>
