{"id":2632,"date":"2025-02-21T15:28:53","date_gmt":"2025-02-21T14:28:53","guid":{"rendered":"https:\/\/www.gruene-mkk.de\/?post_type=sunflower_event&#038;p=2632"},"modified":"2025-11-12T16:46:10","modified_gmt":"2025-11-12T15:46:10","slug":"kreismitgliederversammlung-16","status":"publish","type":"sunflower_event","link":"https:\/\/www.gruene-mkk.de\/fr\/termine\/kreismitgliederversammlung-16\/","title":{"rendered":"Kreismitgliederversammlung"},"content":{"rendered":"\n<p>Wir laden euch herzlich zu unserer n\u00e4chsten Kreismitgliederversammlung ein. Auf der Tagesordnung steht der Beschluss des Wahlprogramms zur Kommunalwahl 2026. Au\u00dferdem wollen wir wichtige Themen besprechen, Entscheidungen treffen und uns \u00fcber aktuelle Entwicklungen im Kreis austauschen. Eure Teilnahme ist wie immer von gro\u00dfer Bedeutung!<\/p>\n","protected":false},"excerpt":{"rendered":"<p>Wir laden euch herzlich zu unserer n\u00e4chsten Kreismitgliederversammlung ein. Auf der Tagesordnung steht der Beschluss des Wahlprogramms zur Kommunalwahl 2026. Au\u00dferdem wollen wir wichtige Themen besprechen, Entscheidungen treffen und uns [&hellip;]<\/p>\n","protected":false},"author":2,"featured_media":0,"comment_status":"closed","ping_status":"closed","template":"","sunflower_event_tag":[],"class_list":["post-2632","sunflower_event","type-sunflower_event","status-publish","hentry"],"_links":{"self":[{"href":"https:\/\/www.gruene-mkk.de\/fr\/wp-json\/wp\/v2\/sunflower_event\/2632","targetHints":{"allow":["GET"]}}],"collection":[{"href":"https:\/\/www.gruene-mkk.de\/fr\/wp-json\/wp\/v2\/sunflower_event"}],"about":[{"href":"https:\/\/www.gruene-mkk.de\/fr\/wp-json\/wp\/v2\/types\/sunflower_event"}],"author":[{"embeddable":true,"href":"https:\/\/www.gruene-mkk.de\/fr\/wp-json\/wp\/v2\/users\/2"}],"replies":[{"embeddable":true,"href":"https:\/\/www.gruene-mkk.de\/fr\/wp-json\/wp\/v2\/comments?post=2632"}],"wp:attachment":[{"href":"https:\/\/www.gruene-mkk.de\/fr\/wp-json\/wp\/v2\/media?parent=2632"}],"wp:term":[{"taxonomy":"sunflower_event_tag","embeddable":true,"href":"https:\/\/www.gruene-mkk.de\/fr\/wp-json\/wp\/v2\/sunflower_event_tag?post=2632"}],"curies":[{"name":"wp","href":"https:\/\/api.w.org\/{rel}","templated":true}]}}

<p>Wir laden euch herzlich zu unserer nächsten Kreismitgliederversammlung ein. Auf der Tagesordnung steht der Beschluss des Wahlprogramms zur Kommunalwahl 2026. Außerdem wollen wir wichtige Themen besprechen, Entscheidungen treffen und uns über aktuelle Entwicklungen im Kreis austauschen. Eure Teilnahme ist wie immer von großer Bedeutung!</p>

<p>Wir laden euch herzlich zu unserer nächsten Kreismitgliederversammlung ein. Auf der Tagesordnung steht der Beschluss des Wahlprogramms zur Kommunalwahl 2026. Außerdem wollen wir wichtige Themen besprechen, Entscheidungen treffen und uns [&hellip;]</p>
