{"id":2492,"date":"2024-12-10T17:38:00","date_gmt":"2024-12-10T16:38:00","guid":{"rendered":"https:\/\/www.gruene-mkk.de\/?post_type=sunflower_event&#038;p=2492"},"modified":"2024-12-10T17:39:46","modified_gmt":"2024-12-10T16:39:46","slug":"gruener-stammtisch","status":"publish","type":"sunflower_event","link":"https:\/\/www.gruene-mkk.de\/fr\/termine\/gruener-stammtisch\/","title":{"rendered":"Gr\u00fcner Stammtisch"},"content":{"rendered":"\n<p>Wir laden Euch herzlich zu unserem <strong>Gr\u00fcnen Stammtisch<\/strong> ein! Wir m\u00f6chten uns in lockerer Runde \u00fcber den bevorstehenden <strong>Listenparteitag<\/strong> am 14.12.2024 in Marburg austauschen und Eure Fragen, Ideen und Anregungen dazu besprechen:<\/p>\n\n\n\n<p><strong>Wann?<\/strong> Donnerstag, 12.12.2024 um 18:00 Uhr<br><strong>Wo?<\/strong> Klaras Hanau, Am Markt 8c, 63450 Hanau<br><\/p>\n\n\n\n<p>Besonders freuen wir uns, dass <strong>Mahwish Iftikhar<\/strong>, unsere Direktkandidatin f\u00fcr den Wahlkreis 179 mit dabei sein wird. Sie wird uns einen Einblick in ihre Strategie f\u00fcr die Listenaufstellung geben.<br><\/p>\n\n\n\n<p>Kommt vorbei, wir freuen uns auf einen entspannten und inspirierenden Abend mit Euch!<\/p>\n","protected":false},"excerpt":{"rendered":"<p>Wir laden Euch herzlich zu unserem Gr\u00fcnen Stammtisch ein! Wir m\u00f6chten uns in lockerer Runde \u00fcber den bevorstehenden Listenparteitag am 14.12.2024 in Marburg austauschen und Eure Fragen, Ideen und Anregungen [&hellip;]<\/p>\n","protected":false},"author":2,"featured_media":0,"comment_status":"closed","ping_status":"closed","template":"","sunflower_event_tag":[],"class_list":["post-2492","sunflower_event","type-sunflower_event","status-publish","hentry"],"_links":{"self":[{"href":"https:\/\/www.gruene-mkk.de\/fr\/wp-json\/wp\/v2\/sunflower_event\/2492","targetHints":{"allow":["GET"]}}],"collection":[{"href":"https:\/\/www.gruene-mkk.de\/fr\/wp-json\/wp\/v2\/sunflower_event"}],"about":[{"href":"https:\/\/www.gruene-mkk.de\/fr\/wp-json\/wp\/v2\/types\/sunflower_event"}],"author":[{"embeddable":true,"href":"https:\/\/www.gruene-mkk.de\/fr\/wp-json\/wp\/v2\/users\/2"}],"replies":[{"embeddable":true,"href":"https:\/\/www.gruene-mkk.de\/fr\/wp-json\/wp\/v2\/comments?post=2492"}],"wp:attachment":[{"href":"https:\/\/www.gruene-mkk.de\/fr\/wp-json\/wp\/v2\/media?parent=2492"}],"wp:term":[{"taxonomy":"sunflower_event_tag","embeddable":true,"href":"https:\/\/www.gruene-mkk.de\/fr\/wp-json\/wp\/v2\/sunflower_event_tag?post=2492"}],"curies":[{"name":"wp","href":"https:\/\/api.w.org\/{rel}","templated":true}]}}

Grüner Stammtisch

<p>Wir laden Euch herzlich zu unserem <strong>Grünen Stammtisch</strong> ein! Wir möchten uns in lockerer Runde über den bevorstehenden <strong>Listenparteitag</strong> am 14.12.2024 in Marburg austauschen und Eure Fragen, Ideen und Anregungen dazu besprechen:</p>



<p><strong>Wann?</strong> Donnerstag, 12.12.2024 um 18:00 Uhr<br><strong>Wo?</strong> Klaras Hanau, Am Markt 8c, 63450 Hanau<br></p>



<p>Besonders freuen wir uns, dass <strong>Mahwish Iftikhar</strong>, unsere Direktkandidatin für den Wahlkreis 179 mit dabei sein wird. Sie wird uns einen Einblick in ihre Strategie für die Listenaufstellung geben.<br></p>



<p>Kommt vorbei, wir freuen uns auf einen entspannten und inspirierenden Abend mit Euch!</p>

<p>Wir laden Euch herzlich zu unserem Grünen Stammtisch ein! Wir möchten uns in lockerer Runde über den bevorstehenden Listenparteitag am 14.12.2024 in Marburg austauschen und Eure Fragen, Ideen und Anregungen [&hellip;]</p>
