{"id":2392,"date":"2024-10-09T16:02:03","date_gmt":"2024-10-09T14:02:03","guid":{"rendered":"https:\/\/www.gruene-mkk.de\/?post_type=sunflower_event&#038;p=2392"},"modified":"2024-10-09T16:03:43","modified_gmt":"2024-10-09T14:03:43","slug":"kreismitgliederversammlung-13","status":"publish","type":"sunflower_event","link":"https:\/\/www.gruene-mkk.de\/fr\/termine\/kreismitgliederversammlung-13\/","title":{"rendered":"Kreismitgliederversammlung"},"content":{"rendered":"\n<p>Am <strong>Donnerstag, den 13. Februar 2025<\/strong> laden wir alle Mitglieder herzlich zur n\u00e4chsten Mitgliederversammlung in unserer Gesch\u00e4ftsstelle in Hanau ein. Auf der Tagesordnung stehen wichtige Themen f\u00fcr das kommende Jahr, darunter der <strong>Ausblick auf 2025<\/strong>, die bevorstehende <strong>Auskreisung<\/strong> Hanaus, die <strong>Kommunalwahllisten<\/strong>, der <strong>Haushaltsplan<\/strong> und die <strong>mittelfristige Planung<\/strong>. Dies ist eine entscheidende Sitzung, um die zuk\u00fcnftigen politischen Weichen f\u00fcr unseren Kreisverband zu stellen.<\/p>\n","protected":false},"excerpt":{"rendered":"<p>Am Donnerstag, den 13. Februar 2025 laden wir alle Mitglieder herzlich zur n\u00e4chsten Mitgliederversammlung in unserer Gesch\u00e4ftsstelle in Hanau ein. Auf der Tagesordnung stehen wichtige Themen f\u00fcr das kommende Jahr, [&hellip;]<\/p>\n","protected":false},"author":2,"featured_media":0,"comment_status":"closed","ping_status":"closed","template":"","sunflower_event_tag":[],"class_list":["post-2392","sunflower_event","type-sunflower_event","status-publish","hentry"],"_links":{"self":[{"href":"https:\/\/www.gruene-mkk.de\/fr\/wp-json\/wp\/v2\/sunflower_event\/2392","targetHints":{"allow":["GET"]}}],"collection":[{"href":"https:\/\/www.gruene-mkk.de\/fr\/wp-json\/wp\/v2\/sunflower_event"}],"about":[{"href":"https:\/\/www.gruene-mkk.de\/fr\/wp-json\/wp\/v2\/types\/sunflower_event"}],"author":[{"embeddable":true,"href":"https:\/\/www.gruene-mkk.de\/fr\/wp-json\/wp\/v2\/users\/2"}],"replies":[{"embeddable":true,"href":"https:\/\/www.gruene-mkk.de\/fr\/wp-json\/wp\/v2\/comments?post=2392"}],"wp:attachment":[{"href":"https:\/\/www.gruene-mkk.de\/fr\/wp-json\/wp\/v2\/media?parent=2392"}],"wp:term":[{"taxonomy":"sunflower_event_tag","embeddable":true,"href":"https:\/\/www.gruene-mkk.de\/fr\/wp-json\/wp\/v2\/sunflower_event_tag?post=2392"}],"curies":[{"name":"wp","href":"https:\/\/api.w.org\/{rel}","templated":true}]}}

<p>Am <strong>Donnerstag, den 13. Februar 2025</strong> laden wir alle Mitglieder herzlich zur nächsten Mitgliederversammlung in unserer Geschäftsstelle in Hanau ein. Auf der Tagesordnung stehen wichtige Themen für das kommende Jahr, darunter der <strong>Ausblick auf 2025</strong>, die bevorstehende <strong>Auskreisung</strong> Hanaus, die <strong>Kommunalwahllisten</strong>, der <strong>Haushaltsplan</strong> und die <strong>mittelfristige Planung</strong>. Dies ist eine entscheidende Sitzung, um die zukünftigen politischen Weichen für unseren Kreisverband zu stellen.</p>

<p>Am Donnerstag, den 13. Februar 2025 laden wir alle Mitglieder herzlich zur nächsten Mitgliederversammlung in unserer Geschäftsstelle in Hanau ein. Auf der Tagesordnung stehen wichtige Themen für das kommende Jahr, [&hellip;]</p>
