{"id":468,"date":"2021-11-25T13:12:54","date_gmt":"2021-11-25T12:12:54","guid":{"rendered":"https:\/\/www.alles-bleibt-anders.org\/?page_id=468"},"modified":"2021-11-25T13:12:54","modified_gmt":"2021-11-25T12:12:54","slug":"bundestagswahl-2021","status":"publish","type":"page","link":"https:\/\/www.gruene-mkk.de\/fr\/wahlen\/bundestagswahl-2021\/","title":{"rendered":"\u00c9lections f\u00e9d\u00e9rales de 2021"},"content":{"rendered":"<div class=\"wp-block-cover\" style=\"min-height:519px;aspect-ratio:unset;\"><img loading=\"lazy\" decoding=\"async\" width=\"1200\" height=\"630\" class=\"wp-block-cover__image-background wp-image-365\" alt=\"\" src=\"http:\/\/www.alles-bleibt-anders.org\/wp-content\/uploads\/2021\/11\/bereit-weil-ih-facebook-sharepic.png\" data-object-fit=\"cover\" srcset=\"https:\/\/www.gruene-mkk.de\/wp-content\/uploads\/2021\/11\/bereit-weil-ih-facebook-sharepic.png 1200w, https:\/\/www.gruene-mkk.de\/wp-content\/uploads\/2021\/11\/bereit-weil-ih-facebook-sharepic-400x210.png 400w, https:\/\/www.gruene-mkk.de\/wp-content\/uploads\/2021\/11\/bereit-weil-ih-facebook-sharepic-800x420.png 800w, https:\/\/www.gruene-mkk.de\/wp-content\/uploads\/2021\/11\/bereit-weil-ih-facebook-sharepic-768x403.png 768w\" sizes=\"auto, (max-width: 1200px) 100vw, 1200px\" \/><div class=\"wp-block-cover__inner-container is-layout-flow wp-block-cover-is-layout-flow\">\n<p class=\"has-text-align-center has-large-font-size\"><\/p>\n<\/div><\/div>\n\n\n\n<p><\/p>\n\n\n\n<h2 class=\"wp-block-heading\">Nos candidats au Bundestag<\/h2>\n\n\n\n<p><\/p>\n\n\n\n<div class=\"wp-block-columns is-layout-flex wp-container-core-columns-is-layout-9d6595d7 wp-block-columns-is-layout-flex\">\n<div class=\"wp-block-column is-layout-flow wp-block-column-is-layout-flow\">\n<figure class=\"wp-block-image size-large is-resized is-style-default\"><img loading=\"lazy\" decoding=\"async\" src=\"http:\/\/www.alles-bleibt-anders.org\/wp-content\/uploads\/2021\/11\/Kiesel_DHPF__P2B2832-2-800x1000.jpg\" alt=\"Kiesel de Knut\" class=\"wp-image-533\" width=\"406\" height=\"508\" srcset=\"https:\/\/www.gruene-mkk.de\/wp-content\/uploads\/2021\/11\/Kiesel_DHPF__P2B2832-2-800x1000.jpg 800w, https:\/\/www.gruene-mkk.de\/wp-content\/uploads\/2021\/11\/Kiesel_DHPF__P2B2832-2-400x500.jpg 400w, https:\/\/www.gruene-mkk.de\/wp-content\/uploads\/2021\/11\/Kiesel_DHPF__P2B2832-2-768x960.jpg 768w, https:\/\/www.gruene-mkk.de\/wp-content\/uploads\/2021\/11\/Kiesel_DHPF__P2B2832-2-1229x1536.jpg 1229w, https:\/\/www.gruene-mkk.de\/wp-content\/uploads\/2021\/11\/Kiesel_DHPF__P2B2832-2-1639x2048.jpg 1639w, https:\/\/www.gruene-mkk.de\/wp-content\/uploads\/2021\/11\/Kiesel_DHPF__P2B2832-2-scaled.jpg 2048w\" sizes=\"auto, (max-width: 406px) 100vw, 406px\" \/><\/figure>\n<\/div>\n\n\n\n<div class=\"wp-block-column is-layout-flow wp-block-column-is-layout-flow\">\n<h3 class=\"wp-block-heading\">Kiesel de Knut<\/h3>\n\n\n\n<h4 class=\"wp-block-heading\">Candidat \u00e0 la circonscription 175 Main-Kinzig \u2013 Wetterau II \u2013 \u00c9cossais<\/h4>\n\n\n\n<p><em>\u00abPendant la pand\u00e9mie, nous avons recul\u00e9 pour prot\u00e9ger les personnes \u00e2g\u00e9es. Je ne veux pas d'une nouvelle crise, mais nous allons malheureusement en faire l'exp\u00e9rience avec l'\u00e9volution actuelle des temp\u00e9ratures. C'est pourquoi luttons ensemble pour une plan\u00e8te vivable, avec des mesures efficaces plut\u00f4t que des objectifs creux. Je ne veux pas laisser de terre \u00e0 mes enfants, mais un monde prosp\u00e8re.\u00bb<\/em><\/p>\n\n\n\n<div class=\"wp-block-sunflower-meta-data\"><a href=\"\/fr\/@knut.kiesel.2\/\" target=\"_blank\" rel=\"noopener\"><i class=\"fab fa-facebook-f\"><\/i><\/a><\/div>\n\n\n\n<div class=\"wp-block-sunflower-meta-data\"><a href=\"https:\/\/www.knutkiesel.de\/\" target=\"_blank\" rel=\"noopener\"><i class=\"fas fa-globe\"><\/i><\/a><\/div>\n<\/div>\n<\/div>\n\n\n\n<p>     <\/p>\n\n\n\n<div class=\"wp-block-columns is-layout-flex wp-container-core-columns-is-layout-9d6595d7 wp-block-columns-is-layout-flex\">\n<div class=\"wp-block-column is-layout-flow wp-block-column-is-layout-flow\">\n<figure class=\"wp-block-image size-large is-style-default\"><img loading=\"lazy\" decoding=\"async\" width=\"800\" height=\"1200\" src=\"http:\/\/www.alles-bleibt-anders.org\/wp-content\/uploads\/2021\/11\/KPP_2138-Edit-edit-800x1200.jpg\" alt=\"Marcus Bocklet\" class=\"wp-image-539\" srcset=\"https:\/\/www.gruene-mkk.de\/wp-content\/uploads\/2021\/11\/KPP_2138-Edit-edit-800x1200.jpg 800w, https:\/\/www.gruene-mkk.de\/wp-content\/uploads\/2021\/11\/KPP_2138-Edit-edit-400x600.jpg 400w, https:\/\/www.gruene-mkk.de\/wp-content\/uploads\/2021\/11\/KPP_2138-Edit-edit-768x1152.jpg 768w, https:\/\/www.gruene-mkk.de\/wp-content\/uploads\/2021\/11\/KPP_2138-Edit-edit-1024x1536.jpg 1024w, https:\/\/www.gruene-mkk.de\/wp-content\/uploads\/2021\/11\/KPP_2138-Edit-edit-1365x2048.jpg 1365w, https:\/\/www.gruene-mkk.de\/wp-content\/uploads\/2021\/11\/KPP_2138-Edit-edit-scaled.jpg 1707w\" sizes=\"auto, (max-width: 800px) 100vw, 800px\" \/><\/figure>\n<\/div>\n\n\n\n<div class=\"wp-block-column is-layout-flow wp-block-column-is-layout-flow\">\n<p><\/p>\n\n\n\n<h3 class=\"wp-block-heading\">Marcus Bocklet<\/h3>\n\n\n\n<h4 class=\"wp-block-heading\">Candidat \u00e0 la circonscription 180 Hanau<\/h4>\n\n\n\n<p><em>\u00abJe suis Marcus Bocklet, d\u00e9put\u00e9 au parlement du Land et candidat au Bundestag dans la circonscription de Hanau. Pour moi, une bonne politique n'est pas seulement \u00e9cologique, mais aussi sociale et juste. Il s\u2019agit notamment de prot\u00e9ger l\u2019environnement, tout comme d\u2019\u00e9crire des chiffres noirs avec des \u00abid\u00e9es vertes\u00bb. Je suis convaincu que si nous voulons bien vivre \u00e0 l\u2019avenir, nous avons besoin d\u2019une transformation socio-\u00e9cologique \u2013 maintenant!<\/em>&nbsp;<\/p>\n\n\n\n<p><em>Pour cela, je vous demande: les deux voix sont VERTES.\u00bb<\/em><\/p>\n\n\n\n<div class=\"wp-block-sunflower-meta-data\"><a href=\"http:\/\/www.marcusbocklet.de\" target=\"_blank\" rel=\"noopener\"><i class=\"fas fa-globe\"><\/i><\/a><\/div>\n\n\n\n<div class=\"wp-block-sunflower-meta-data\"><a href=\"https:\/\/www.facebook.com\/MarcusBockletMdLhttps:\/\/www.facebook.com\/MarcusBockletMdL\" target=\"_blank\" rel=\"noopener\"><i class=\"fab fa-facebook-f\"><\/i><\/a><\/div>\n\n\n\n<div class=\"wp-block-sunflower-meta-data\"><a href=\"https:\/\/www.instagram.com\/m.bocklet\/\" target=\"_blank\" rel=\"noopener\"><i class=\"fab fa-instagram\"><\/i><\/a><\/div>\n<\/div>\n<\/div>\n\n\n\n<p>           <\/p>\n\n\n\n<figure class=\"wp-block-image size-large\"><img decoding=\"async\" src=\"http:\/\/www.alles-bleibt-anders.org\/wp-content\/uploads\/2021\/11\/hier-geht-zum-facebook-sharepic-800x420.png\" alt=\"\" class=\"wp-image-542\"\/><\/figure>","protected":false},"excerpt":{"rendered":"<p>Nos candidats au Bundestag Knut Kiesel Candidat \u00e0 la circonscription 175 Main-Kinzig \u2013 Wetterau II \u2013 \u00c9cossais \u00abPendant la pand\u00e9mie, nous avons recul\u00e9 pour prot\u00e9ger les personnes \u00e2g\u00e9es. Je [...]<\/p>","protected":false},"author":2,"featured_media":0,"parent":355,"menu_order":0,"comment_status":"closed","ping_status":"closed","template":"","meta":{"footnotes":""},"class_list":["post-468","page","type-page","status-publish","hentry"],"_links":{"self":[{"href":"https:\/\/www.gruene-mkk.de\/fr\/wp-json\/wp\/v2\/pages\/468","targetHints":{"allow":["GET"]}}],"collection":[{"href":"https:\/\/www.gruene-mkk.de\/fr\/wp-json\/wp\/v2\/pages"}],"about":[{"href":"https:\/\/www.gruene-mkk.de\/fr\/wp-json\/wp\/v2\/types\/page"}],"author":[{"embeddable":true,"href":"https:\/\/www.gruene-mkk.de\/fr\/wp-json\/wp\/v2\/users\/2"}],"replies":[{"embeddable":true,"href":"https:\/\/www.gruene-mkk.de\/fr\/wp-json\/wp\/v2\/comments?post=468"}],"version-history":[{"count":14,"href":"https:\/\/www.gruene-mkk.de\/fr\/wp-json\/wp\/v2\/pages\/468\/revisions"}],"predecessor-version":[{"id":545,"href":"https:\/\/www.gruene-mkk.de\/fr\/wp-json\/wp\/v2\/pages\/468\/revisions\/545"}],"up":[{"embeddable":true,"href":"https:\/\/www.gruene-mkk.de\/fr\/wp-json\/wp\/v2\/pages\/355"}],"wp:attachment":[{"href":"https:\/\/www.gruene-mkk.de\/fr\/wp-json\/wp\/v2\/media?parent=468"}],"curies":[{"name":"wp","href":"https:\/\/api.w.org\/{rel}","templated":true}]}}

Élections fédérales de 2021

<div class="wp-block-cover" style="min-height:519px;aspect-ratio:unset;"><img loading="lazy" decoding="async" width="1200" height="630" class="wp-block-cover__image-background wp-image-365" alt="" src="http://www.alles-bleibt-anders.org/wp-content/uploads/2021/11/bereit-weil-ih-facebook-sharepic.png" data-object-fit="cover" srcset="https://www.gruene-mkk.de/wp-content/uploads/2021/11/bereit-weil-ih-facebook-sharepic.png 1200w, https://www.gruene-mkk.de/wp-content/uploads/2021/11/bereit-weil-ih-facebook-sharepic-400x210.png 400w, https://www.gruene-mkk.de/wp-content/uploads/2021/11/bereit-weil-ih-facebook-sharepic-800x420.png 800w, https://www.gruene-mkk.de/wp-content/uploads/2021/11/bereit-weil-ih-facebook-sharepic-768x403.png 768w" sizes="auto, (max-width: 1200px) 100vw, 1200px" /><div class="wp-block-cover__inner-container is-layout-flow wp-block-cover-is-layout-flow">
<p class="has-text-align-center has-large-font-size"></p>
</div></div>



<p></p>



<h2 class="wp-block-heading">Nos candidats au Bundestag</h2>



<p></p>



<div class="wp-block-columns is-layout-flex wp-container-core-columns-is-layout-9d6595d7 wp-block-columns-is-layout-flex">
<div class="wp-block-column is-layout-flow wp-block-column-is-layout-flow">
<figure class="wp-block-image size-large is-resized is-style-default"><img loading="lazy" decoding="async" src="http://www.alles-bleibt-anders.org/wp-content/uploads/2021/11/Kiesel_DHPF__P2B2832-2-800x1000.jpg" alt="Kiesel de Knut" class="wp-image-533" width="406" height="508" srcset="https://www.gruene-mkk.de/wp-content/uploads/2021/11/Kiesel_DHPF__P2B2832-2-800x1000.jpg 800w, https://www.gruene-mkk.de/wp-content/uploads/2021/11/Kiesel_DHPF__P2B2832-2-400x500.jpg 400w, https://www.gruene-mkk.de/wp-content/uploads/2021/11/Kiesel_DHPF__P2B2832-2-768x960.jpg 768w, https://www.gruene-mkk.de/wp-content/uploads/2021/11/Kiesel_DHPF__P2B2832-2-1229x1536.jpg 1229w, https://www.gruene-mkk.de/wp-content/uploads/2021/11/Kiesel_DHPF__P2B2832-2-1639x2048.jpg 1639w, https://www.gruene-mkk.de/wp-content/uploads/2021/11/Kiesel_DHPF__P2B2832-2-scaled.jpg 2048w" sizes="auto, (max-width: 406px) 100vw, 406px" /></figure>
</div>



<div class="wp-block-column is-layout-flow wp-block-column-is-layout-flow">
<h3 class="wp-block-heading">Kiesel de Knut</h3>



<h4 class="wp-block-heading">Candidat à la circonscription 175 Main-Kinzig – Wetterau II – Écossais</h4>



<p><em>«Pendant la pandémie, nous avons reculé pour protéger les personnes âgées. Je ne veux pas d'une nouvelle crise, mais nous allons malheureusement en faire l'expérience avec l'évolution actuelle des températures. C'est pourquoi luttons ensemble pour une planète vivable, avec des mesures efficaces plutôt que des objectifs creux. Je ne veux pas laisser de terre à mes enfants, mais un monde prospère.»</em></p>



<div class="wp-block-sunflower-meta-data"><a href="/fr/@knut.kiesel.2/" target="_blank" rel="noopener"><i class="fab fa-facebook-f"></i></a></div>



<div class="wp-block-sunflower-meta-data"><a href="https://www.knutkiesel.de/" target="_blank" rel="noopener"><i class="fas fa-globe"></i></a></div>
</div>
</div>



<p>     </p>



<div class="wp-block-columns is-layout-flex wp-container-core-columns-is-layout-9d6595d7 wp-block-columns-is-layout-flex">
<div class="wp-block-column is-layout-flow wp-block-column-is-layout-flow">
<figure class="wp-block-image size-large is-style-default"><img loading="lazy" decoding="async" width="800" height="1200" src="http://www.alles-bleibt-anders.org/wp-content/uploads/2021/11/KPP_2138-Edit-edit-800x1200.jpg" alt="Marcus Bocklet" class="wp-image-539" srcset="https://www.gruene-mkk.de/wp-content/uploads/2021/11/KPP_2138-Edit-edit-800x1200.jpg 800w, https://www.gruene-mkk.de/wp-content/uploads/2021/11/KPP_2138-Edit-edit-400x600.jpg 400w, https://www.gruene-mkk.de/wp-content/uploads/2021/11/KPP_2138-Edit-edit-768x1152.jpg 768w, https://www.gruene-mkk.de/wp-content/uploads/2021/11/KPP_2138-Edit-edit-1024x1536.jpg 1024w, https://www.gruene-mkk.de/wp-content/uploads/2021/11/KPP_2138-Edit-edit-1365x2048.jpg 1365w, https://www.gruene-mkk.de/wp-content/uploads/2021/11/KPP_2138-Edit-edit-scaled.jpg 1707w" sizes="auto, (max-width: 800px) 100vw, 800px" /></figure>
</div>



<div class="wp-block-column is-layout-flow wp-block-column-is-layout-flow">
<p></p>



<h3 class="wp-block-heading">Marcus Bocklet</h3>



<h4 class="wp-block-heading">Candidat à la circonscription 180 Hanau</h4>



<p><em>«Je suis Marcus Bocklet, député au parlement du Land et candidat au Bundestag dans la circonscription de Hanau. Pour moi, une bonne politique n'est pas seulement écologique, mais aussi sociale et juste. Il s’agit notamment de protéger l’environnement, tout comme d’écrire des chiffres noirs avec des «idées vertes». Je suis convaincu que si nous voulons bien vivre à l’avenir, nous avons besoin d’une transformation socio-écologique – maintenant!</em>&nbsp;</p>



<p><em>Pour cela, je vous demande: les deux voix sont VERTES.»</em></p>



<div class="wp-block-sunflower-meta-data"><a href="http://www.marcusbocklet.de" target="_blank" rel="noopener"><i class="fas fa-globe"></i></a></div>



<div class="wp-block-sunflower-meta-data"><a href="https://www.facebook.com/MarcusBockletMdLhttps://www.facebook.com/MarcusBockletMdL" target="_blank" rel="noopener"><i class="fab fa-facebook-f"></i></a></div>



<div class="wp-block-sunflower-meta-data"><a href="https://www.instagram.com/m.bocklet/" target="_blank" rel="noopener"><i class="fab fa-instagram"></i></a></div>
</div>
</div>



<p>           </p>



<figure class="wp-block-image size-large"><img decoding="async" src="http://www.alles-bleibt-anders.org/wp-content/uploads/2021/11/hier-geht-zum-facebook-sharepic-800x420.png" alt="" class="wp-image-542"/></figure>

<p>Nos candidats au Bundestag Knut Kiesel Candidat à la circonscription 175 Main-Kinzig – Wetterau II – Écossais «Pendant la pandémie, nous avons reculé pour protéger les personnes âgées. Je [...]</p>
