{"id":3097,"date":"2025-12-11T15:20:04","date_gmt":"2025-12-11T14:20:04","guid":{"rendered":"https:\/\/www.gruene-mkk.de\/?page_id=3097"},"modified":"2025-12-11T15:27:15","modified_gmt":"2025-12-11T14:27:15","slug":"unsere-kandidierende","status":"publish","type":"page","link":"https:\/\/www.gruene-mkk.de\/fr\/unsere-kandidierende\/","title":{"rendered":"Nos candidats."},"content":{"rendered":"<p>Nous vous pr\u00e9sentons nos candidats engag\u00e9s pour les \u00e9lections r\u00e9gionales de 2026! Ils repr\u00e9sentent une coexistence, un d\u00e9veloppement durable et un v\u00e9ritable changement dans le cercle Main-Kinzig. Chacun d\u2019entre eux apporte son exp\u00e9rience, ses id\u00e9es et son sang-froid, et ils veulent tous participer activement \u00e0 l\u2019\u00e9laboration du cercle.<\/p>\n\n\n\n<p>Nous sommes impatients de nous joindre \u00e0 nos candidats pour une coop\u00e9ration forte, solidaire et \u00e9cologique, car ensemble, c\u2019est possible!<\/p>\n\n\n\n<ol class=\"wp-block-list\">\n<li>1. Mahwish Iftikhar \u00e0 Nidderau<\/li>\n\n\n\n<li>2. Philip Schinkel et Bad Orb<\/li>\n\n\n\n<li>3. Sandra Gerbert \u00e0 Hammersbach<\/li>\n\n\n\n<li>4. Reiner Bousonville, lac d'Erlensee<\/li>\n\n\n\n<li>5. Cornelia Hofacker et Langenselbold<\/li>\n\n\n\n<li>6. Bernd Wietzorek, \u00e0 Gelnhausen<\/li>\n\n\n\n<li>7. Lene Jeckel et Jossgrund<\/li>\n\n\n\n<li>8. Rainer Vogel \u00e0 Nidderau<\/li>\n\n\n\n<li>9. Sophia Spottke \u00e0 Gro\u00dfkrotzenburg<\/li>\n\n\n\n<li>10. Lucas B\u00e4uml \u00e0 Gro\u00dfkrotzenburg<\/li>\n\n\n\n<li>11. Nurhan Wendt, sournois<\/li>\n\n\n\n<li>12. Matthias Kuponiyi-B\u00f6ff, Vall\u00e9e de Bracht<\/li>\n\n\n\n<li>13. Monika K\u00fchn-Bousonville \u00e0 Erlensee<\/li>\n\n\n\n<li>14. Wolfgang Seifried \u00e0 Sch\u00f6neck<\/li>\n\n\n\n<li>15. Viola Ha\u00dfdenteufel \u00e0 Nidderau<\/li>\n\n\n\n<li>16. Lukas Happe, \u00e0 Gelnhausen<\/li>\n\n\n\n<li>17. Annika Streit \u00e0 Gelnhausen<\/li>\n\n\n\n<li>18. Thomas Gassen \u00e0 Gro\u00dfkrotzenburg<\/li>\n\n\n\n<li>19. Claudia Schmidt, Steinau<\/li>\n\n\n\n<li>20. Leonid Schneider \u00e0 Erlensee<\/li>\n\n\n\n<li>21. Karin Arcan-Meiers \u00e0 Rodenbach<\/li>\n\n\n\n<li>22. Thomas B\u00fcrvenich, \u00e0 Gelnhausen<\/li>\n\n\n\n<li>23. Christine Dr\u00f6\u00dfler-Utecht \u00e0 Rodenbach<\/li>\n\n\n\n<li>24. Uwe Eberlein, Po\u00eale \u00e0 casser<\/li>\n\n\n\n<li>25. Claudia Henning-Eberlein, Po\u00eale \u00e0 casser<\/li>\n\n\n\n<li>26. Klaus B\u00f6ttcher, plat de lentilles<\/li>\n\n\n\n<li>27. Katharina G\u00f6ring, Biebergem\u00fcnd<\/li>\n\n\n\n<li>28. Markus Sextro, \u00e0 Biebergem\u00fcnd<\/li>\n\n\n\n<li>29. C\u00e9line Bousonville, Erlensee<\/li>\n\n\n\n<li>30. Umut Yadigar \u00e0 Niederdorfelden<\/li>\n\n\n\n<li>31. Karin Sch\u00e4fer \u00e0 Hammersbach<\/li>\n\n\n\n<li>32. Dennis Mathie, \u00e0 Gelnhausen<\/li>\n\n\n\n<li>33. Katja Hix \u00e0 W\u00e4chtersbach<\/li>\n\n\n\n<li>34. Stefan Chalupka \u00e0 Gro\u00dfkrotzenburg<\/li>\n\n\n\n<li>35. Elias Breitenberger \u00e0 Bad Orb<\/li>\n\n\n\n<li>36. Fabian Storck \u00e0 W\u00e4chtersbach<\/li>\n\n\n\n<li>37. Antje Sch\u00f6ny \u00e0 Hammersbach<\/li>\n\n\n\n<li>38. Beate Boege-Sonnek \u00e0 Bad Orb<\/li>\n\n\n\n<li>39. Octavia Gentemann-Schmidt, Po\u00eale \u00e0 casser<\/li>\n\n\n\n<li>40. Johannes Rubach \u00e0 Gro\u00dfkrotzenburg<\/li>\n<\/ol>\n\n\n\n<p><\/p>\n\n\n\n<p>&nbsp;<em>(photo: de gauche \u00e0 droite Bernd Wietzorek, Matthias Kuponiyi-B\u00f6ff, Nurhan Wendt, Monika K\u00fchn-Bousonville, Philip Schinkel, Lucas B\u00e4uml, Mahwish Iftikhar, Sophia Spottke, Lene Jeckel, Sandra Gerbert, Reiner Bousonville)&nbsp;<\/em><\/p>","protected":false},"excerpt":{"rendered":"<p>Nous vous pr\u00e9sentons nos candidats engag\u00e9s pour les \u00e9lections r\u00e9gionales de 2026! Ils repr\u00e9sentent une coexistence, un d\u00e9veloppement durable et un v\u00e9ritable changement dans le cercle Main-Kinzig. Chacun d'entre eux apporte de l'exp\u00e9rience, des id\u00e9es et [...]<\/p>","protected":false},"author":2,"featured_media":3081,"parent":0,"menu_order":0,"comment_status":"closed","ping_status":"closed","template":"","meta":{"footnotes":""},"class_list":["post-3097","page","type-page","status-publish","has-post-thumbnail","hentry"],"_links":{"self":[{"href":"https:\/\/www.gruene-mkk.de\/fr\/wp-json\/wp\/v2\/pages\/3097","targetHints":{"allow":["GET"]}}],"collection":[{"href":"https:\/\/www.gruene-mkk.de\/fr\/wp-json\/wp\/v2\/pages"}],"about":[{"href":"https:\/\/www.gruene-mkk.de\/fr\/wp-json\/wp\/v2\/types\/page"}],"author":[{"embeddable":true,"href":"https:\/\/www.gruene-mkk.de\/fr\/wp-json\/wp\/v2\/users\/2"}],"replies":[{"embeddable":true,"href":"https:\/\/www.gruene-mkk.de\/fr\/wp-json\/wp\/v2\/comments?post=3097"}],"version-history":[{"count":5,"href":"https:\/\/www.gruene-mkk.de\/fr\/wp-json\/wp\/v2\/pages\/3097\/revisions"}],"predecessor-version":[{"id":3107,"href":"https:\/\/www.gruene-mkk.de\/fr\/wp-json\/wp\/v2\/pages\/3097\/revisions\/3107"}],"wp:featuredmedia":[{"embeddable":true,"href":"https:\/\/www.gruene-mkk.de\/fr\/wp-json\/wp\/v2\/media\/3081"}],"wp:attachment":[{"href":"https:\/\/www.gruene-mkk.de\/fr\/wp-json\/wp\/v2\/media?parent=3097"}],"curies":[{"name":"wp","href":"https:\/\/api.w.org\/{rel}","templated":true}]}}

<p>Nous vous présentons nos candidats engagés pour les élections régionales de 2026! Ils représentent une coexistence, un développement durable et un véritable changement dans le cercle Main-Kinzig. Chacun d’entre eux apporte son expérience, ses idées et son sang-froid, et ils veulent tous participer activement à l’élaboration du cercle.</p>



<p>Nous sommes impatients de nous joindre à nos candidats pour une coopération forte, solidaire et écologique, car ensemble, c’est possible!</p>



<ol class="wp-block-list">
<li>1. Mahwish Iftikhar à Nidderau</li>



<li>2. Philip Schinkel et Bad Orb</li>



<li>3. Sandra Gerbert à Hammersbach</li>



<li>4. Reiner Bousonville, lac d'Erlensee</li>



<li>5. Cornelia Hofacker et Langenselbold</li>



<li>6. Bernd Wietzorek, à Gelnhausen</li>



<li>7. Lene Jeckel et Jossgrund</li>



<li>8. Rainer Vogel à Nidderau</li>



<li>9. Sophia Spottke à Großkrotzenburg</li>



<li>10. Lucas Bäuml à Großkrotzenburg</li>



<li>11. Nurhan Wendt, sournois</li>



<li>12. Matthias Kuponiyi-Böff, Vallée de Bracht</li>



<li>13. Monika Kühn-Bousonville à Erlensee</li>



<li>14. Wolfgang Seifried à Schöneck</li>



<li>15. Viola Haßdenteufel à Nidderau</li>



<li>16. Lukas Happe, à Gelnhausen</li>



<li>17. Annika Streit à Gelnhausen</li>



<li>18. Thomas Gassen à Großkrotzenburg</li>



<li>19. Claudia Schmidt, Steinau</li>



<li>20. Leonid Schneider à Erlensee</li>



<li>21. Karin Arcan-Meiers à Rodenbach</li>



<li>22. Thomas Bürvenich, à Gelnhausen</li>



<li>23. Christine Drößler-Utecht à Rodenbach</li>



<li>24. Uwe Eberlein, Poêle à casser</li>



<li>25. Claudia Henning-Eberlein, Poêle à casser</li>



<li>26. Klaus Böttcher, plat de lentilles</li>



<li>27. Katharina Göring, Biebergemünd</li>



<li>28. Markus Sextro, à Biebergemünd</li>



<li>29. Céline Bousonville, Erlensee</li>



<li>30. Umut Yadigar à Niederdorfelden</li>



<li>31. Karin Schäfer à Hammersbach</li>



<li>32. Dennis Mathie, à Gelnhausen</li>



<li>33. Katja Hix à Wächtersbach</li>



<li>34. Stefan Chalupka à Großkrotzenburg</li>



<li>35. Elias Breitenberger à Bad Orb</li>



<li>36. Fabian Storck à Wächtersbach</li>



<li>37. Antje Schöny à Hammersbach</li>



<li>38. Beate Boege-Sonnek à Bad Orb</li>



<li>39. Octavia Gentemann-Schmidt, Poêle à casser</li>



<li>40. Johannes Rubach à Großkrotzenburg</li>
</ol>



<p></p>



<p>&nbsp;<em>(photo: de gauche à droite Bernd Wietzorek, Matthias Kuponiyi-Böff, Nurhan Wendt, Monika Kühn-Bousonville, Philip Schinkel, Lucas Bäuml, Mahwish Iftikhar, Sophia Spottke, Lene Jeckel, Sandra Gerbert, Reiner Bousonville)&nbsp;</em></p>

<p>Nous vous présentons nos candidats engagés pour les élections régionales de 2026! Ils représentent une coexistence, un développement durable et un véritable changement dans le cercle Main-Kinzig. Chacun d'entre eux apporte de l'expérience, des idées et [...]</p>
