{"id":152,"date":"2021-11-10T17:35:44","date_gmt":"2021-11-10T16:35:44","guid":{"rendered":"https:\/\/www.alles-bleibt-anders.org\/?page_id=152"},"modified":"2022-02-22T18:02:51","modified_gmt":"2022-02-22T17:02:51","slug":"gruene-vor-ort","status":"publish","type":"page","link":"https:\/\/www.gruene-mkk.de\/fr\/gruene-vor-ort\/","title":{"rendered":"Verts sur place"},"content":{"rendered":"<div class=\"wp-block-cover has-background-dim-20 has-background-dim\" style=\"min-height:519px;aspect-ratio:unset;\"><img loading=\"lazy\" decoding=\"async\" width=\"2560\" height=\"1920\" class=\"wp-block-cover__image-background wp-image-377\" alt=\"\" src=\"http:\/\/www.alles-bleibt-anders.org\/wp-content\/uploads\/2021\/11\/IMG_0237-scaled.jpg\" style=\"object-position:83% 32%\" data-object-fit=\"cover\" data-object-position=\"83% 32%\" srcset=\"https:\/\/www.gruene-mkk.de\/wp-content\/uploads\/2021\/11\/IMG_0237-scaled.jpg 2560w, https:\/\/www.gruene-mkk.de\/wp-content\/uploads\/2021\/11\/IMG_0237-400x300.jpg 400w, https:\/\/www.gruene-mkk.de\/wp-content\/uploads\/2021\/11\/IMG_0237-800x600.jpg 800w, https:\/\/www.gruene-mkk.de\/wp-content\/uploads\/2021\/11\/IMG_0237-768x576.jpg 768w, https:\/\/www.gruene-mkk.de\/wp-content\/uploads\/2021\/11\/IMG_0237-1536x1152.jpg 1536w, https:\/\/www.gruene-mkk.de\/wp-content\/uploads\/2021\/11\/IMG_0237-2048x1536.jpg 2048w\" sizes=\"auto, (max-width: 2560px) 100vw, 2560px\" \/><div class=\"wp-block-cover__inner-container is-layout-flow wp-block-cover-is-layout-flow\">\n<h2 class=\"has-text-align-center wp-block-heading\" style=\"font-size:clamp(37.821px, 2.364rem + ((1vw - 3.2px) * 3.657), 70px);\">Verts sur place<\/h2>\n<\/div><\/div>\n\n\n\n<p><\/p>\n\n\n\n<h2 class=\"wp-block-heading\"><strong>Le vert dans le Main-Kinzig-Kreis<\/strong><\/h2>\n\n\n\n<p>Vous \u00eates int\u00e9ress\u00e9 par les th\u00e8mes verts? Vous aimeriez savoir ce qui fait l'objet de discussions politiques sur le terrain ou ce qui doit \u00eatre d\u00e9cid\u00e9? Vous souhaitez vous engager, vous voulez que votre engagement influence les d\u00e9cisions sur place et dans le cercle Main-Kinzig?<br>Vous avez des suggestions pour le d\u00e9veloppement communal dans votre ville, votre commune ou pour le Main-Kinzig-Kreis?<br><br><strong>Alors vous avez raison sur ce site!<\/strong><\/p>\n\n\n\n<p>Dans notre cercle, vous trouverez des personnes engag\u00e9es qui s'engagent dans des initiatives, des organes, des parlements et surtout dans des associations locales afin d'apporter et de mettre en \u0153uvre une politique verte durable sur le terrain. De nouvelles id\u00e9es, de nouvelles initiatives et de nouveaux engagements sur le terrain sont les bienvenus. Nous attendons avec impatience des suggestions, des informations et de nouveaux contacts. N'h\u00e9sitez pas \u00e0 nous rejoindre.<\/p>\n\n\n\n<p><\/p>\n\n\n\n<div class=\"wp-block-media-text alignwide is-stacked-on-mobile has-yellow-500-color has-text-color\"><figure class=\"wp-block-media-text__media\"><a href=\"https:\/\/www.alles-bleibt-anders.org\/gruene-vor-ort\/ortsverbaende\/\"><img loading=\"lazy\" decoding=\"async\" width=\"800\" height=\"420\" src=\"http:\/\/www.gruene-mkk.de\/wp-content\/uploads\/2022\/02\/OVe-MKK_neu-800x420.jpg\" alt=\"\" class=\"wp-image-914 size-full\" srcset=\"https:\/\/www.gruene-mkk.de\/wp-content\/uploads\/2022\/02\/OVe-MKK_neu-800x420.jpg 800w, https:\/\/www.gruene-mkk.de\/wp-content\/uploads\/2022\/02\/OVe-MKK_neu-400x210.jpg 400w, https:\/\/www.gruene-mkk.de\/wp-content\/uploads\/2022\/02\/OVe-MKK_neu-768x404.jpg 768w, https:\/\/www.gruene-mkk.de\/wp-content\/uploads\/2022\/02\/OVe-MKK_neu.jpg 1117w\" sizes=\"auto, (max-width: 800px) 100vw, 800px\" \/><\/a><\/figure><div class=\"wp-block-media-text__content\">\n<h3 class=\"wp-block-heading\"><a href=\"https:\/\/www.alles-bleibt-anders.org\/gruene-vor-ort\/ortsverbaende\/\">S\u00e9lectionnez ici votre association locale et informez-vous.<\/a><\/h3>\n<\/div><\/div>\n\n\n\n<p> <\/p>\n\n\n\n<h3 class=\"wp-block-heading\">Dates dans les associations locales:<\/h3>\n\n\n<p><iframe loading=\"lazy\" width=\"900\" height=\"500\" src=\"https:\/\/wolke.netzbegruenung.de\/apps\/calendar\/embed\/WSPGrFsG59rZRKmx\"><\/iframe><\/p>\n\n\n\n<div class=\"wp-block-group has-text-color has-background is-layout-flow wp-block-group-is-layout-flow\" style=\"background-color:#163c29;color:#ffffff\">\n<h2 class=\"has-text-align-center wp-block-heading\">Il n'y a pas encore d'association locale dans votre commune?<\/h2>\n\n\n\n<div class=\"wp-block-buttons is-content-justification-center is-layout-flex wp-block-buttons-is-layout-flex\">\n<div class=\"wp-block-button has-custom-font-size\" style=\"font-size:clamp(16.293px, 1.018rem + ((1vw - 3.2px) * 0.989), 25px);\"><a class=\"wp-block-button__link\" href=\"https:\/\/www.alles-bleibt-anders.org\/gruene-vor-ort\/gemeinden-ohne-gruen\/\">Devenir fondateur!<\/a><\/div>\n<\/div>\n\n\n\n<p><\/p>\n<\/div>\n\n\n\n<p><\/p>\n\n\n\n<h2 class=\"wp-block-heading\">   <\/h2>\n\n\n\n<p> <\/p>","protected":false},"excerpt":{"rendered":"<p>Le vert dans le Main-Kinzig-Kreis Vous \u00eates int\u00e9ress\u00e9 par les th\u00e8mes verts? Vous aimeriez savoir ce qui fait l'objet de discussions politiques sur le terrain ou ce qui doit \u00eatre d\u00e9cid\u00e9? Vous souhaitez vous engager, [...]<\/p>","protected":false},"author":2,"featured_media":0,"parent":0,"menu_order":0,"comment_status":"closed","ping_status":"closed","template":"","meta":{"footnotes":""},"class_list":["post-152","page","type-page","status-publish","hentry"],"_links":{"self":[{"href":"https:\/\/www.gruene-mkk.de\/fr\/wp-json\/wp\/v2\/pages\/152","targetHints":{"allow":["GET"]}}],"collection":[{"href":"https:\/\/www.gruene-mkk.de\/fr\/wp-json\/wp\/v2\/pages"}],"about":[{"href":"https:\/\/www.gruene-mkk.de\/fr\/wp-json\/wp\/v2\/types\/page"}],"author":[{"embeddable":true,"href":"https:\/\/www.gruene-mkk.de\/fr\/wp-json\/wp\/v2\/users\/2"}],"replies":[{"embeddable":true,"href":"https:\/\/www.gruene-mkk.de\/fr\/wp-json\/wp\/v2\/comments?post=152"}],"version-history":[{"count":36,"href":"https:\/\/www.gruene-mkk.de\/fr\/wp-json\/wp\/v2\/pages\/152\/revisions"}],"predecessor-version":[{"id":921,"href":"https:\/\/www.gruene-mkk.de\/fr\/wp-json\/wp\/v2\/pages\/152\/revisions\/921"}],"wp:attachment":[{"href":"https:\/\/www.gruene-mkk.de\/fr\/wp-json\/wp\/v2\/media?parent=152"}],"curies":[{"name":"wp","href":"https:\/\/api.w.org\/{rel}","templated":true}]}}

<div class="wp-block-cover has-background-dim-20 has-background-dim" style="min-height:519px;aspect-ratio:unset;"><img loading="lazy" decoding="async" width="2560" height="1920" class="wp-block-cover__image-background wp-image-377" alt="" src="http://www.alles-bleibt-anders.org/wp-content/uploads/2021/11/IMG_0237-scaled.jpg" style="object-position:83% 32%" data-object-fit="cover" data-object-position="83% 32%" srcset="https://www.gruene-mkk.de/wp-content/uploads/2021/11/IMG_0237-scaled.jpg 2560w, https://www.gruene-mkk.de/wp-content/uploads/2021/11/IMG_0237-400x300.jpg 400w, https://www.gruene-mkk.de/wp-content/uploads/2021/11/IMG_0237-800x600.jpg 800w, https://www.gruene-mkk.de/wp-content/uploads/2021/11/IMG_0237-768x576.jpg 768w, https://www.gruene-mkk.de/wp-content/uploads/2021/11/IMG_0237-1536x1152.jpg 1536w, https://www.gruene-mkk.de/wp-content/uploads/2021/11/IMG_0237-2048x1536.jpg 2048w" sizes="auto, (max-width: 2560px) 100vw, 2560px" /><div class="wp-block-cover__inner-container is-layout-flow wp-block-cover-is-layout-flow">
<h2 class="has-text-align-center wp-block-heading" style="font-size:clamp(37.821px, 2.364rem + ((1vw - 3.2px) * 3.657), 70px);">Verts sur place</h2>
</div></div>



<p></p>



<h2 class="wp-block-heading"><strong>Le vert dans le Main-Kinzig-Kreis</strong></h2>



<p>Vous êtes intéressé par les thèmes verts? Vous aimeriez savoir ce qui fait l'objet de discussions politiques sur le terrain ou ce qui doit être décidé? Vous souhaitez vous engager, vous voulez que votre engagement influence les décisions sur place et dans le cercle Main-Kinzig?<br>Vous avez des suggestions pour le développement communal dans votre ville, votre commune ou pour le Main-Kinzig-Kreis?<br><br><strong>Alors vous avez raison sur ce site!</strong></p>



<p>Dans notre cercle, vous trouverez des personnes engagées qui s'engagent dans des initiatives, des organes, des parlements et surtout dans des associations locales afin d'apporter et de mettre en œuvre une politique verte durable sur le terrain. De nouvelles idées, de nouvelles initiatives et de nouveaux engagements sur le terrain sont les bienvenus. Nous attendons avec impatience des suggestions, des informations et de nouveaux contacts. N'hésitez pas à nous rejoindre.</p>



<p></p>



<div class="wp-block-media-text alignwide is-stacked-on-mobile has-yellow-500-color has-text-color"><figure class="wp-block-media-text__media"><a href="https://www.alles-bleibt-anders.org/gruene-vor-ort/ortsverbaende/"><img loading="lazy" decoding="async" width="800" height="420" src="http://www.gruene-mkk.de/wp-content/uploads/2022/02/OVe-MKK_neu-800x420.jpg" alt="" class="wp-image-914 size-full" srcset="https://www.gruene-mkk.de/wp-content/uploads/2022/02/OVe-MKK_neu-800x420.jpg 800w, https://www.gruene-mkk.de/wp-content/uploads/2022/02/OVe-MKK_neu-400x210.jpg 400w, https://www.gruene-mkk.de/wp-content/uploads/2022/02/OVe-MKK_neu-768x404.jpg 768w, https://www.gruene-mkk.de/wp-content/uploads/2022/02/OVe-MKK_neu.jpg 1117w" sizes="auto, (max-width: 800px) 100vw, 800px" /></a></figure><div class="wp-block-media-text__content">
<h3 class="wp-block-heading"><a href="https://www.alles-bleibt-anders.org/gruene-vor-ort/ortsverbaende/">Sélectionnez ici votre association locale et informez-vous.</a></h3>
</div></div>



<p> </p>



<h3 class="wp-block-heading">Dates dans les associations locales:</h3>


<p><iframe loading="lazy" width="900" height="500" src="https://wolke.netzbegruenung.de/apps/calendar/embed/WSPGrFsG59rZRKmx"></iframe></p>



<div class="wp-block-group has-text-color has-background is-layout-flow wp-block-group-is-layout-flow" style="background-color:#163c29;color:#ffffff">
<h2 class="has-text-align-center wp-block-heading">Il n'y a pas encore d'association locale dans votre commune?</h2>



<div class="wp-block-buttons is-content-justification-center is-layout-flex wp-block-buttons-is-layout-flex">
<div class="wp-block-button has-custom-font-size" style="font-size:clamp(16.293px, 1.018rem + ((1vw - 3.2px) * 0.989), 25px);"><a class="wp-block-button__link" href="https://www.alles-bleibt-anders.org/gruene-vor-ort/gemeinden-ohne-gruen/">Devenir fondateur!</a></div>
</div>



<p></p>
</div>



<p></p>



<h2 class="wp-block-heading">   </h2>



<p> </p>

<p>Le vert dans le Main-Kinzig-Kreis Vous êtes intéressé par les thèmes verts? Vous aimeriez savoir ce qui fait l'objet de discussions politiques sur le terrain ou ce qui doit être décidé? Vous souhaitez vous engager, [...]</p>
