{"id":2381,"date":"2024-10-07T14:02:50","date_gmt":"2024-10-07T12:02:50","guid":{"rendered":"https:\/\/www.gruene-mkk.de\/?post_type=sunflower_event&#038;p=2381"},"modified":"2024-10-07T14:02:51","modified_gmt":"2024-10-07T12:02:51","slug":"austauschrunde-zum-ruecktritt-des-bundesvorstands-der-gruenen-sowie-des-vorstands-der-gruenen-jugend","status":"publish","type":"sunflower_event","link":"https:\/\/www.gruene-mkk.de\/en\/termine\/austauschrunde-zum-ruecktritt-des-bundesvorstands-der-gruenen-sowie-des-vorstands-der-gruenen-jugend\/","title":{"rendered":"Austauschrunde zum R\u00fccktritt des Bundesvorstands der GR\u00dcNEN sowie des Vorstands der GR\u00dcNEN Jugend"},"content":{"rendered":"\n<p>Wir m\u00f6chten euch herzlich zu einer Austauschrunde des Kreisverbands Main-Kinzig einladen! Angesichts des R\u00fccktritts des Bundesvorstands der GR\u00dcNEN sowie des Vorstands der GR\u00dcNEN Jugend stellt sich die Frage: Wie geht es weiter?<\/p>\n\n\n\n<p>Gemeinsam m\u00f6chten wir am Dienstag, 15.10.2024 um 18:30 Uhr in unserer Gesch\u00e4ftsstelle (Calvinstra\u00dfe 10, 63450 Hanau) dar\u00fcber diskutieren, was dieser Schritt f\u00fcr uns bedeutet und wie wir als Partei weiter vorgehen.<\/p>\n\n\n\n<p>Wir freuen uns auf einen offenen und konstruktiven Austausch mit euch!<\/p>\n","protected":false},"excerpt":{"rendered":"<p>Wir m\u00f6chten euch herzlich zu einer Austauschrunde des Kreisverbands Main-Kinzig einladen! Angesichts des R\u00fccktritts des Bundesvorstands der GR\u00dcNEN sowie des Vorstands der GR\u00dcNEN Jugend stellt sich die Frage: Wie geht [&hellip;]<\/p>\n","protected":false},"author":2,"featured_media":2382,"comment_status":"closed","ping_status":"closed","template":"","sunflower_event_tag":[],"class_list":["post-2381","sunflower_event","type-sunflower_event","status-publish","has-post-thumbnail","hentry"],"_links":{"self":[{"href":"https:\/\/www.gruene-mkk.de\/en\/wp-json\/wp\/v2\/sunflower_event\/2381","targetHints":{"allow":["GET"]}}],"collection":[{"href":"https:\/\/www.gruene-mkk.de\/en\/wp-json\/wp\/v2\/sunflower_event"}],"about":[{"href":"https:\/\/www.gruene-mkk.de\/en\/wp-json\/wp\/v2\/types\/sunflower_event"}],"author":[{"embeddable":true,"href":"https:\/\/www.gruene-mkk.de\/en\/wp-json\/wp\/v2\/users\/2"}],"replies":[{"embeddable":true,"href":"https:\/\/www.gruene-mkk.de\/en\/wp-json\/wp\/v2\/comments?post=2381"}],"wp:featuredmedia":[{"embeddable":true,"href":"https:\/\/www.gruene-mkk.de\/en\/wp-json\/wp\/v2\/media\/2382"}],"wp:attachment":[{"href":"https:\/\/www.gruene-mkk.de\/en\/wp-json\/wp\/v2\/media?parent=2381"}],"wp:term":[{"taxonomy":"sunflower_event_tag","embeddable":true,"href":"https:\/\/www.gruene-mkk.de\/en\/wp-json\/wp\/v2\/sunflower_event_tag?post=2381"}],"curies":[{"name":"wp","href":"https:\/\/api.w.org\/{rel}","templated":true}]}}

Austauschrunde zum Rücktritt des Bundesvorstands der GRÜNEN sowie des Vorstands der GRÜNEN Jugend

<p>Wir möchten euch herzlich zu einer Austauschrunde des Kreisverbands Main-Kinzig einladen! Angesichts des Rücktritts des Bundesvorstands der GRÜNEN sowie des Vorstands der GRÜNEN Jugend stellt sich die Frage: Wie geht es weiter?</p>



<p>Gemeinsam möchten wir am Dienstag, 15.10.2024 um 18:30 Uhr in unserer Geschäftsstelle (Calvinstraße 10, 63450 Hanau) darüber diskutieren, was dieser Schritt für uns bedeutet und wie wir als Partei weiter vorgehen.</p>



<p>Wir freuen uns auf einen offenen und konstruktiven Austausch mit euch!</p>

<p>Wir möchten euch herzlich zu einer Austauschrunde des Kreisverbands Main-Kinzig einladen! Angesichts des Rücktritts des Bundesvorstands der GRÜNEN sowie des Vorstands der GRÜNEN Jugend stellt sich die Frage: Wie geht [&hellip;]</p>
