{"id":2314,"date":"2024-08-06T18:41:39","date_gmt":"2024-08-06T16:41:39","guid":{"rendered":"https:\/\/www.gruene-mkk.de\/?post_type=sunflower_event&#038;p=2314"},"modified":"2024-08-06T18:41:40","modified_gmt":"2024-08-06T16:41:40","slug":"feierabendmarkt-in-hanau","status":"publish","type":"sunflower_event","link":"https:\/\/www.gruene-mkk.de\/en\/termine\/feierabendmarkt-in-hanau\/","title":{"rendered":"Feierabendmarkt in Hanau"},"content":{"rendered":"\n<p>Wenn wieder kalte Getr\u00e4nke, leckeres Essen und gute Musik an einem lauen Sommerabend zum Feierabendmarkt auf dem Platz vor der Wallonisch-Niederl\u00e4ndischen Kirche einladen, dann sind wir auch mit dabei. Wir \u00f6ffnen die T\u00fcren unserer Gesch\u00e4ftsstelle f\u00fcr interessante Gespr\u00e4che und einen netten Tagesausklang.<\/p>\n","protected":false},"excerpt":{"rendered":"<p>Wenn wieder kalte Getr\u00e4nke, leckeres Essen und gute Musik an einem lauen Sommerabend zum Feierabendmarkt auf dem Platz vor der Wallonisch-Niederl\u00e4ndischen Kirche einladen, dann sind wir auch mit dabei. Wir [&hellip;]<\/p>\n","protected":false},"author":2,"featured_media":0,"comment_status":"closed","ping_status":"closed","template":"","sunflower_event_tag":[],"class_list":["post-2314","sunflower_event","type-sunflower_event","status-publish","hentry"],"_links":{"self":[{"href":"https:\/\/www.gruene-mkk.de\/en\/wp-json\/wp\/v2\/sunflower_event\/2314","targetHints":{"allow":["GET"]}}],"collection":[{"href":"https:\/\/www.gruene-mkk.de\/en\/wp-json\/wp\/v2\/sunflower_event"}],"about":[{"href":"https:\/\/www.gruene-mkk.de\/en\/wp-json\/wp\/v2\/types\/sunflower_event"}],"author":[{"embeddable":true,"href":"https:\/\/www.gruene-mkk.de\/en\/wp-json\/wp\/v2\/users\/2"}],"replies":[{"embeddable":true,"href":"https:\/\/www.gruene-mkk.de\/en\/wp-json\/wp\/v2\/comments?post=2314"}],"wp:attachment":[{"href":"https:\/\/www.gruene-mkk.de\/en\/wp-json\/wp\/v2\/media?parent=2314"}],"wp:term":[{"taxonomy":"sunflower_event_tag","embeddable":true,"href":"https:\/\/www.gruene-mkk.de\/en\/wp-json\/wp\/v2\/sunflower_event_tag?post=2314"}],"curies":[{"name":"wp","href":"https:\/\/api.w.org\/{rel}","templated":true}]}}

<p>Wenn wieder kalte Getränke, leckeres Essen und gute Musik an einem lauen Sommerabend zum Feierabendmarkt auf dem Platz vor der Wallonisch-Niederländischen Kirche einladen, dann sind wir auch mit dabei. Wir öffnen die Türen unserer Geschäftsstelle für interessante Gespräche und einen netten Tagesausklang.</p>

<p>Wenn wieder kalte Getränke, leckeres Essen und gute Musik an einem lauen Sommerabend zum Feierabendmarkt auf dem Platz vor der Wallonisch-Niederländischen Kirche einladen, dann sind wir auch mit dabei. Wir [&hellip;]</p>
