{"id":3,"date":"2018-09-03T09:05:24","date_gmt":"2018-09-03T07:05:24","guid":{"rendered":"\/?page_id=3"},"modified":"2025-12-04T00:57:27","modified_gmt":"2025-12-03T23:57:27","slug":"datenschutzerklaerung","status":"publish","type":"page","link":"https:\/\/www.gruene-mkk.de\/en\/datenschutzerklaerung\/","title":{"rendered":"Privacy Policy and Imprint"},"content":{"rendered":"<p><strong>Alliance 90\/The Greens Main-Kinzig<br><\/strong>office<br>Calvin street 10<br>63450 Hanau<\/p>\n\n\n\n<p>E-mail:&nbsp;<a href=\"#\" data-unscramble=\"ed.kkm-eneurg@vk\">kv@gruene-mkk.de<\/a><\/p>\n\n\n\n<p>Represented by the district board<\/p>\n\n\n\n<p>Anja Zeller, Beate Boege-Sonnek, Philip Schinkel, Steve Euler, Christine Dr\u00f6\u00dfler-Utecht, Matthias Kuponiyi-B\u00f6ff <\/p>\n\n\n\n<p><strong>Responsible within the meaning of \u00a7 5 Telemedia Act (TMD):<br><\/strong>Mareike J\u00e4ger &amp; Melanie Bosold<br>Calvin street 10<br>63450 Hanau<\/p>\n\n\n\n<p><strong>VAT ID:<\/strong>&nbsp;<\/p>\n\n\n\n<p><strong>Editorial team:<\/strong><br>Mareike J\u00e4ger &amp; Melanie Bosold<br>E-mail:&nbsp;<a href=\"#\" data-unscramble=\"ed.kkm-eneurg@vk\">kv@gruene-mkk.de<\/a><\/p>\n\n\n\n<p><\/p>\n\n\n\n<p>We know that you attach great importance to the subject of data protection. Therefore, the protection of your personal data is important to us.<\/p>\n\n\n\n<p><b>Personal data and contact form<br>\n<\/b>Personal data that you transmit to us electronically, e.g. your name, postal address, e-mail address or other personal information, will only be used by us for the purpose specified in each case, securely stored and not passed on to third parties. We will only send you information if you have signed up for appropriate services.<\/p>\n\n\n\n<p><b>Right of revocation<br>\n<\/b>You have the right to withdraw your consent at any time; Please send an e-mail to&nbsp;<a class=\"mail\" title=\"Opens window for sending email\">gcms(at)newthinking.de<\/a>. Your data will then be deleted immediately.<\/p>\n\n\n\n<p><b>Links to other websites<br>\n<\/b>On our pages you will find links to other pages on the Internet. For all these links and banners, we have no influence on the design and content of the linked pages. Therefore, we assume no responsibility for the content, design and data protection regulations of these pages.<\/p>\n\n\n\n<p><b>Use of cookies<br>\n<\/b>There is a technique called \u2018cookies\u2019 that allows information from a website to be adapted to your needs. A cookie is a data element that a website can send to your browser to store on your system.<\/p>\n\n\n\n<p>Occasionally, we also use temporary cookies so that we can support you more effectively when you return to such a website. However, you have the option of setting your browser so that it informs you when you receive a cookie. Then you can decide for yourself whether to accept it or not.<\/p>\n\n\n\n<p><i>Firefox (Windows):<\/i>&nbsp;\u2192Tools \u2192Settings \u2192Privacy \u2192Create a history after custom settings<br>\n<i>Firefox (Linux):<\/i>&nbsp;\u2192Edit \u2192Settings \u2192Privacy \u2192Create a history according to user-defined settings<br>\n<i>Internet Explorer:&nbsp;<\/i>\u2192Extras \u2192Internet Options \u2192Privacy \u2192Advanced<\/p>\n\n\n\n<p><b>Piwik<\/b><b><br>\n<\/b>This website uses the open source web analytics service Piwik, which uses so-called \u2018cookies\u2019. The information generated by the cookie about the use of the website is stored on our server. The IP address is anonymized before storage.<\/p>\n\n\n\n<p>The storage of cookies can be blocked via the settings of your browser software; However, it is possible that not all functions of this website can be used.<\/p>\n\n\n\n<p><b>Use of social media buttons with data protection (Shariff) for Facebook, Twitter, Google+<\/b><br>\nWe use so-called social media buttons for sharing content on Facebook, Twitter and Google+. These buttons appear below articles and can be used to recommend individual articles on social media.\u00a0The buttons are also used to activate the display of Facebook and Twitter feeds and are marked with \u2018Connect to Facebook\u2019 and \u2018Connect to Twitter\u2019.\u00a0As soon as these buttons are activated, a connection to the servers of Facebook, Twitter or Google+ is established and user data is transmitted to the external servers.<\/p>\n\n\n\n<p>Further information on&nbsp;<a href=\"http:\/\/www.heise.de\/ct\/artikel\/Shariff-Social-Media-Buttons-mit-Datenschutz-2467514.html\" target=\"_blank\" rel=\"noopener\">Initiative by heise.de for a 2-click method called \u2018Shariff\u2019<\/a><\/p>\n\n\n\n<p><a href=\"http:\/\/www.alles-bleibt-anders.org\/wp-content\/uploads\/2021\/11\/Datenschutzerklaerung_Social-Media.pdf\">Here<\/a> Click here for the privacy policy for our Facebook page.<\/p>\n\n\n\n<p><b>Integration of Google Maps<\/b><br>\nThis website uses Google Maps API to visually display geographic information.\u00a0Google also collects data about visitors to the website, which is then processed and used. Further information about data processing is described in the Google Privacy Notice:&nbsp;<a href=\"https:\/\/www.google.com\/intl\/de\/policies\/privacy\/\" target=\"_blank\" rel=\"noopener\">www.google.com\/intl\/de\/policies\/privacy\/<\/a>.\u00a0In the Google Privacy Center, personal settings can be changed and adjusted.<\/p>\n\n\n\n<p>Further instructions on how to manage personal data when using Google products can be found on the website operated by Google&nbsp;<a href=\"http:\/\/www.dataliberation.org\/\" target=\"_blank\" rel=\"noopener\">http:\/\/www.dataliberation.org\/<\/a><\/p>\n\n\n\n<p><b>Embedded YouTube videos<\/b><br>\nThis website uses embedded YouTube videos.\u00a0As a result, cookies are already stored on the system of the users when the website is accessed.\u00a0To prevent this, it must be blocked in the browser settings.<br>\nFurther information on data processing and information on data protection by YouTube (Google) can be found at&nbsp;<a href=\"http:\/\/www.google.de\/intl\/de\/policies\/privacy\/\" target=\"_blank\" rel=\"noopener\">www.google.de\/intl\/de\/policies\/privacy\/<\/a>.<\/p>\n\n\n\n<p><b>Embedded Vimeo videos<br>\n<\/b>This website uses integrated Vimeo videos.\u00a0As a result, cookies are already stored on the system of the users when the page is called up.\u00a0To prevent this, it must be blocked in the browser settings.<br>\nFurther information on data processing and information on data protection by Vimeo can be found at&nbsp;<a href=\"https:\/\/vimeo.com\/privacy\" target=\"_blank\" rel=\"noopener\">https:\/\/vimeo.com\/privacy<\/a>.<\/p>","protected":false},"excerpt":{"rendered":"<p>B\u00dcNDNIS 90\/DIE GR\u00dcNEN Main-KinzigCalvinstra\u00dfe 1063450 Hanau E-Mail:\u00a0kv@gruene-mkk.de Represented by the district executive Anja Zeller, Beate Boege-Sonnek, Philip Schinkel, Steve Euler, Christine Dr\u00f6\u00dfler-Utecht, Matthias Kuponiyi-B\u00f6ff Responsible within the meaning of \u00a7 5 Telemediengesetz (TMD):Mareike [...]<\/p>","protected":false},"author":1,"featured_media":0,"parent":0,"menu_order":0,"comment_status":"closed","ping_status":"open","template":"","meta":{"footnotes":""},"class_list":["post-3","page","type-page","status-publish","hentry"],"_links":{"self":[{"href":"https:\/\/www.gruene-mkk.de\/en\/wp-json\/wp\/v2\/pages\/3","targetHints":{"allow":["GET"]}}],"collection":[{"href":"https:\/\/www.gruene-mkk.de\/en\/wp-json\/wp\/v2\/pages"}],"about":[{"href":"https:\/\/www.gruene-mkk.de\/en\/wp-json\/wp\/v2\/types\/page"}],"author":[{"embeddable":true,"href":"https:\/\/www.gruene-mkk.de\/en\/wp-json\/wp\/v2\/users\/1"}],"replies":[{"embeddable":true,"href":"https:\/\/www.gruene-mkk.de\/en\/wp-json\/wp\/v2\/comments?post=3"}],"version-history":[{"count":8,"href":"https:\/\/www.gruene-mkk.de\/en\/wp-json\/wp\/v2\/pages\/3\/revisions"}],"predecessor-version":[{"id":3041,"href":"https:\/\/www.gruene-mkk.de\/en\/wp-json\/wp\/v2\/pages\/3\/revisions\/3041"}],"wp:attachment":[{"href":"https:\/\/www.gruene-mkk.de\/en\/wp-json\/wp\/v2\/media?parent=3"}],"curies":[{"name":"wp","href":"https:\/\/api.w.org\/{rel}","templated":true}]}}

<p><strong>Alliance 90/The Greens Main-Kinzig<br></strong>office<br>Calvin street 10<br>63450 Hanau</p>



<p>E-mail:&nbsp;<a href="#" data-unscramble="ed.kkm-eneurg@vk">kv@gruene-mkk.de</a></p>



<p>Represented by the district board</p>



<p>Anja Zeller, Beate Boege-Sonnek, Philip Schinkel, Steve Euler, Christine Drößler-Utecht, Matthias Kuponiyi-Böff </p>



<p><strong>Responsible within the meaning of § 5 Telemedia Act (TMD):<br></strong>Mareike Jäger &amp; Melanie Bosold<br>Calvin street 10<br>63450 Hanau</p>



<p><strong>VAT ID:</strong>&nbsp;</p>



<p><strong>Editorial team:</strong><br>Mareike Jäger &amp; Melanie Bosold<br>E-mail:&nbsp;<a href="#" data-unscramble="ed.kkm-eneurg@vk">kv@gruene-mkk.de</a></p>



<p></p>



<p>We know that you attach great importance to the subject of data protection. Therefore, the protection of your personal data is important to us.</p>



<p><b>Personal data and contact form<br>
</b>Personal data that you transmit to us electronically, e.g. your name, postal address, e-mail address or other personal information, will only be used by us for the purpose specified in each case, securely stored and not passed on to third parties. We will only send you information if you have signed up for appropriate services.</p>



<p><b>Right of revocation<br>
</b>You have the right to withdraw your consent at any time; Please send an e-mail to&nbsp;<a class="mail" title="Opens window for sending email">gcms(at)newthinking.de</a>. Your data will then be deleted immediately.</p>



<p><b>Links to other websites<br>
</b>On our pages you will find links to other pages on the Internet. For all these links and banners, we have no influence on the design and content of the linked pages. Therefore, we assume no responsibility for the content, design and data protection regulations of these pages.</p>



<p><b>Use of cookies<br>
</b>There is a technique called ‘cookies’ that allows information from a website to be adapted to your needs. A cookie is a data element that a website can send to your browser to store on your system.</p>



<p>Occasionally, we also use temporary cookies so that we can support you more effectively when you return to such a website. However, you have the option of setting your browser so that it informs you when you receive a cookie. Then you can decide for yourself whether to accept it or not.</p>



<p><i>Firefox (Windows):</i>&nbsp;→Tools →Settings →Privacy →Create a history after custom settings<br>
<i>Firefox (Linux):</i>&nbsp;→Edit →Settings →Privacy →Create a history according to user-defined settings<br>
<i>Internet Explorer:&nbsp;</i>→Extras →Internet Options →Privacy →Advanced</p>



<p><b>Piwik</b><b><br>
</b>This website uses the open source web analytics service Piwik, which uses so-called ‘cookies’. The information generated by the cookie about the use of the website is stored on our server. The IP address is anonymized before storage.</p>



<p>The storage of cookies can be blocked via the settings of your browser software; However, it is possible that not all functions of this website can be used.</p>



<p><b>Use of social media buttons with data protection (Shariff) for Facebook, Twitter, Google+</b><br>
We use so-called social media buttons for sharing content on Facebook, Twitter and Google+. These buttons appear below articles and can be used to recommend individual articles on social media. The buttons are also used to activate the display of Facebook and Twitter feeds and are marked with ‘Connect to Facebook’ and ‘Connect to Twitter’. As soon as these buttons are activated, a connection to the servers of Facebook, Twitter or Google+ is established and user data is transmitted to the external servers.</p>



<p>Further information on&nbsp;<a href="http://www.heise.de/ct/artikel/Shariff-Social-Media-Buttons-mit-Datenschutz-2467514.html" target="_blank" rel="noopener">Initiative by heise.de for a 2-click method called ‘Shariff’</a></p>



<p><a href="http://www.alles-bleibt-anders.org/wp-content/uploads/2021/11/Datenschutzerklaerung_Social-Media.pdf">Here</a> Click here for the privacy policy for our Facebook page.</p>



<p><b>Integration of Google Maps</b><br>
This website uses Google Maps API to visually display geographic information. Google also collects data about visitors to the website, which is then processed and used. Further information about data processing is described in the Google Privacy Notice:&nbsp;<a href="https://www.google.com/intl/de/policies/privacy/" target="_blank" rel="noopener">www.google.com/intl/de/policies/privacy/</a>. In the Google Privacy Center, personal settings can be changed and adjusted.</p>



<p>Further instructions on how to manage personal data when using Google products can be found on the website operated by Google&nbsp;<a href="http://www.dataliberation.org/" target="_blank" rel="noopener">http://www.dataliberation.org/</a></p>



<p><b>Embedded YouTube videos</b><br>
This website uses embedded YouTube videos. As a result, cookies are already stored on the system of the users when the website is accessed. To prevent this, it must be blocked in the browser settings.<br>
Further information on data processing and information on data protection by YouTube (Google) can be found at&nbsp;<a href="http://www.google.de/intl/de/policies/privacy/" target="_blank" rel="noopener">www.google.de/intl/de/policies/privacy/</a>.</p>



<p><b>Embedded Vimeo videos<br>
</b>This website uses integrated Vimeo videos. As a result, cookies are already stored on the system of the users when the page is called up. To prevent this, it must be blocked in the browser settings.<br>
Further information on data processing and information on data protection by Vimeo can be found at&nbsp;<a href="https://vimeo.com/privacy" target="_blank" rel="noopener">https://vimeo.com/privacy</a>.</p>

<p>BÜNDNIS 90/DIE GRÜNEN Main-KinzigCalvinstraße 1063450 Hanau E-Mail: kv@gruene-mkk.de Represented by the district executive Anja Zeller, Beate Boege-Sonnek, Philip Schinkel, Steve Euler, Christine Drößler-Utecht, Matthias Kuponiyi-Böff Responsible within the meaning of § 5 Telemediengesetz (TMD):Mareike [...]</p>
