{"id":3321,"date":"2026-03-06T13:53:49","date_gmt":"2026-03-06T12:53:49","guid":{"rendered":"https:\/\/www.gruene-mkk.de\/?post_type=sunflower_event&#038;p=3321"},"modified":"2026-03-06T13:53:49","modified_gmt":"2026-03-06T12:53:49","slug":"outfits-mit-zukunft-nachhaltig-kleiden-und-mikroplastik-sparen-mit-anna-cavazinni-ov-hanau","status":"publish","type":"sunflower_event","link":"https:\/\/www.gruene-mkk.de\/cs\/termine\/outfits-mit-zukunft-nachhaltig-kleiden-und-mikroplastik-sparen-mit-anna-cavazinni-ov-hanau\/","title":{"rendered":"\u201eOutfits mit Zukunft: Nachhaltig kleiden und Mikroplastik sparen\u201c &#8211; mit Anna Cavazinni (OV Hanau)"},"content":{"rendered":"\n<p>Mikroplastik gelangt unter anderem aus Polyesterfasern und Impr\u00e4gnierungen in B\u00f6den, Grundwasser, Fl\u00fcsse und Meere. Beim Einkauf, Waschen, Trocknen und Pflegen der Kleidung k\u00f6nnen alle dazu beitragen, dass weniger Mikroplastik in die Umwelt gelangt.<br>An diesem Abend sprechen wir gemeinsam \u00fcber nachhaltige Mode, schauen, wie sich bedenkliche Chemikalien in Textilien erkennen lassen und auf welche G\u00fctesiegel jede:r achten kann.<\/p>\n\n\n\n<p>Die Umweltlotsin Eva von Monschaw von der Verbraucherzentrale Hessen wird uns dabei begleiten und wertvolle praktische Tipps geben. Besonders freuen wir uns, dass auch die Europaabgeordnete Anna Cavazzini mit uns diskutiert und Einblicke in aktuelle Initiativen und Regelungen auf EU-Ebene einbringt.<\/p>\n\n\n\n<p>Wir bitten um Anmeldung per Mail unter va@gruene-hanau.de. Die Pl\u00e4tze sind begrenzt.<\/p>\n","protected":false},"excerpt":{"rendered":"<p>Mikroplastik gelangt unter anderem aus Polyesterfasern und Impr\u00e4gnierungen in B\u00f6den, Grundwasser, Fl\u00fcsse und Meere. Beim Einkauf, Waschen, Trocknen und Pflegen der Kleidung k\u00f6nnen alle dazu beitragen, dass weniger Mikroplastik in [&hellip;]<\/p>\n","protected":false},"author":2,"featured_media":0,"comment_status":"closed","ping_status":"closed","template":"","sunflower_event_tag":[],"class_list":["post-3321","sunflower_event","type-sunflower_event","status-publish","hentry"],"_links":{"self":[{"href":"https:\/\/www.gruene-mkk.de\/cs\/wp-json\/wp\/v2\/sunflower_event\/3321","targetHints":{"allow":["GET"]}}],"collection":[{"href":"https:\/\/www.gruene-mkk.de\/cs\/wp-json\/wp\/v2\/sunflower_event"}],"about":[{"href":"https:\/\/www.gruene-mkk.de\/cs\/wp-json\/wp\/v2\/types\/sunflower_event"}],"author":[{"embeddable":true,"href":"https:\/\/www.gruene-mkk.de\/cs\/wp-json\/wp\/v2\/users\/2"}],"replies":[{"embeddable":true,"href":"https:\/\/www.gruene-mkk.de\/cs\/wp-json\/wp\/v2\/comments?post=3321"}],"wp:attachment":[{"href":"https:\/\/www.gruene-mkk.de\/cs\/wp-json\/wp\/v2\/media?parent=3321"}],"wp:term":[{"taxonomy":"sunflower_event_tag","embeddable":true,"href":"https:\/\/www.gruene-mkk.de\/cs\/wp-json\/wp\/v2\/sunflower_event_tag?post=3321"}],"curies":[{"name":"wp","href":"https:\/\/api.w.org\/{rel}","templated":true}]}}

<p>Mikroplastik gelangt unter anderem aus Polyesterfasern und Imprägnierungen in Böden, Grundwasser, Flüsse und Meere. Beim Einkauf, Waschen, Trocknen und Pflegen der Kleidung können alle dazu beitragen, dass weniger Mikroplastik in die Umwelt gelangt.<br>An diesem Abend sprechen wir gemeinsam über nachhaltige Mode, schauen, wie sich bedenkliche Chemikalien in Textilien erkennen lassen und auf welche Gütesiegel jede:r achten kann.</p>



<p>Die Umweltlotsin Eva von Monschaw von der Verbraucherzentrale Hessen wird uns dabei begleiten und wertvolle praktische Tipps geben. Besonders freuen wir uns, dass auch die Europaabgeordnete Anna Cavazzini mit uns diskutiert und Einblicke in aktuelle Initiativen und Regelungen auf EU-Ebene einbringt.</p>



<p>Wir bitten um Anmeldung per Mail unter va@gruene-hanau.de. Die Plätze sind begrenzt.</p>

<p>Mikroplastik gelangt unter anderem aus Polyesterfasern und Imprägnierungen in Böden, Grundwasser, Flüsse und Meere. Beim Einkauf, Waschen, Trocknen und Pflegen der Kleidung können alle dazu beitragen, dass weniger Mikroplastik in [&hellip;]</p>
