{"id":2944,"date":"2025-10-09T08:59:07","date_gmt":"2025-10-09T06:59:07","guid":{"rendered":"https:\/\/www.gruene-mkk.de\/?post_type=sunflower_event&#038;p=2944"},"modified":"2025-11-11T11:43:05","modified_gmt":"2025-11-11T10:43:05","slug":"fruehstueck-gruene-60","status":"publish","type":"sunflower_event","link":"https:\/\/www.gruene-mkk.de\/cs\/termine\/fruehstueck-gruene-60\/","title":{"rendered":"Fr\u00fchst\u00fcck mit den Gr\u00fcnen 60+"},"content":{"rendered":"\n<p>Wir m\u00f6chten euch herzlich zu unserem n\u00e4chsten Treffen der Gr\u00fcnen 60+ im Kreisverband Main-Kinzig einladen. <\/p>\n\n\n\n<p>Besonders freuen wir uns, dass die beiden Sprecher*innen der LAG 60+, <strong>Wolfgang Strengmann-Kuhn<\/strong> und <strong>Sabine H\u00e4user-Eltgen<\/strong> mit dabei sind! Beim gemeinsamen Fr\u00fchst\u00fcck wollen wir wieder die Gelegenheit nutzen, uns auszutauschen und die aktuellen politischen Ereignisse zu diskutieren. Im Mittelpunkt unseres Treffens steht dieses Mal die bevorstehende Kommunalwahl.<\/p>\n\n\n\n<p>Wir freuen uns auf euch!<\/p>\n\n\n\n<p>F\u00fcr eine bessere Planung, f\u00fcllt bitte dieses Formular aus:<\/p>\n\n\n\n<p><\/p>\n\n\n<noscript class=\"ninja-forms-noscript-message\">\n\tUpozorn\u011bn\u00ed: U tohoto obsahu je vy\u017eadov\u00e1n JavaScript.<\/noscript>\n<div id=\"nf-form-42-cont\" class=\"nf-form-cont\" aria-live=\"polite\" aria-labelledby=\"nf-form-title-42\" aria-describedby=\"nf-form-errors-42\" role=\"form\">\n\n    <div class=\"nf-loading-spinner\"><\/div>\n\n<\/div>\n        <!-- That data is being printed as a workaround to page builders reordering the order of the scripts loaded-->\n        <script>var formDisplay=1;var nfForms=nfForms||[];var form=[];form.id='42';form.settings={\"objectType\":\"Form Setting\",\"editActive\":false,\"title\":\"Fr\\u00fcst\\u00fcck 60+ am 15.11.2025\",\"show_title\":1,\"allow_public_link\":0,\"embed_form\":\"\",\"clear_complete\":1,\"hide_complete\":1,\"default_label_pos\":\"above\",\"wrapper_class\":\"\",\"element_class\":\"\",\"form_title_heading_level\":\"3\",\"key\":\"\",\"add_submit\":1,\"currency\":\"\",\"unique_field_error\":\"A form with this value has already been submitted.\",\"logged_in\":false,\"not_logged_in_msg\":\"\",\"sub_limit_msg\":\"The form has reached its submission limit.\",\"calculations\":[],\"formContentData\":[\"vor-_und_nachname_1760008025875\",\"ich_bringe_jemanden_mit_1760008674427\",\"submit_1760008705708\"],\"public_link\":\"https:\\\/\\\/www.gruene-mkk.de\\\/ninja-forms\\\/42rffa\",\"public_link_key\":\"42rffa\",\"ninjaForms\":\"Ninja Forms\",\"changeEmailErrorMsg\":\"Zadejte platnou e-mailovou adresu!\",\"changeDateErrorMsg\":\"Pros\\u00edm vlo\\u017ete spr\\u00e1vn\\u00e9 datum!\",\"confirmFieldErrorMsg\":\"Tato pole se mus\\u00ed shodovat!\",\"fieldNumberNumMinError\":\"Chyba minim\\u00e1ln\\u00ed hodnoty\",\"fieldNumberNumMaxError\":\"Chyba maxim\\u00e1ln\\u00ed hodnoty\",\"fieldNumberIncrementBy\":\"Pros\\u00edm, zvy\\u0161te o\",\"fieldTextareaRTEInsertLink\":\"Vlo\\u017eit odkaz\",\"fieldTextareaRTEInsertMedia\":\"Vlo\\u017ete medi\\u00e1ln\\u00ed soubor\",\"fieldTextareaRTESelectAFile\":\"Vyberte soubor\",\"formErrorsCorrectErrors\":\"P\\u0159ed odesl\\u00e1n\\u00edm tohoto formul\\u00e1\\u0159e opravte chyby.\",\"formHoneypot\":\"Pokud jste \\u010dlov\\u011bk, kter\\u00fd vid\\u00ed toto pole, nechte ho pros\\u00edm pr\\u00e1zdn\\u00e9.\",\"validateRequiredField\":\"Toto pole je povinn\\u00e9.\",\"honeypotHoneypotError\":\"Honeypot Error\",\"fileUploadOldCodeFileUploadInProgress\":\"Prob\\u00edh\\u00e1 nahr\\u00e1v\\u00e1n\\u00ed souboru.\",\"fileUploadOldCodeFileUpload\":\"NAHR\\u00c1T SOUBOR\",\"currencySymbol\":false,\"fieldsMarkedRequired\":\"Pole ozna\\u010den\\u00e9 <span class=\\\"ninja-forms-req-symbol\\\">*<\\\/span> jsou povinn\\u00e9\",\"thousands_sep\":\".\",\"decimal_point\":\",\",\"siteLocale\":\"cs_CZ\",\"dateFormat\":\"m\\\/d\\\/Y\",\"startOfWeek\":\"1\",\"of\":\"\\\/\",\"previousMonth\":\"P\\u0159edch\\u00e1zej\\u00edc\\u00ed m\\u011bs\\u00edc\",\"nextMonth\":\"P\\u0159\\u00ed\\u0161t\\u00ed m\\u011bs\\u00edc\",\"months\":[\"Leden\",\"\\u00danor\",\"B\\u0159ezen\",\"Duben\",\"Kv\\u011bten\",\"\\u010cerven\",\"\\u010cervenec\",\"Srpen\",\"Z\\u00e1\\u0159\\u00ed\",\"\\u0158\\u00edjen\",\"Listopad\",\"Prosinec\"],\"monthsShort\":[\"Led\",\"\\u00dano\",\"B\\u0159e\",\"Dub\",\"Kv\\u011bten\",\"\\u010cvn\",\"\\u010cvc\",\"Srp\",\"Z\\u00e1\\u0159\",\"\\u0158\\u00edj\",\"Lis\",\"Pro\"],\"weekdays\":[\"Ned\\u011ble\",\"Pond\\u011bl\\u00ed\",\"\\u00dater\\u00fd\",\"St\\u0159eda\",\"\\u010ctvrtek\",\"P\\u00e1tek\",\"Sobota\"],\"weekdaysShort\":[\"Ne\",\"Po\",\"\\u00dat\",\"St\",\"\\u010ct\",\"P\\u00e1\",\"So\"],\"weekdaysMin\":[\"Ne\",\"Po\",\"\\u00dat\",\"St\",\"\\u010ct\",\"P\\u00e1\",\"So\"],\"recaptchaConsentMissing\":\"reCaptcha validation couldn&#039;t load.\",\"recaptchaMissingCookie\":\"reCaptcha v3 validation couldn&#039;t load the cookie needed to submit the form.\",\"recaptchaConsentEvent\":\"Accept reCaptcha cookies before sending the form.\",\"currency_symbol\":\"\",\"beforeForm\":\"\",\"beforeFields\":\"\",\"afterFields\":\"\",\"afterForm\":\"\"};form.fields=[{\"objectType\":\"Field\",\"objectDomain\":\"fields\",\"editActive\":false,\"order\":999,\"idAttribute\":\"id\",\"type\":\"textbox\",\"label\":\"Vor- und Nachname\",\"key\":\"vor-_und_nachname_1760008025875\",\"label_pos\":\"above\",\"required\":1,\"default\":\"\",\"placeholder\":\"\",\"container_class\":\"\",\"element_class\":\"\",\"input_limit\":\"\",\"input_limit_type\":\"characters\",\"input_limit_msg\":\"Character(s) left\",\"manual_key\":false,\"admin_label\":\"\",\"help_text\":\"\",\"mask\":\"\",\"custom_mask\":\"\",\"custom_name_attribute\":\"\",\"personally_identifiable\":\"\",\"value\":\"\",\"drawerDisabled\":false,\"id\":323,\"beforeField\":\"\",\"afterField\":\"\",\"parentType\":\"textbox\",\"element_templates\":[\"textbox\",\"input\"],\"old_classname\":\"\",\"wrap_template\":\"wrap\"},{\"objectType\":\"Field\",\"objectDomain\":\"fields\",\"editActive\":false,\"order\":999,\"idAttribute\":\"id\",\"type\":\"checkbox\",\"label\":\"Ich bringe jemanden mit.\",\"key\":\"ich_bringe_jemanden_mit_1760008674427\",\"label_pos\":\"right\",\"required\":false,\"container_class\":\"\",\"element_class\":\"\",\"manual_key\":false,\"admin_label\":\"\",\"help_text\":\"\",\"default_value\":\"unchecked\",\"checked_value\":\"Checked\",\"unchecked_value\":\"Unchecked\",\"checked_calc_value\":\"\",\"unchecked_calc_value\":\"\",\"id\":324,\"beforeField\":\"\",\"afterField\":\"\",\"value\":\"\",\"parentType\":\"checkbox\",\"element_templates\":[\"checkbox\",\"input\"],\"old_classname\":\"\",\"wrap_template\":\"wrap\"},{\"objectType\":\"Field\",\"objectDomain\":\"fields\",\"editActive\":false,\"order\":9999,\"idAttribute\":\"id\",\"type\":\"submit\",\"label\":\"Submit\",\"processing_label\":\"Processing\",\"container_class\":\"\",\"element_class\":\"\",\"key\":\"submit_1760008705708\",\"admin_label\":\"\",\"id\":325,\"beforeField\":\"\",\"afterField\":\"\",\"value\":\"\",\"label_pos\":\"above\",\"parentType\":\"textbox\",\"element_templates\":[\"submit\",\"button\",\"input\"],\"old_classname\":\"\",\"wrap_template\":\"wrap-no-label\"}];nfForms.push(form);<\/script>\n        ","protected":false},"excerpt":{"rendered":"<p>Wir m\u00f6chten euch herzlich zu unserem n\u00e4chsten Treffen der Gr\u00fcnen 60+ im Kreisverband Main-Kinzig einladen. Besonders freuen wir uns, dass die beiden Sprecher*innen der LAG 60+, Wolfgang Strengmann-Kuhn und Sabine [&hellip;]<\/p>\n","protected":false},"author":2,"featured_media":0,"comment_status":"closed","ping_status":"closed","template":"","sunflower_event_tag":[],"class_list":["post-2944","sunflower_event","type-sunflower_event","status-publish","hentry"],"_links":{"self":[{"href":"https:\/\/www.gruene-mkk.de\/cs\/wp-json\/wp\/v2\/sunflower_event\/2944","targetHints":{"allow":["GET"]}}],"collection":[{"href":"https:\/\/www.gruene-mkk.de\/cs\/wp-json\/wp\/v2\/sunflower_event"}],"about":[{"href":"https:\/\/www.gruene-mkk.de\/cs\/wp-json\/wp\/v2\/types\/sunflower_event"}],"author":[{"embeddable":true,"href":"https:\/\/www.gruene-mkk.de\/cs\/wp-json\/wp\/v2\/users\/2"}],"replies":[{"embeddable":true,"href":"https:\/\/www.gruene-mkk.de\/cs\/wp-json\/wp\/v2\/comments?post=2944"}],"wp:attachment":[{"href":"https:\/\/www.gruene-mkk.de\/cs\/wp-json\/wp\/v2\/media?parent=2944"}],"wp:term":[{"taxonomy":"sunflower_event_tag","embeddable":true,"href":"https:\/\/www.gruene-mkk.de\/cs\/wp-json\/wp\/v2\/sunflower_event_tag?post=2944"}],"curies":[{"name":"wp","href":"https:\/\/api.w.org\/{rel}","templated":true}]}}

Frühstück mit den Grünen 60+

<p>Wir möchten euch herzlich zu unserem nächsten Treffen der Grünen 60+ im Kreisverband Main-Kinzig einladen. </p>



<p>Besonders freuen wir uns, dass die beiden Sprecher*innen der LAG 60+, <strong>Wolfgang Strengmann-Kuhn</strong> und <strong>Sabine Häuser-Eltgen</strong> mit dabei sind! Beim gemeinsamen Frühstück wollen wir wieder die Gelegenheit nutzen, uns auszutauschen und die aktuellen politischen Ereignisse zu diskutieren. Im Mittelpunkt unseres Treffens steht dieses Mal die bevorstehende Kommunalwahl.</p>



<p>Wir freuen uns auf euch!</p>



<p>Für eine bessere Planung, füllt bitte dieses Formular aus:</p>



<p></p>


<noscript class="ninja-forms-noscript-message">
	Upozornění: U tohoto obsahu je vyžadován JavaScript.</noscript>
<div id="nf-form-42-cont" class="nf-form-cont" aria-live="polite" aria-labelledby="nf-form-title-42" aria-describedby="nf-form-errors-42" role="form">

    <div class="nf-loading-spinner"></div>

</div>
        <!-- That data is being printed as a workaround to page builders reordering the order of the scripts loaded-->
        <script>var formDisplay=1;var nfForms=nfForms||[];var form=[];form.id='42';form.settings={"objectType":"Form Setting","editActive":false,"title":"Fr\u00fcst\u00fcck 60+ am 15.11.2025","show_title":1,"allow_public_link":0,"embed_form":"","clear_complete":1,"hide_complete":1,"default_label_pos":"above","wrapper_class":"","element_class":"","form_title_heading_level":"3","key":"","add_submit":1,"currency":"","unique_field_error":"A form with this value has already been submitted.","logged_in":false,"not_logged_in_msg":"","sub_limit_msg":"The form has reached its submission limit.","calculations":[],"formContentData":["vor-_und_nachname_1760008025875","ich_bringe_jemanden_mit_1760008674427","submit_1760008705708"],"public_link":"https:\/\/www.gruene-mkk.de\/ninja-forms\/42rffa","public_link_key":"42rffa","ninjaForms":"Ninja Forms","changeEmailErrorMsg":"Zadejte platnou e-mailovou adresu!","changeDateErrorMsg":"Pros\u00edm vlo\u017ete spr\u00e1vn\u00e9 datum!","confirmFieldErrorMsg":"Tato pole se mus\u00ed shodovat!","fieldNumberNumMinError":"Chyba minim\u00e1ln\u00ed hodnoty","fieldNumberNumMaxError":"Chyba maxim\u00e1ln\u00ed hodnoty","fieldNumberIncrementBy":"Pros\u00edm, zvy\u0161te o","fieldTextareaRTEInsertLink":"Vlo\u017eit odkaz","fieldTextareaRTEInsertMedia":"Vlo\u017ete medi\u00e1ln\u00ed soubor","fieldTextareaRTESelectAFile":"Vyberte soubor","formErrorsCorrectErrors":"P\u0159ed odesl\u00e1n\u00edm tohoto formul\u00e1\u0159e opravte chyby.","formHoneypot":"Pokud jste \u010dlov\u011bk, kter\u00fd vid\u00ed toto pole, nechte ho pros\u00edm pr\u00e1zdn\u00e9.","validateRequiredField":"Toto pole je povinn\u00e9.","honeypotHoneypotError":"Honeypot Error","fileUploadOldCodeFileUploadInProgress":"Prob\u00edh\u00e1 nahr\u00e1v\u00e1n\u00ed souboru.","fileUploadOldCodeFileUpload":"NAHR\u00c1T SOUBOR","currencySymbol":false,"fieldsMarkedRequired":"Pole ozna\u010den\u00e9 <span class=\"ninja-forms-req-symbol\">*<\/span> jsou povinn\u00e9","thousands_sep":".","decimal_point":",","siteLocale":"cs_CZ","dateFormat":"m\/d\/Y","startOfWeek":"1","of":"\/","previousMonth":"P\u0159edch\u00e1zej\u00edc\u00ed m\u011bs\u00edc","nextMonth":"P\u0159\u00ed\u0161t\u00ed m\u011bs\u00edc","months":["Leden","\u00danor","B\u0159ezen","Duben","Kv\u011bten","\u010cerven","\u010cervenec","Srpen","Z\u00e1\u0159\u00ed","\u0158\u00edjen","Listopad","Prosinec"],"monthsShort":["Led","\u00dano","B\u0159e","Dub","Kv\u011bten","\u010cvn","\u010cvc","Srp","Z\u00e1\u0159","\u0158\u00edj","Lis","Pro"],"weekdays":["Ned\u011ble","Pond\u011bl\u00ed","\u00dater\u00fd","St\u0159eda","\u010ctvrtek","P\u00e1tek","Sobota"],"weekdaysShort":["Ne","Po","\u00dat","St","\u010ct","P\u00e1","So"],"weekdaysMin":["Ne","Po","\u00dat","St","\u010ct","P\u00e1","So"],"recaptchaConsentMissing":"reCaptcha validation couldn&#039;t load.","recaptchaMissingCookie":"reCaptcha v3 validation couldn&#039;t load the cookie needed to submit the form.","recaptchaConsentEvent":"Accept reCaptcha cookies before sending the form.","currency_symbol":"","beforeForm":"","beforeFields":"","afterFields":"","afterForm":""};form.fields=[{"objectType":"Field","objectDomain":"fields","editActive":false,"order":999,"idAttribute":"id","type":"textbox","label":"Vor- und Nachname","key":"vor-_und_nachname_1760008025875","label_pos":"above","required":1,"default":"","placeholder":"","container_class":"","element_class":"","input_limit":"","input_limit_type":"characters","input_limit_msg":"Character(s) left","manual_key":false,"admin_label":"","help_text":"","mask":"","custom_mask":"","custom_name_attribute":"","personally_identifiable":"","value":"","drawerDisabled":false,"id":323,"beforeField":"","afterField":"","parentType":"textbox","element_templates":["textbox","input"],"old_classname":"","wrap_template":"wrap"},{"objectType":"Field","objectDomain":"fields","editActive":false,"order":999,"idAttribute":"id","type":"checkbox","label":"Ich bringe jemanden mit.","key":"ich_bringe_jemanden_mit_1760008674427","label_pos":"right","required":false,"container_class":"","element_class":"","manual_key":false,"admin_label":"","help_text":"","default_value":"unchecked","checked_value":"Checked","unchecked_value":"Unchecked","checked_calc_value":"","unchecked_calc_value":"","id":324,"beforeField":"","afterField":"","value":"","parentType":"checkbox","element_templates":["checkbox","input"],"old_classname":"","wrap_template":"wrap"},{"objectType":"Field","objectDomain":"fields","editActive":false,"order":9999,"idAttribute":"id","type":"submit","label":"Submit","processing_label":"Processing","container_class":"","element_class":"","key":"submit_1760008705708","admin_label":"","id":325,"beforeField":"","afterField":"","value":"","label_pos":"above","parentType":"textbox","element_templates":["submit","button","input"],"old_classname":"","wrap_template":"wrap-no-label"}];nfForms.push(form);</script>

<p>Wir möchten euch herzlich zu unserem nächsten Treffen der Grünen 60+ im Kreisverband Main-Kinzig einladen. Besonders freuen wir uns, dass die beiden Sprecher*innen der LAG 60+, Wolfgang Strengmann-Kuhn und Sabine [&hellip;]</p>
