{"id":2387,"date":"2024-10-09T15:55:10","date_gmt":"2024-10-09T13:55:10","guid":{"rendered":"https:\/\/www.gruene-mkk.de\/?post_type=sunflower_event&#038;p=2387"},"modified":"2024-10-09T15:55:11","modified_gmt":"2024-10-09T13:55:11","slug":"vortrag-und-gespraech-mit-baerbel-hoehn-lasst-uns-was-bewegen-ortsverband-hammersbach","status":"publish","type":"sunflower_event","link":"https:\/\/www.gruene-mkk.de\/cs\/termine\/vortrag-und-gespraech-mit-baerbel-hoehn-lasst-uns-was-bewegen-ortsverband-hammersbach\/","title":{"rendered":"Vortrag und Gespr\u00e4ch mit B\u00e4rbel H\u00f6hn &#8222;Lasst uns was bewegen&#8220; (Ortsverband Hammersbach)"},"content":{"rendered":"","protected":false},"excerpt":{"rendered":"","protected":false},"author":2,"featured_media":0,"comment_status":"closed","ping_status":"closed","template":"","sunflower_event_tag":[],"class_list":["post-2387","sunflower_event","type-sunflower_event","status-publish","hentry"],"_links":{"self":[{"href":"https:\/\/www.gruene-mkk.de\/cs\/wp-json\/wp\/v2\/sunflower_event\/2387","targetHints":{"allow":["GET"]}}],"collection":[{"href":"https:\/\/www.gruene-mkk.de\/cs\/wp-json\/wp\/v2\/sunflower_event"}],"about":[{"href":"https:\/\/www.gruene-mkk.de\/cs\/wp-json\/wp\/v2\/types\/sunflower_event"}],"author":[{"embeddable":true,"href":"https:\/\/www.gruene-mkk.de\/cs\/wp-json\/wp\/v2\/users\/2"}],"replies":[{"embeddable":true,"href":"https:\/\/www.gruene-mkk.de\/cs\/wp-json\/wp\/v2\/comments?post=2387"}],"wp:attachment":[{"href":"https:\/\/www.gruene-mkk.de\/cs\/wp-json\/wp\/v2\/media?parent=2387"}],"wp:term":[{"taxonomy":"sunflower_event_tag","embeddable":true,"href":"https:\/\/www.gruene-mkk.de\/cs\/wp-json\/wp\/v2\/sunflower_event_tag?post=2387"}],"curies":[{"name":"wp","href":"https:\/\/api.w.org\/{rel}","templated":true}]}}

Vortrag und Gespräch mit Bärbel Höhn &#8222;Lasst uns was bewegen&#8220; (Ortsverband Hammersbach)
