{"id":21,"date":"2021-11-09T12:34:02","date_gmt":"2021-11-09T11:34:02","guid":{"rendered":"https:\/\/www.alles-bleibt-anders.org\/?page_id=21"},"modified":"2025-12-23T10:25:10","modified_gmt":"2025-12-23T09:25:10","slug":"kreisvorstand","status":"publish","type":"page","link":"https:\/\/www.gruene-mkk.de\/cs\/partei\/kreisvorstand\/","title":{"rendered":"Okresn\u00ed rada \u0159editel\u016f"},"content":{"rendered":"<h2 class=\"wp-block-heading\">Na\u0161e okresn\u00ed rada<\/h2>\n\n\n\n<div class=\"wp-block-columns is-layout-flex wp-container-core-columns-is-layout-9d6595d7 wp-block-columns-is-layout-flex\">\n<div class=\"wp-block-column mb-md-4 is-layout-flow wp-block-column-is-layout-flow\">\n<div class=\"wp-block-columns is-layout-flex wp-container-core-columns-is-layout-9d6595d7 wp-block-columns-is-layout-flex\">\n<div class=\"wp-block-column is-layout-flow wp-block-column-is-layout-flow\">\n<div class=\"wp-block-media-text alignwide is-stacked-on-mobile person has-shadow\"><figure class=\"wp-block-media-text__media\"><img loading=\"lazy\" decoding=\"async\" width=\"800\" height=\"738\" src=\"https:\/\/www.gruene-mkk.de\/wp-content\/uploads\/2025\/08\/Text-auf-Bild-1-e1754409390553-800x738.png\" alt=\"\" class=\"wp-image-2863 size-full\" srcset=\"https:\/\/www.gruene-mkk.de\/wp-content\/uploads\/2025\/08\/Text-auf-Bild-1-e1754409390553-800x738.png 800w, https:\/\/www.gruene-mkk.de\/wp-content\/uploads\/2025\/08\/Text-auf-Bild-1-e1754409390553-400x369.png 400w, https:\/\/www.gruene-mkk.de\/wp-content\/uploads\/2025\/08\/Text-auf-Bild-1-e1754409390553-768x709.png 768w, https:\/\/www.gruene-mkk.de\/wp-content\/uploads\/2025\/08\/Text-auf-Bild-1-e1754409390553.png 997w\" sizes=\"auto, (max-width: 800px) 100vw, 800px\" \/><\/figure><div class=\"wp-block-media-text__content\">\n<p class=\"person-name has-large-font-size\"><strong>Anja Zellerov\u00e1<\/strong><\/p>\n\n\n\n<p class=\"person-description\">Spolumluv\u010d\u00ed<\/p>\n\n\n\n<p class=\"person-mail no-link\"><a href=\"#\" data-unscramble=\"ed.emanhcan.emanrov@liam\">anja.zeller@gruene-mkk.de<\/a><\/p>\n\n\n\n<p><\/p>\n<\/div><\/div>\n<\/div>\n\n\n\n<div class=\"wp-block-column is-layout-flow wp-block-column-is-layout-flow\">\n<div class=\"wp-block-media-text alignwide is-stacked-on-mobile person has-shadow\"><figure class=\"wp-block-media-text__media\"><img loading=\"lazy\" decoding=\"async\" width=\"800\" height=\"738\" src=\"https:\/\/www.gruene-mkk.de\/wp-content\/uploads\/2025\/08\/Text-auf-Bild-1-e1754409390553-800x738.png\" alt=\"\" class=\"wp-image-2863 size-full\" srcset=\"https:\/\/www.gruene-mkk.de\/wp-content\/uploads\/2025\/08\/Text-auf-Bild-1-e1754409390553-800x738.png 800w, https:\/\/www.gruene-mkk.de\/wp-content\/uploads\/2025\/08\/Text-auf-Bild-1-e1754409390553-400x369.png 400w, https:\/\/www.gruene-mkk.de\/wp-content\/uploads\/2025\/08\/Text-auf-Bild-1-e1754409390553-768x709.png 768w, https:\/\/www.gruene-mkk.de\/wp-content\/uploads\/2025\/08\/Text-auf-Bild-1-e1754409390553.png 997w\" sizes=\"auto, (max-width: 800px) 100vw, 800px\" \/><\/figure><div class=\"wp-block-media-text__content\">\n<p class=\"h4 has-large-font-size\"><strong>Philip Schinkel<\/strong><\/p>\n\n\n\n<p>Spolumluv\u010d\u00ed<\/p>\n\n\n\n<p class=\"no-link\"><a href=\"#\" data-unscramble=\"ed.leknihcspilihp@ollah\">hallo@philipschinkel.de<\/a><\/p>\n<\/div><\/div>\n\n\n\n<p><\/p>\n<\/div>\n\n\n\n<div class=\"wp-block-column is-layout-flow wp-block-column-is-layout-flow\">\n<div class=\"wp-block-media-text alignwide is-stacked-on-mobile person has-shadow\"><figure class=\"wp-block-media-text__media\"><img loading=\"lazy\" decoding=\"async\" width=\"800\" height=\"738\" src=\"https:\/\/www.gruene-mkk.de\/wp-content\/uploads\/2025\/08\/Text-auf-Bild-1-e1754409390553-800x738.png\" alt=\"\" class=\"wp-image-2863 size-full\" srcset=\"https:\/\/www.gruene-mkk.de\/wp-content\/uploads\/2025\/08\/Text-auf-Bild-1-e1754409390553-800x738.png 800w, https:\/\/www.gruene-mkk.de\/wp-content\/uploads\/2025\/08\/Text-auf-Bild-1-e1754409390553-400x369.png 400w, https:\/\/www.gruene-mkk.de\/wp-content\/uploads\/2025\/08\/Text-auf-Bild-1-e1754409390553-768x709.png 768w, https:\/\/www.gruene-mkk.de\/wp-content\/uploads\/2025\/08\/Text-auf-Bild-1-e1754409390553.png 997w\" sizes=\"auto, (max-width: 800px) 100vw, 800px\" \/><\/figure><div class=\"wp-block-media-text__content\">\n<p class=\"h4 has-large-font-size\"><strong>Beate Boegeov\u00e1-Sonnekov\u00e1<\/strong><\/p>\n\n\n\n<p>Okresn\u00ed pokladn\u00edk<\/p>\n\n\n\n<p><\/p>\n<\/div><\/div>\n\n\n\n<p><\/p>\n<\/div>\n<\/div>\n<\/div>\n<\/div>\n\n\n\n<div class=\"wp-block-columns is-layout-flex wp-container-core-columns-is-layout-9d6595d7 wp-block-columns-is-layout-flex\">\n<div class=\"wp-block-column mb-md-4 is-layout-flow wp-block-column-is-layout-flow\">\n<div class=\"wp-block-columns is-layout-flex wp-container-core-columns-is-layout-9d6595d7 wp-block-columns-is-layout-flex\">\n<div class=\"wp-block-column is-layout-flow wp-block-column-is-layout-flow\">\n<div class=\"wp-block-media-text alignwide is-stacked-on-mobile person has-shadow\"><figure class=\"wp-block-media-text__media\"><img loading=\"lazy\" decoding=\"async\" width=\"800\" height=\"738\" src=\"https:\/\/www.gruene-mkk.de\/wp-content\/uploads\/2025\/08\/Text-auf-Bild-1-e1754409390553-800x738.png\" alt=\"\" class=\"wp-image-2863 size-full\" srcset=\"https:\/\/www.gruene-mkk.de\/wp-content\/uploads\/2025\/08\/Text-auf-Bild-1-e1754409390553-800x738.png 800w, https:\/\/www.gruene-mkk.de\/wp-content\/uploads\/2025\/08\/Text-auf-Bild-1-e1754409390553-400x369.png 400w, https:\/\/www.gruene-mkk.de\/wp-content\/uploads\/2025\/08\/Text-auf-Bild-1-e1754409390553-768x709.png 768w, https:\/\/www.gruene-mkk.de\/wp-content\/uploads\/2025\/08\/Text-auf-Bild-1-e1754409390553.png 997w\" sizes=\"auto, (max-width: 800px) 100vw, 800px\" \/><\/figure><div class=\"wp-block-media-text__content\">\n<p class=\"person-name has-large-font-size\">Steve Euler<\/p>\n\n\n\n<p class=\"person-description\">spole\u010dn\u00e9 sedadlo<\/p>\n\n\n\n<p class=\"person-mail no-link\"><\/p>\n<\/div><\/div>\n<\/div>\n\n\n\n<div class=\"wp-block-column is-layout-flow wp-block-column-is-layout-flow\">\n\n\n<p><\/p>\n<\/div>\n\n\n\n<div class=\"wp-block-column is-layout-flow wp-block-column-is-layout-flow\">\n<div class=\"wp-block-media-text alignwide is-stacked-on-mobile person has-shadow\"><figure class=\"wp-block-media-text__media\"><img loading=\"lazy\" decoding=\"async\" width=\"800\" height=\"738\" src=\"https:\/\/www.gruene-mkk.de\/wp-content\/uploads\/2025\/08\/Text-auf-Bild-1-e1754409390553-800x738.png\" alt=\"\" class=\"wp-image-2863 size-full\" srcset=\"https:\/\/www.gruene-mkk.de\/wp-content\/uploads\/2025\/08\/Text-auf-Bild-1-e1754409390553-800x738.png 800w, https:\/\/www.gruene-mkk.de\/wp-content\/uploads\/2025\/08\/Text-auf-Bild-1-e1754409390553-400x369.png 400w, https:\/\/www.gruene-mkk.de\/wp-content\/uploads\/2025\/08\/Text-auf-Bild-1-e1754409390553-768x709.png 768w, https:\/\/www.gruene-mkk.de\/wp-content\/uploads\/2025\/08\/Text-auf-Bild-1-e1754409390553.png 997w\" sizes=\"auto, (max-width: 800px) 100vw, 800px\" \/><\/figure><div class=\"wp-block-media-text__content\">\n<p class=\"h4 has-large-font-size\"><strong><strong>Christine Dr\u00f6\u00dfler-Utechtov\u00e1<\/strong><\/strong><\/p>\n\n\n\n<p>hodnotitel<\/p>\n\n\n\n<p><\/p>\n<\/div><\/div>\n\n\n\n<p><\/p>\n<\/div>\n<\/div>\n<\/div>\n<\/div>\n\n\n\n<div class=\"wp-block-columns is-layout-flex wp-container-core-columns-is-layout-9d6595d7 wp-block-columns-is-layout-flex\">\n<div class=\"wp-block-column mb-md-4 is-layout-flow wp-block-column-is-layout-flow\">\n<div class=\"wp-block-columns is-layout-flex wp-container-core-columns-is-layout-9d6595d7 wp-block-columns-is-layout-flex\">\n<div class=\"wp-block-column is-layout-flow wp-block-column-is-layout-flow\">\n<div class=\"wp-block-media-text alignwide is-stacked-on-mobile person has-shadow\"><figure class=\"wp-block-media-text__media\"><img loading=\"lazy\" decoding=\"async\" width=\"800\" height=\"738\" src=\"https:\/\/www.gruene-mkk.de\/wp-content\/uploads\/2025\/08\/Text-auf-Bild-1-e1754409390553-800x738.png\" alt=\"\" class=\"wp-image-2863 size-full\" srcset=\"https:\/\/www.gruene-mkk.de\/wp-content\/uploads\/2025\/08\/Text-auf-Bild-1-e1754409390553-800x738.png 800w, https:\/\/www.gruene-mkk.de\/wp-content\/uploads\/2025\/08\/Text-auf-Bild-1-e1754409390553-400x369.png 400w, https:\/\/www.gruene-mkk.de\/wp-content\/uploads\/2025\/08\/Text-auf-Bild-1-e1754409390553-768x709.png 768w, https:\/\/www.gruene-mkk.de\/wp-content\/uploads\/2025\/08\/Text-auf-Bild-1-e1754409390553.png 997w\" sizes=\"auto, (max-width: 800px) 100vw, 800px\" \/><\/figure><div class=\"wp-block-media-text__content\">\n<p class=\"person-name has-large-font-size\">Luise \u0160n\u011brovac\u00ed boty<\/p>\n\n\n\n<p>Spolumluv\u010d\u00ed<\/p>\n\n\n\n<p class=\"person-description\">Zelen\u00e1 ml\u00e1de\u017e Main-Kinzig<\/p>\n\n\n\n<p class=\"person-mail no-link\"><a href=\"#\" data-unscramble=\"ed.kkm-eneurg@rereunhcs.esiul\">luise.schnuerer@gruene-mkk.de<\/a><\/p>\n<\/div><\/div>\n<\/div>\n\n\n\n<div class=\"wp-block-column is-layout-flow wp-block-column-is-layout-flow\">\n<div class=\"wp-block-media-text alignwide is-stacked-on-mobile person has-shadow\"><figure class=\"wp-block-media-text__media\"><img loading=\"lazy\" decoding=\"async\" width=\"800\" height=\"738\" src=\"https:\/\/www.gruene-mkk.de\/wp-content\/uploads\/2025\/08\/Text-auf-Bild-1-e1754409390553-800x738.png\" alt=\"\" class=\"wp-image-2863 size-full\" srcset=\"https:\/\/www.gruene-mkk.de\/wp-content\/uploads\/2025\/08\/Text-auf-Bild-1-e1754409390553-800x738.png 800w, https:\/\/www.gruene-mkk.de\/wp-content\/uploads\/2025\/08\/Text-auf-Bild-1-e1754409390553-400x369.png 400w, https:\/\/www.gruene-mkk.de\/wp-content\/uploads\/2025\/08\/Text-auf-Bild-1-e1754409390553-768x709.png 768w, https:\/\/www.gruene-mkk.de\/wp-content\/uploads\/2025\/08\/Text-auf-Bild-1-e1754409390553.png 997w\" sizes=\"auto, (max-width: 800px) 100vw, 800px\" \/><\/figure><div class=\"wp-block-media-text__content\">\n<p class=\"h4 has-large-font-size\"><strong>Lennart H\u00e4ringov\u00e1<\/strong><\/p>\n\n\n\n<p>Spolumluv\u010d\u00ed<\/p>\n\n\n\n<p>Zelen\u00e1 ml\u00e1de\u017e Main-Kinzig<\/p>\n\n\n\n<p class=\"no-link\"><a href=\"#\" data-unscramble=\"ed.kkm-eneurg@gnireah.trannel\">lennart.haering@gruene-mkk.de<\/a><\/p>\n<\/div><\/div>\n\n\n\n<p><\/p>\n<\/div>\n\n\n\n<div class=\"wp-block-column is-layout-flow wp-block-column-is-layout-flow\">\n<div class=\"wp-block-media-text alignwide is-stacked-on-mobile person has-shadow\"><figure class=\"wp-block-media-text__media\"><img loading=\"lazy\" decoding=\"async\" width=\"800\" height=\"738\" src=\"https:\/\/www.gruene-mkk.de\/wp-content\/uploads\/2025\/08\/Text-auf-Bild-1-e1754409390553-800x738.png\" alt=\"\" class=\"wp-image-2863 size-full\" srcset=\"https:\/\/www.gruene-mkk.de\/wp-content\/uploads\/2025\/08\/Text-auf-Bild-1-e1754409390553-800x738.png 800w, https:\/\/www.gruene-mkk.de\/wp-content\/uploads\/2025\/08\/Text-auf-Bild-1-e1754409390553-400x369.png 400w, https:\/\/www.gruene-mkk.de\/wp-content\/uploads\/2025\/08\/Text-auf-Bild-1-e1754409390553-768x709.png 768w, https:\/\/www.gruene-mkk.de\/wp-content\/uploads\/2025\/08\/Text-auf-Bild-1-e1754409390553.png 997w\" sizes=\"auto, (max-width: 800px) 100vw, 800px\" \/><\/figure><div class=\"wp-block-media-text__content\">\n<p class=\"h4 has-large-font-size\"><strong>Mahwish Iftikha<\/strong>r<\/p>\n\n\n\n<p>p\u0159edseda politick\u00e9 skupiny<\/p>\n\n\n\n<p class=\"no-link\"><a href=\"\/cs\/fraktion@gruene-mkk.de\/\">fraktion@gruene-mkk.de<\/a><\/p>\n<\/div><\/div>\n\n\n\n<p><\/p>\n<\/div>\n<\/div>\n<\/div>\n<\/div>","protected":false},"excerpt":{"rendered":"<p>Na\u0161e okresn\u00ed rada Anja Zeller Co-Speaker anja.zeller@gruene-mkk.de Philip Schinkel Co-Speaker hello@philipschinkel.de Beate Boege-Sonnek District Treasurer Steve Euler Spolup\u0159edsedkyn\u011b Matthias Kuponiyi-B\u00f6ff Spolup\u0159edsedkyn\u011b Christine Dr\u00f6\u00dfler-Utecht Spolup\u0159edsedkyn\u011b Luise Schn\u00fcrer Co-Speaker Green Youth Main-Kinzig luise.schnuerer@gruene-mkk.de Lennart [...]<\/p>","protected":false},"author":2,"featured_media":0,"parent":18,"menu_order":0,"comment_status":"closed","ping_status":"closed","template":"","meta":{"footnotes":""},"class_list":["post-21","page","type-page","status-publish","hentry"],"_links":{"self":[{"href":"https:\/\/www.gruene-mkk.de\/cs\/wp-json\/wp\/v2\/pages\/21","targetHints":{"allow":["GET"]}}],"collection":[{"href":"https:\/\/www.gruene-mkk.de\/cs\/wp-json\/wp\/v2\/pages"}],"about":[{"href":"https:\/\/www.gruene-mkk.de\/cs\/wp-json\/wp\/v2\/types\/page"}],"author":[{"embeddable":true,"href":"https:\/\/www.gruene-mkk.de\/cs\/wp-json\/wp\/v2\/users\/2"}],"replies":[{"embeddable":true,"href":"https:\/\/www.gruene-mkk.de\/cs\/wp-json\/wp\/v2\/comments?post=21"}],"version-history":[{"count":40,"href":"https:\/\/www.gruene-mkk.de\/cs\/wp-json\/wp\/v2\/pages\/21\/revisions"}],"predecessor-version":[{"id":3145,"href":"https:\/\/www.gruene-mkk.de\/cs\/wp-json\/wp\/v2\/pages\/21\/revisions\/3145"}],"up":[{"embeddable":true,"href":"https:\/\/www.gruene-mkk.de\/cs\/wp-json\/wp\/v2\/pages\/18"}],"wp:attachment":[{"href":"https:\/\/www.gruene-mkk.de\/cs\/wp-json\/wp\/v2\/media?parent=21"}],"curies":[{"name":"wp","href":"https:\/\/api.w.org\/{rel}","templated":true}]}}

Okresní rada ředitelů

<h2 class="wp-block-heading">Naše okresní rada</h2>



<div class="wp-block-columns is-layout-flex wp-container-core-columns-is-layout-9d6595d7 wp-block-columns-is-layout-flex">
<div class="wp-block-column mb-md-4 is-layout-flow wp-block-column-is-layout-flow">
<div class="wp-block-columns is-layout-flex wp-container-core-columns-is-layout-9d6595d7 wp-block-columns-is-layout-flex">
<div class="wp-block-column is-layout-flow wp-block-column-is-layout-flow">
<div class="wp-block-media-text alignwide is-stacked-on-mobile person has-shadow"><figure class="wp-block-media-text__media"><img loading="lazy" decoding="async" width="800" height="738" src="https://www.gruene-mkk.de/wp-content/uploads/2025/08/Text-auf-Bild-1-e1754409390553-800x738.png" alt="" class="wp-image-2863 size-full" srcset="https://www.gruene-mkk.de/wp-content/uploads/2025/08/Text-auf-Bild-1-e1754409390553-800x738.png 800w, https://www.gruene-mkk.de/wp-content/uploads/2025/08/Text-auf-Bild-1-e1754409390553-400x369.png 400w, https://www.gruene-mkk.de/wp-content/uploads/2025/08/Text-auf-Bild-1-e1754409390553-768x709.png 768w, https://www.gruene-mkk.de/wp-content/uploads/2025/08/Text-auf-Bild-1-e1754409390553.png 997w" sizes="auto, (max-width: 800px) 100vw, 800px" /></figure><div class="wp-block-media-text__content">
<p class="person-name has-large-font-size"><strong>Anja Zellerová</strong></p>



<p class="person-description">Spolumluvčí</p>



<p class="person-mail no-link"><a href="#" data-unscramble="ed.emanhcan.emanrov@liam">anja.zeller@gruene-mkk.de</a></p>



<p></p>
</div></div>
</div>



<div class="wp-block-column is-layout-flow wp-block-column-is-layout-flow">
<div class="wp-block-media-text alignwide is-stacked-on-mobile person has-shadow"><figure class="wp-block-media-text__media"><img loading="lazy" decoding="async" width="800" height="738" src="https://www.gruene-mkk.de/wp-content/uploads/2025/08/Text-auf-Bild-1-e1754409390553-800x738.png" alt="" class="wp-image-2863 size-full" srcset="https://www.gruene-mkk.de/wp-content/uploads/2025/08/Text-auf-Bild-1-e1754409390553-800x738.png 800w, https://www.gruene-mkk.de/wp-content/uploads/2025/08/Text-auf-Bild-1-e1754409390553-400x369.png 400w, https://www.gruene-mkk.de/wp-content/uploads/2025/08/Text-auf-Bild-1-e1754409390553-768x709.png 768w, https://www.gruene-mkk.de/wp-content/uploads/2025/08/Text-auf-Bild-1-e1754409390553.png 997w" sizes="auto, (max-width: 800px) 100vw, 800px" /></figure><div class="wp-block-media-text__content">
<p class="h4 has-large-font-size"><strong>Philip Schinkel</strong></p>



<p>Spolumluvčí</p>



<p class="no-link"><a href="#" data-unscramble="ed.leknihcspilihp@ollah">hallo@philipschinkel.de</a></p>
</div></div>



<p></p>
</div>



<div class="wp-block-column is-layout-flow wp-block-column-is-layout-flow">
<div class="wp-block-media-text alignwide is-stacked-on-mobile person has-shadow"><figure class="wp-block-media-text__media"><img loading="lazy" decoding="async" width="800" height="738" src="https://www.gruene-mkk.de/wp-content/uploads/2025/08/Text-auf-Bild-1-e1754409390553-800x738.png" alt="" class="wp-image-2863 size-full" srcset="https://www.gruene-mkk.de/wp-content/uploads/2025/08/Text-auf-Bild-1-e1754409390553-800x738.png 800w, https://www.gruene-mkk.de/wp-content/uploads/2025/08/Text-auf-Bild-1-e1754409390553-400x369.png 400w, https://www.gruene-mkk.de/wp-content/uploads/2025/08/Text-auf-Bild-1-e1754409390553-768x709.png 768w, https://www.gruene-mkk.de/wp-content/uploads/2025/08/Text-auf-Bild-1-e1754409390553.png 997w" sizes="auto, (max-width: 800px) 100vw, 800px" /></figure><div class="wp-block-media-text__content">
<p class="h4 has-large-font-size"><strong>Beate Boegeová-Sonneková</strong></p>



<p>Okresní pokladník</p>



<p></p>
</div></div>



<p></p>
</div>
</div>
</div>
</div>



<div class="wp-block-columns is-layout-flex wp-container-core-columns-is-layout-9d6595d7 wp-block-columns-is-layout-flex">
<div class="wp-block-column mb-md-4 is-layout-flow wp-block-column-is-layout-flow">
<div class="wp-block-columns is-layout-flex wp-container-core-columns-is-layout-9d6595d7 wp-block-columns-is-layout-flex">
<div class="wp-block-column is-layout-flow wp-block-column-is-layout-flow">
<div class="wp-block-media-text alignwide is-stacked-on-mobile person has-shadow"><figure class="wp-block-media-text__media"><img loading="lazy" decoding="async" width="800" height="738" src="https://www.gruene-mkk.de/wp-content/uploads/2025/08/Text-auf-Bild-1-e1754409390553-800x738.png" alt="" class="wp-image-2863 size-full" srcset="https://www.gruene-mkk.de/wp-content/uploads/2025/08/Text-auf-Bild-1-e1754409390553-800x738.png 800w, https://www.gruene-mkk.de/wp-content/uploads/2025/08/Text-auf-Bild-1-e1754409390553-400x369.png 400w, https://www.gruene-mkk.de/wp-content/uploads/2025/08/Text-auf-Bild-1-e1754409390553-768x709.png 768w, https://www.gruene-mkk.de/wp-content/uploads/2025/08/Text-auf-Bild-1-e1754409390553.png 997w" sizes="auto, (max-width: 800px) 100vw, 800px" /></figure><div class="wp-block-media-text__content">
<p class="person-name has-large-font-size">Steve Euler</p>



<p class="person-description">společné sedadlo</p>



<p class="person-mail no-link"></p>
</div></div>
</div>



<div class="wp-block-column is-layout-flow wp-block-column-is-layout-flow">


<p></p>
</div>



<div class="wp-block-column is-layout-flow wp-block-column-is-layout-flow">
<div class="wp-block-media-text alignwide is-stacked-on-mobile person has-shadow"><figure class="wp-block-media-text__media"><img loading="lazy" decoding="async" width="800" height="738" src="https://www.gruene-mkk.de/wp-content/uploads/2025/08/Text-auf-Bild-1-e1754409390553-800x738.png" alt="" class="wp-image-2863 size-full" srcset="https://www.gruene-mkk.de/wp-content/uploads/2025/08/Text-auf-Bild-1-e1754409390553-800x738.png 800w, https://www.gruene-mkk.de/wp-content/uploads/2025/08/Text-auf-Bild-1-e1754409390553-400x369.png 400w, https://www.gruene-mkk.de/wp-content/uploads/2025/08/Text-auf-Bild-1-e1754409390553-768x709.png 768w, https://www.gruene-mkk.de/wp-content/uploads/2025/08/Text-auf-Bild-1-e1754409390553.png 997w" sizes="auto, (max-width: 800px) 100vw, 800px" /></figure><div class="wp-block-media-text__content">
<p class="h4 has-large-font-size"><strong><strong>Christine Drößler-Utechtová</strong></strong></p>



<p>hodnotitel</p>



<p></p>
</div></div>



<p></p>
</div>
</div>
</div>
</div>



<div class="wp-block-columns is-layout-flex wp-container-core-columns-is-layout-9d6595d7 wp-block-columns-is-layout-flex">
<div class="wp-block-column mb-md-4 is-layout-flow wp-block-column-is-layout-flow">
<div class="wp-block-columns is-layout-flex wp-container-core-columns-is-layout-9d6595d7 wp-block-columns-is-layout-flex">
<div class="wp-block-column is-layout-flow wp-block-column-is-layout-flow">
<div class="wp-block-media-text alignwide is-stacked-on-mobile person has-shadow"><figure class="wp-block-media-text__media"><img loading="lazy" decoding="async" width="800" height="738" src="https://www.gruene-mkk.de/wp-content/uploads/2025/08/Text-auf-Bild-1-e1754409390553-800x738.png" alt="" class="wp-image-2863 size-full" srcset="https://www.gruene-mkk.de/wp-content/uploads/2025/08/Text-auf-Bild-1-e1754409390553-800x738.png 800w, https://www.gruene-mkk.de/wp-content/uploads/2025/08/Text-auf-Bild-1-e1754409390553-400x369.png 400w, https://www.gruene-mkk.de/wp-content/uploads/2025/08/Text-auf-Bild-1-e1754409390553-768x709.png 768w, https://www.gruene-mkk.de/wp-content/uploads/2025/08/Text-auf-Bild-1-e1754409390553.png 997w" sizes="auto, (max-width: 800px) 100vw, 800px" /></figure><div class="wp-block-media-text__content">
<p class="person-name has-large-font-size">Luise Šněrovací boty</p>



<p>Spolumluvčí</p>



<p class="person-description">Zelená mládež Main-Kinzig</p>



<p class="person-mail no-link"><a href="#" data-unscramble="ed.kkm-eneurg@rereunhcs.esiul">luise.schnuerer@gruene-mkk.de</a></p>
</div></div>
</div>



<div class="wp-block-column is-layout-flow wp-block-column-is-layout-flow">
<div class="wp-block-media-text alignwide is-stacked-on-mobile person has-shadow"><figure class="wp-block-media-text__media"><img loading="lazy" decoding="async" width="800" height="738" src="https://www.gruene-mkk.de/wp-content/uploads/2025/08/Text-auf-Bild-1-e1754409390553-800x738.png" alt="" class="wp-image-2863 size-full" srcset="https://www.gruene-mkk.de/wp-content/uploads/2025/08/Text-auf-Bild-1-e1754409390553-800x738.png 800w, https://www.gruene-mkk.de/wp-content/uploads/2025/08/Text-auf-Bild-1-e1754409390553-400x369.png 400w, https://www.gruene-mkk.de/wp-content/uploads/2025/08/Text-auf-Bild-1-e1754409390553-768x709.png 768w, https://www.gruene-mkk.de/wp-content/uploads/2025/08/Text-auf-Bild-1-e1754409390553.png 997w" sizes="auto, (max-width: 800px) 100vw, 800px" /></figure><div class="wp-block-media-text__content">
<p class="h4 has-large-font-size"><strong>Lennart Häringová</strong></p>



<p>Spolumluvčí</p>



<p>Zelená mládež Main-Kinzig</p>



<p class="no-link"><a href="#" data-unscramble="ed.kkm-eneurg@gnireah.trannel">lennart.haering@gruene-mkk.de</a></p>
</div></div>



<p></p>
</div>



<div class="wp-block-column is-layout-flow wp-block-column-is-layout-flow">
<div class="wp-block-media-text alignwide is-stacked-on-mobile person has-shadow"><figure class="wp-block-media-text__media"><img loading="lazy" decoding="async" width="800" height="738" src="https://www.gruene-mkk.de/wp-content/uploads/2025/08/Text-auf-Bild-1-e1754409390553-800x738.png" alt="" class="wp-image-2863 size-full" srcset="https://www.gruene-mkk.de/wp-content/uploads/2025/08/Text-auf-Bild-1-e1754409390553-800x738.png 800w, https://www.gruene-mkk.de/wp-content/uploads/2025/08/Text-auf-Bild-1-e1754409390553-400x369.png 400w, https://www.gruene-mkk.de/wp-content/uploads/2025/08/Text-auf-Bild-1-e1754409390553-768x709.png 768w, https://www.gruene-mkk.de/wp-content/uploads/2025/08/Text-auf-Bild-1-e1754409390553.png 997w" sizes="auto, (max-width: 800px) 100vw, 800px" /></figure><div class="wp-block-media-text__content">
<p class="h4 has-large-font-size"><strong>Mahwish Iftikha</strong>r</p>



<p>předseda politické skupiny</p>



<p class="no-link"><a href="/cs/fraktion@gruene-mkk.de/">fraktion@gruene-mkk.de</a></p>
</div></div>



<p></p>
</div>
</div>
</div>
</div>

<p>Naše okresní rada Anja Zeller Co-Speaker anja.zeller@gruene-mkk.de Philip Schinkel Co-Speaker hello@philipschinkel.de Beate Boege-Sonnek District Treasurer Steve Euler Spolupředsedkyně Matthias Kuponiyi-Böff Spolupředsedkyně Christine Drößler-Utecht Spolupředsedkyně Luise Schnürer Co-Speaker Green Youth Main-Kinzig luise.schnuerer@gruene-mkk.de Lennart [...]</p>
